{"id":9746,"date":"2024-10-21T07:45:07","date_gmt":"2024-10-21T05:45:07","guid":{"rendered":"https:\/\/www.netgear.com\/fr\/hub\/?page_id=9746"},"modified":"2025-09-15T15:37:22","modified_gmt":"2025-09-15T13:37:22","slug":"wifi6e-wifi7-connectivite","status":"publish","type":"page","link":"https:\/\/frhub.netgear.com\/fr\/hub\/wifi\/routers\/wifi6e-wifi7-connectivite\/","title":{"rendered":"D\u00e9couvrez la nouvelle g\u00e9n\u00e9ration de connectivit\u00e9 : WiFi 6E et WiFi 7"},"content":{"rendered":"<p><span style=\"vertical-align: inherit;\"><span style=\"vertical-align: inherit;\">    <div class=\"table-of-content bg-gray\">\n        <p><strong>IN THIS ARTICLE<\/strong><\/p>\n        <ul>\n                        <li><a href=\"#topic1\">Pr\u00e9sentation de WiFi 6E et WiFi 7<\/a><\/li>\n                        <li><a href=\"#topic2\">Diff\u00e9rences entre WiFi 6 et WiFi 6E<\/a><\/li>\n                        <li><a href=\"#topic3\">Diff\u00e9rences entre WiFi 6E et WiFi 7<\/a><\/li>\n                        <li><a href=\"#topic4\">R\u00e9volutionner le WiFi : l'avenir avec WiFi 6E et WiFi 7<\/a><\/li>\n                        <li><a href=\"#topic5\">Pourquoi choisir NETGEAR pour WiFi 6E et WiFi 7 ?<\/a><\/li>\n                    <\/ul>\n    <\/div>\n        <div id=\"topic1\" class=\"skip-item\">\n                        <h2>Pr\u00e9sentation de WiFi 6E et WiFi 7<\/h2>\n                <p><span style=\"vertical-align: inherit\"><span style=\"vertical-align: inherit\">WiFi technology has become essential for work, home, and on the go. The WiFi industry is leveraging existing WiFi 6E technologies and the features of the new WiFi 7 to create fast, stable, and reliable wireless devices for large home networks. WiFi took the world by storm when it was first introduced, with consumers and businesses realizing the benefits of improved internet connectivity and capacity.<\/span><\/span><\/p>\n<p><span style=\"vertical-align: inherit\"><span style=\"vertical-align: inherit\">WiFi 5, introduced in 2014, was a huge leap forward. WiFi 6 took the industry even further, and then <a href=\"https:\/\/www.netgear.com\/fr\/hub\/wifi\/routers\/wifi-6e-pour-la-generation-de-ma-soeur\/\">WiFi 6E<\/a> came along to shake up the industry with the 6GHz band. Which brings us to the latest WiFi standard, WiFi 7, which delivers next-gen performance for streaming, gaming, conferencing, and more. Introduced in September 2023 and also known as IEEE 802.11be, WiFi 7 delivers faster speeds and less interference for today\u2019s bandwidth-hungry devices.<\/span><\/span><\/p>\n<p><img loading=\"lazy\" decoding=\"async\" class=\"wp-image-9282 aligncenter\" src=\"https:\/\/www.netgear.com\/fr\/hub\/wp-content\/uploads\/2023\/12\/wifi-6e-frequency-500x500-1-300x300.jpg\" alt=\"\" width=\"482\" height=\"482\" srcset=\"https:\/\/frhub.netgear.com\/fr\/hub\/wp-content\/uploads\/2023\/12\/wifi-6e-frequency-500x500-1-300x300.jpg 300w, https:\/\/frhub.netgear.com\/fr\/hub\/wp-content\/uploads\/2023\/12\/wifi-6e-frequency-500x500-1-150x150.jpg 150w, https:\/\/frhub.netgear.com\/fr\/hub\/wp-content\/uploads\/2023\/12\/wifi-6e-frequency-500x500-1-425x425.jpg 425w, https:\/\/frhub.netgear.com\/fr\/hub\/wp-content\/uploads\/2023\/12\/wifi-6e-frequency-500x500-1.jpg 500w\" sizes=\"auto, (max-width: 482px) 100vw, 482px\" \/><\/p>\n    <\/div>\n        <div id=\"topic2\" class=\"skip-item\">\n                        <h2>Diff\u00e9rences entre WiFi 6 et WiFi 6E<\/h2>\n                <p><span style=\"vertical-align: inherit\"><span style=\"vertical-align: inherit\">Although WiFi 6 is only one generation of WiFi away from <\/span><\/span><a href=\"https:\/\/www.netgear.com\/fr\/hub\/technology\/wifi7-disponibilite-france\/\"><span style=\"vertical-align: inherit\"><span style=\"vertical-align: inherit\">WiFi 7<\/span><\/span><\/a><span style=\"vertical-align: inherit\"><span style=\"vertical-align: inherit\"> , the improvements offered by WiFi 7 are attractive. However, WiFi 6 can also comfortably meet the demand for Internet access in most French homes. <\/span><\/span><a href=\"https:\/\/www.netgear.com\/fr\/hub\/wifi\/routers\/difference-entre-wifi-6-et-wifi-6e\/\"><span style=\"vertical-align: inherit\"><span style=\"vertical-align: inherit\">WiFi 6E offers a range of improvements over WiFi 6<\/span><\/span><\/a><span style=\"vertical-align: inherit\"><span style=\"vertical-align: inherit\"> , including:<\/span><\/span><\/p>\n<ul>\n<li><span style=\"vertical-align: inherit\"><span style=\"vertical-align: inherit\">WiFi 6E creates a fast lane for compatible devices and apps, resulting in gigabit speeds and reduced latency.<\/span><\/span><\/li>\n<li><span style=\"vertical-align: inherit\"><span style=\"vertical-align: inherit\">The 6 GHz frequency band allows new channels to be added to the WiFi spectrum.<\/span><\/span><\/li>\n<li><span style=\"vertical-align: inherit\"><span style=\"vertical-align: inherit\">WiFi 6 devices are limited to the 2.4 GHz and 5 GHz bands, while WiFi 6E devices also have access to 6 GHz airwaves.<\/span><\/span><\/li>\n<\/ul>\n    <\/div>\n        <div id=\"topic3\" class=\"skip-item\">\n                        <h2>Diff\u00e9rences entre WiFi 6E et WiFi 7<\/h2>\n                <p><span style=\"vertical-align: inherit\"><span style=\"vertical-align: inherit\">WiFi 7 is a major step up from <\/span><\/span><a href=\"https:\/\/www.netgear.com\/fr\/hub\/wifi\/routers\/10-gbps-wifi-7-et-wifi-6e\/\"><span style=\"vertical-align: inherit\"><span style=\"vertical-align: inherit\">WiFi 6E<\/span><\/span><\/a><span style=\"vertical-align: inherit\"><span style=\"vertical-align: inherit\"> in almost every way, including speed, latency, and reliability. WiFi 7 introduces virtual reality, real-time conferencing, and multiplayer gaming. With NETGEAR Orbi WiFi 7, you can set up a smart home home network, guest network, and IoT network for over 200 devices, all fully protected by NETGEAR Armor and VPN.<\/span><\/span><\/p>\n<ul>\n<li><span style=\"vertical-align: inherit\"><span style=\"vertical-align: inherit\">WiFi 7 allows speeds of up to 27Gbps.<\/span><\/span><\/li>\n<li><span style=\"vertical-align: inherit\"><span style=\"vertical-align: inherit\">Multiple wireless and wired WiFi 7 access points.<\/span><\/span><\/li>\n<li><span style=\"vertical-align: inherit\"><span style=\"vertical-align: inherit\">WiFi 7 mesh systems reach upstairs and downstairs, from the front door to the backyard.<\/span><\/span><\/li>\n<li><span style=\"vertical-align: inherit\"><span style=\"vertical-align: inherit\">WiFi 7 increases quadrature amplitude modulation (QAM) to 4K-QAM.<\/span><\/span><\/li>\n<li><span style=\"vertical-align: inherit\"><span style=\"vertical-align: inherit\">The number of channels in MHz is doubled, going from 160 to 320.<\/span><\/span><\/li>\n<li><span style=\"vertical-align: inherit\"><span style=\"vertical-align: inherit\">Orbi 970 WiFi 7 includes Dedicated Backhaul mechanism.<\/span><\/span><\/li>\n<\/ul>\n<div class=\"explore-btn-area\"><a class=\"explore-btn\" href=\"https:\/\/www.netgear.com\/fr\/home\/wifi\/mesh\/find-my-orbi\/\">Trouver mon Orbi<\/a><\/div>\n<p>La bande passante du WiFi 7 est comparable \u00e0 une voie rapide \u00e0 plusieurs voies, compar\u00e9e \u00e0 l&#8217;encombrement de la bande passante parfois constat\u00e9 avec les normes WiFi ant\u00e9rieures. N\u00e9anmoins, le WiFi 6E est un puissant WiFi tri-bande qui peut r\u00e9pondre aux demandes de connexion sans fil des familles fran\u00e7aises ordinaires. Les derniers appareils de mise en r\u00e9seau \u00e0 faible latence et \u00e0 forte intensit\u00e9 de donn\u00e9es ont besoin de connexions multi-gigabits que le WiFi 6E et le WiFi 7 peuvent fournir.<\/p>\n<p>Les avanc\u00e9es en termes de vitesse du WiFi 7 sont ind\u00e9niables, rendant ces syst\u00e8mes tri-bandes et quadri-bandes parfaits pour les jeux, le streaming et le travail \u00e0 distance. NETGEAR Orbi WiFi 6E et WiFi 7 peuvent g\u00e9rer plusieurs appareils de mani\u00e8re transparente, avec des protocoles de cryptage et de s\u00e9curit\u00e9 am\u00e9lior\u00e9s.<\/p>\n<p><img loading=\"lazy\" decoding=\"async\" class=\"wp-image-9706 aligncenter\" src=\"https:\/\/www.netgear.com\/fr\/hub\/wp-content\/uploads\/2024\/10\/gettyimages-1296342007-612x612-1-300x200.jpg\" alt=\"\" width=\"659\" height=\"439\" srcset=\"https:\/\/frhub.netgear.com\/fr\/hub\/wp-content\/uploads\/2024\/10\/gettyimages-1296342007-612x612-1-300x200.jpg 300w, https:\/\/frhub.netgear.com\/fr\/hub\/wp-content\/uploads\/2024\/10\/gettyimages-1296342007-612x612-1.jpg 612w\" sizes=\"auto, (max-width: 659px) 100vw, 659px\" \/><\/p>\n<h2>WiFi 6E et WiFi 7 : plus qu&#8217;une simple connexion<\/h2>\n<p>Compte tenu du grand nombre d&#8217;appareils \u00e0 connecter, le syst\u00e8me WiFi que vous choisissez devrait \u00eatre un choix de style de vie, et pas seulement une n\u00e9cessit\u00e9. Les connexions sans fil (et filaires) sont utilis\u00e9es pour le travail, l&#8217;\u00e9ducation, le divertissement, les jeux et la d\u00e9tente, ce qui fait de WiFi 6E et WiFi 7 plus que de simples options de connexion. Il est possible d&#8217;\u00e9tablir diff\u00e9rents r\u00e9seaux WiFi domestiques, y compris l&#8217;int\u00e9gration d&#8217;appareils IoT. WiFi 7 est le r\u00e9seau de niveau sup\u00e9rieur pour une meilleure exp\u00e9rience utilisateur dans les activit\u00e9s quotidiennes. Les syst\u00e8mes WiFi maill\u00e9s NETGEAR Orbi vous donnent la possibilit\u00e9 de rendre la vie plus facile et plus agr\u00e9able.<\/p>\n    <\/div>\n        <div id=\"topic4\" class=\"skip-item\">\n                        <h2>R\u00e9volutionner le WiFi : l'avenir avec WiFi 6E et WiFi 7<\/h2>\n                <p>Le WiFi 6E partage de nombreuses caract\u00e9ristiques du WiFi 6, \u00e0 une exception pr\u00e8s. Les routeurs WiFi 6E ont introduit le spectre 6GHz, ouvrant ainsi la voie \u00e0 des d\u00e9bits et des vitesses de transmission ultra-rapides pour les appareils, les routeurs et les r\u00e9seaux sans fil WiFi. WiFi 7, la derni\u00e8re norme de l&#8217;Alliance WiFi, utilise les meilleures innovations et am\u00e9liorations de WiFi 6\/6E telles que MU-MIMO et OFDMA, ainsi que les am\u00e9liorations technologiques de pointe de WiFi 7 telles que :<\/p>\n<ul>\n<li>WiFi 7 : des vitesses r\u00e9elles jusqu&#8217;\u00e0 27 Gbps.<\/li>\n<li>2,4 fois plus rapide que le WiFi 6.<\/li>\n<li>Couverture WiFi \u00e0 360\u00b0 dans toute la maison.<\/li>\n<li>Ports Internet et LAN Ethernet \u00e0 10 Gbps.<\/li>\n<li>Fonctionnement multi-link pour envoyer et recevoir simultan\u00e9ment des donn\u00e9es sur plusieurs canaux.<\/li>\n<li>4K-QAM pour augmenter les d\u00e9bits de pointe, accro\u00eetre le d\u00e9bit et am\u00e9liorer la capacit\u00e9.<\/li>\n<li>Capacit\u00e9 r\u00e9seau \u00e0 haut d\u00e9bit pour plus de 200 appareils clients.<\/li>\n<li>S\u00e9curit\u00e9 crypt\u00e9e WPA3 avec VPN.<\/li>\n<li>R\u00e9trocompatibilit\u00e9 avec les anciens appareils WiFi.<\/li>\n<\/ul>\n<p><span style=\"vertical-align: inherit\"><span style=\"vertical-align: inherit\">WiFi 6E and WiFi 7 are future-proofed for the next decade. There are dozens of real-world applications and benefits of WiFi 6E and WiFi 7 for work and play. Quad-band WiFi opens up new possibilities for virtual reality (VR), augmented reality (AR), high-definition gaming and streaming, real-time commerce, audio-video entertainment, and more.<\/span><\/span><\/p>\n    <\/div>\n        <div id=\"topic5\" class=\"skip-item\">\n                        <h2>Pourquoi choisir NETGEAR pour WiFi 6E et WiFi 7 ?<\/h2>\n                <p><span style=\"vertical-align: inherit\"><span style=\"vertical-align: inherit\">NETGEAR\u2019s extensive WiFi 6E and WiFi 7 product lineup has something for every type of home. Our product lineup is unmatched, with features and innovations that set NETGEAR apart from the competition. Our unwavering commitment to quality and capability continues with our latest Orbi and Nighthawk routers and mesh systems.<\/span><\/span><\/p>\n<p><span style=\"vertical-align: inherit\"><span style=\"vertical-align: inherit\"><div class=\"explore-btn-area\"><a class=\"explore-btn\" href=\"https:\/\/www.netgear.com\/fr\/home\/wifi\/mesh\/rbe973s\/\">BUY ORBI 970<\/a><\/div> <\/span><\/span><br \/>\n<span style=\"vertical-align: inherit\"><span style=\"vertical-align: inherit\"><div class=\"explore-btn-area\"><a class=\"explore-btn\" href=\"https:\/\/www.netgear.com\/fr\/home\/wifi\/mesh\/rbe773\/\">BUY ORBI 770<\/a><\/div> <\/span><\/span><br \/>\n<span style=\"vertical-align: inherit\"><span style=\"vertical-align: inherit\"><div class=\"explore-btn-area\"><a class=\"explore-btn\" href=\"https:\/\/www.netgear.com\/fr\/home\/wifi\/routers\/rs700s\/\">BUY NETGEAR Nighthawk RS700S Router<\/a><\/div> <\/span><\/span><br \/>\n<span style=\"vertical-align: inherit\"><span style=\"vertical-align: inherit\"><div class=\"explore-btn-area\"><a class=\"explore-btn\" href=\"https:\/\/www.netgear.com\/fr\/home\/wifi\/routers\/rs300\/\">BUY NETGEAR Nighthawk RS300 Router<\/a><\/div><\/span><\/span><\/p>\n<p><span style=\"vertical-align: inherit\"><span style=\"vertical-align: inherit\">NETGEAR has been the industry leader since the advent of WiFi networking in the 1990s. Today, the quality and range of NETGEAR devices are unmatched. There\u2019s a NETGEAR WiFi 6E or WiFi 7 router or mesh system for every price point, making it easy for everyone to enjoy the best WiFi on the planet. Discover NETGEAR online and at leading WiFi retailers and transform your lifestyle by taking a leap into the future of networking.<\/span><\/span><\/p>\n    <\/div>\n    <\/span><\/span><\/p>\n","protected":false},"excerpt":{"rendered":"","protected":false},"author":68,"featured_media":10928,"parent":6752,"menu_order":0,"comment_status":"closed","ping_status":"closed","template":"templates\/mesh-vs-wifi.php","meta":{"_acf_changed":false,"content-type":"","footnotes":""},"class_list":["post-9746","page","type-page","status-publish","has-post-thumbnail","hentry"],"acf":[],"yoast_head":"<!-- This site is optimized with the Yoast SEO plugin v27.5 - https:\/\/yoast.com\/product\/yoast-seo-wordpress\/ -->\n<title>D\u00e9couvrez WiFi 6E et WiFi 7 : Performances et Vitesse Ultimes<\/title>\n<meta name=\"description\" content=\"Explorez les avantages du WiFi 6E et WiFi 7 avec NETGEAR. D\u00e9couvrez les vitesses ultra-rapides, faible latence et les appareils Orbi et Nighthawk compatibles pour une connectivit\u00e9 avanc\u00e9e.\" \/>\n<meta name=\"robots\" content=\"index, follow, max-snippet:-1, max-image-preview:large, max-video-preview:-1\" \/>\n<link rel=\"canonical\" href=\"https:\/\/frhub.netgear.com\/fr\/hub\/wifi\/routers\/wifi6e-wifi7-connectivite\/\" \/>\n<meta property=\"og:locale\" content=\"en_US\" \/>\n<meta property=\"og:type\" content=\"article\" \/>\n<meta property=\"og:title\" content=\"D\u00e9couvrez WiFi 6E et WiFi 7 : Performances et Vitesse Ultimes\" \/>\n<meta property=\"og:description\" content=\"Explorez les avantages du WiFi 6E et WiFi 7 avec NETGEAR. D\u00e9couvrez les vitesses ultra-rapides, faible latence et les appareils Orbi et Nighthawk compatibles pour une connectivit\u00e9 avanc\u00e9e.\" \/>\n<meta property=\"og:url\" content=\"https:\/\/frhub.netgear.com\/fr\/hub\/wifi\/routers\/wifi6e-wifi7-connectivite\/\" \/>\n<meta property=\"og:site_name\" content=\"NETGEAR Blog\" \/>\n<meta property=\"article:publisher\" content=\"https:\/\/www.facebook.com\/NetgearAU\/\" \/>\n<meta property=\"article:modified_time\" content=\"2025-09-15T13:37:22+00:00\" \/>\n<meta property=\"og:image\" content=\"https:\/\/frhub.netgear.com\/fr\/hub\/wp-content\/uploads\/2025\/09\/vignette-nouvellegeneration.png\" \/>\n\t<meta property=\"og:image:width\" content=\"612\" \/>\n\t<meta property=\"og:image:height\" content=\"408\" \/>\n\t<meta property=\"og:image:type\" content=\"image\/png\" \/>\n<meta name=\"twitter:card\" content=\"summary_large_image\" \/>\n<meta name=\"twitter:site\" content=\"@NETGEAR\" \/>\n<script type=\"application\/ld+json\" class=\"yoast-schema-graph\">{\"@context\":\"https:\\\/\\\/schema.org\",\"@graph\":[{\"@type\":\"WebPage\",\"@id\":\"https:\\\/\\\/frhub.netgear.com\\\/fr\\\/hub\\\/wifi\\\/routers\\\/wifi6e-wifi7-connectivite\\\/\",\"url\":\"https:\\\/\\\/frhub.netgear.com\\\/fr\\\/hub\\\/wifi\\\/routers\\\/wifi6e-wifi7-connectivite\\\/\",\"name\":\"D\u00e9couvrez WiFi 6E et WiFi 7 : Performances et Vitesse Ultimes\",\"isPartOf\":{\"@id\":\"https:\\\/\\\/frhub.netgear.com\\\/fr\\\/hub\\\/#website\"},\"primaryImageOfPage\":{\"@id\":\"https:\\\/\\\/frhub.netgear.com\\\/fr\\\/hub\\\/wifi\\\/routers\\\/wifi6e-wifi7-connectivite\\\/#primaryimage\"},\"image\":{\"@id\":\"https:\\\/\\\/frhub.netgear.com\\\/fr\\\/hub\\\/wifi\\\/routers\\\/wifi6e-wifi7-connectivite\\\/#primaryimage\"},\"thumbnailUrl\":\"https:\\\/\\\/frhub.netgear.com\\\/fr\\\/hub\\\/wp-content\\\/uploads\\\/2025\\\/09\\\/vignette-nouvellegeneration.png\",\"datePublished\":\"2024-10-21T05:45:07+00:00\",\"dateModified\":\"2025-09-15T13:37:22+00:00\",\"description\":\"Explorez les avantages du WiFi 6E et WiFi 7 avec NETGEAR. D\u00e9couvrez les vitesses ultra-rapides, faible latence et les appareils Orbi et Nighthawk compatibles pour une connectivit\u00e9 avanc\u00e9e.\",\"breadcrumb\":{\"@id\":\"https:\\\/\\\/frhub.netgear.com\\\/fr\\\/hub\\\/wifi\\\/routers\\\/wifi6e-wifi7-connectivite\\\/#breadcrumb\"},\"inLanguage\":\"en-US\",\"potentialAction\":[{\"@type\":\"ReadAction\",\"target\":[\"https:\\\/\\\/frhub.netgear.com\\\/fr\\\/hub\\\/wifi\\\/routers\\\/wifi6e-wifi7-connectivite\\\/\"]}]},{\"@type\":\"ImageObject\",\"inLanguage\":\"en-US\",\"@id\":\"https:\\\/\\\/frhub.netgear.com\\\/fr\\\/hub\\\/wifi\\\/routers\\\/wifi6e-wifi7-connectivite\\\/#primaryimage\",\"url\":\"https:\\\/\\\/frhub.netgear.com\\\/fr\\\/hub\\\/wp-content\\\/uploads\\\/2025\\\/09\\\/vignette-nouvellegeneration.png\",\"contentUrl\":\"https:\\\/\\\/frhub.netgear.com\\\/fr\\\/hub\\\/wp-content\\\/uploads\\\/2025\\\/09\\\/vignette-nouvellegeneration.png\",\"width\":612,\"height\":408},{\"@type\":\"BreadcrumbList\",\"@id\":\"https:\\\/\\\/frhub.netgear.com\\\/fr\\\/hub\\\/wifi\\\/routers\\\/wifi6e-wifi7-connectivite\\\/#breadcrumb\",\"itemListElement\":[{\"@type\":\"ListItem\",\"position\":1,\"name\":\"Home\",\"item\":\"https:\\\/\\\/frhub.netgear.com\\\/fr\\\/hub\\\/\"},{\"@type\":\"ListItem\",\"position\":2,\"name\":\"WiFi Tech Articles Hub\",\"item\":\"https:\\\/\\\/frhub.netgear.com\\\/fr\\\/hub\\\/wifi\\\/\"},{\"@type\":\"ListItem\",\"position\":3,\"name\":\"Article sur les Routeurs WiFi Hub\",\"item\":\"https:\\\/\\\/frhub.netgear.com\\\/fr\\\/hub\\\/wifi\\\/routers\\\/\"},{\"@type\":\"ListItem\",\"position\":4,\"name\":\"D\u00e9couvrez la nouvelle g\u00e9n\u00e9ration de connectivit\u00e9 : WiFi 6E et WiFi 7\"}]},{\"@type\":\"WebSite\",\"@id\":\"https:\\\/\\\/frhub.netgear.com\\\/fr\\\/hub\\\/#website\",\"url\":\"https:\\\/\\\/frhub.netgear.com\\\/fr\\\/hub\\\/\",\"name\":\"NETGEAR Hub France\",\"description\":\"Explorez les pages de notre blog et parcourez les articles pour en savoir plus sur les produits et la technologie NETGEAR.\",\"publisher\":{\"@id\":\"https:\\\/\\\/frhub.netgear.com\\\/fr\\\/hub\\\/#organization\"},\"potentialAction\":[{\"@type\":\"SearchAction\",\"target\":{\"@type\":\"EntryPoint\",\"urlTemplate\":\"https:\\\/\\\/frhub.netgear.com\\\/fr\\\/hub\\\/?s={search_term_string}\"},\"query-input\":{\"@type\":\"PropertyValueSpecification\",\"valueRequired\":true,\"valueName\":\"search_term_string\"}}],\"inLanguage\":\"en-US\"},{\"@type\":\"Organization\",\"@id\":\"https:\\\/\\\/frhub.netgear.com\\\/fr\\\/hub\\\/#organization\",\"name\":\"NETGEAR\",\"url\":\"https:\\\/\\\/frhub.netgear.com\\\/fr\\\/hub\\\/\",\"logo\":{\"@type\":\"ImageObject\",\"inLanguage\":\"en-US\",\"@id\":\"https:\\\/\\\/frhub.netgear.com\\\/fr\\\/hub\\\/#\\\/schema\\\/logo\\\/image\\\/\",\"url\":\"https:\\\/\\\/www.netgear.com\\\/fr\\\/hub\\\/wp-content\\\/uploads\\\/2019\\\/07\\\/NETGEAR_logo.jpg\",\"contentUrl\":\"https:\\\/\\\/www.netgear.com\\\/fr\\\/hub\\\/wp-content\\\/uploads\\\/2019\\\/07\\\/NETGEAR_logo.jpg\",\"width\":1500,\"height\":501,\"caption\":\"NETGEAR\"},\"image\":{\"@id\":\"https:\\\/\\\/frhub.netgear.com\\\/fr\\\/hub\\\/#\\\/schema\\\/logo\\\/image\\\/\"},\"sameAs\":[\"https:\\\/\\\/www.facebook.com\\\/NetgearAU\\\/\",\"https:\\\/\\\/x.com\\\/NETGEAR\",\"https:\\\/\\\/www.linkedin.com\\\/company\\\/netgear\"]}]}<\/script>\n<!-- \/ Yoast SEO plugin. -->","yoast_head_json":{"title":"D\u00e9couvrez WiFi 6E et WiFi 7 : Performances et Vitesse Ultimes","description":"Explorez les avantages du WiFi 6E et WiFi 7 avec NETGEAR. D\u00e9couvrez les vitesses ultra-rapides, faible latence et les appareils Orbi et Nighthawk compatibles pour une connectivit\u00e9 avanc\u00e9e.","robots":{"index":"index","follow":"follow","max-snippet":"max-snippet:-1","max-image-preview":"max-image-preview:large","max-video-preview":"max-video-preview:-1"},"canonical":"https:\/\/frhub.netgear.com\/fr\/hub\/wifi\/routers\/wifi6e-wifi7-connectivite\/","og_locale":"en_US","og_type":"article","og_title":"D\u00e9couvrez WiFi 6E et WiFi 7 : Performances et Vitesse Ultimes","og_description":"Explorez les avantages du WiFi 6E et WiFi 7 avec NETGEAR. D\u00e9couvrez les vitesses ultra-rapides, faible latence et les appareils Orbi et Nighthawk compatibles pour une connectivit\u00e9 avanc\u00e9e.","og_url":"https:\/\/frhub.netgear.com\/fr\/hub\/wifi\/routers\/wifi6e-wifi7-connectivite\/","og_site_name":"NETGEAR Blog","article_publisher":"https:\/\/www.facebook.com\/NetgearAU\/","article_modified_time":"2025-09-15T13:37:22+00:00","og_image":[{"width":612,"height":408,"url":"https:\/\/frhub.netgear.com\/fr\/hub\/wp-content\/uploads\/2025\/09\/vignette-nouvellegeneration.png","type":"image\/png"}],"twitter_card":"summary_large_image","twitter_site":"@NETGEAR","schema":{"@context":"https:\/\/schema.org","@graph":[{"@type":"WebPage","@id":"https:\/\/frhub.netgear.com\/fr\/hub\/wifi\/routers\/wifi6e-wifi7-connectivite\/","url":"https:\/\/frhub.netgear.com\/fr\/hub\/wifi\/routers\/wifi6e-wifi7-connectivite\/","name":"D\u00e9couvrez WiFi 6E et WiFi 7 : Performances et Vitesse Ultimes","isPartOf":{"@id":"https:\/\/frhub.netgear.com\/fr\/hub\/#website"},"primaryImageOfPage":{"@id":"https:\/\/frhub.netgear.com\/fr\/hub\/wifi\/routers\/wifi6e-wifi7-connectivite\/#primaryimage"},"image":{"@id":"https:\/\/frhub.netgear.com\/fr\/hub\/wifi\/routers\/wifi6e-wifi7-connectivite\/#primaryimage"},"thumbnailUrl":"https:\/\/frhub.netgear.com\/fr\/hub\/wp-content\/uploads\/2025\/09\/vignette-nouvellegeneration.png","datePublished":"2024-10-21T05:45:07+00:00","dateModified":"2025-09-15T13:37:22+00:00","description":"Explorez les avantages du WiFi 6E et WiFi 7 avec NETGEAR. D\u00e9couvrez les vitesses ultra-rapides, faible latence et les appareils Orbi et Nighthawk compatibles pour une connectivit\u00e9 avanc\u00e9e.","breadcrumb":{"@id":"https:\/\/frhub.netgear.com\/fr\/hub\/wifi\/routers\/wifi6e-wifi7-connectivite\/#breadcrumb"},"inLanguage":"en-US","potentialAction":[{"@type":"ReadAction","target":["https:\/\/frhub.netgear.com\/fr\/hub\/wifi\/routers\/wifi6e-wifi7-connectivite\/"]}]},{"@type":"ImageObject","inLanguage":"en-US","@id":"https:\/\/frhub.netgear.com\/fr\/hub\/wifi\/routers\/wifi6e-wifi7-connectivite\/#primaryimage","url":"https:\/\/frhub.netgear.com\/fr\/hub\/wp-content\/uploads\/2025\/09\/vignette-nouvellegeneration.png","contentUrl":"https:\/\/frhub.netgear.com\/fr\/hub\/wp-content\/uploads\/2025\/09\/vignette-nouvellegeneration.png","width":612,"height":408},{"@type":"BreadcrumbList","@id":"https:\/\/frhub.netgear.com\/fr\/hub\/wifi\/routers\/wifi6e-wifi7-connectivite\/#breadcrumb","itemListElement":[{"@type":"ListItem","position":1,"name":"Home","item":"https:\/\/frhub.netgear.com\/fr\/hub\/"},{"@type":"ListItem","position":2,"name":"WiFi Tech Articles Hub","item":"https:\/\/frhub.netgear.com\/fr\/hub\/wifi\/"},{"@type":"ListItem","position":3,"name":"Article sur les Routeurs WiFi Hub","item":"https:\/\/frhub.netgear.com\/fr\/hub\/wifi\/routers\/"},{"@type":"ListItem","position":4,"name":"D\u00e9couvrez la nouvelle g\u00e9n\u00e9ration de connectivit\u00e9 : WiFi 6E et WiFi 7"}]},{"@type":"WebSite","@id":"https:\/\/frhub.netgear.com\/fr\/hub\/#website","url":"https:\/\/frhub.netgear.com\/fr\/hub\/","name":"NETGEAR Hub France","description":"Explorez les pages de notre blog et parcourez les articles pour en savoir plus sur les produits et la technologie NETGEAR.","publisher":{"@id":"https:\/\/frhub.netgear.com\/fr\/hub\/#organization"},"potentialAction":[{"@type":"SearchAction","target":{"@type":"EntryPoint","urlTemplate":"https:\/\/frhub.netgear.com\/fr\/hub\/?s={search_term_string}"},"query-input":{"@type":"PropertyValueSpecification","valueRequired":true,"valueName":"search_term_string"}}],"inLanguage":"en-US"},{"@type":"Organization","@id":"https:\/\/frhub.netgear.com\/fr\/hub\/#organization","name":"NETGEAR","url":"https:\/\/frhub.netgear.com\/fr\/hub\/","logo":{"@type":"ImageObject","inLanguage":"en-US","@id":"https:\/\/frhub.netgear.com\/fr\/hub\/#\/schema\/logo\/image\/","url":"https:\/\/www.netgear.com\/fr\/hub\/wp-content\/uploads\/2019\/07\/NETGEAR_logo.jpg","contentUrl":"https:\/\/www.netgear.com\/fr\/hub\/wp-content\/uploads\/2019\/07\/NETGEAR_logo.jpg","width":1500,"height":501,"caption":"NETGEAR"},"image":{"@id":"https:\/\/frhub.netgear.com\/fr\/hub\/#\/schema\/logo\/image\/"},"sameAs":["https:\/\/www.facebook.com\/NetgearAU\/","https:\/\/x.com\/NETGEAR","https:\/\/www.linkedin.com\/company\/netgear"]}]}},"_links":{"self":[{"href":"https:\/\/frhub.netgear.com\/fr\/hub\/wp-json\/wp\/v2\/pages\/9746","targetHints":{"allow":["GET"]}}],"collection":[{"href":"https:\/\/frhub.netgear.com\/fr\/hub\/wp-json\/wp\/v2\/pages"}],"about":[{"href":"https:\/\/frhub.netgear.com\/fr\/hub\/wp-json\/wp\/v2\/types\/page"}],"author":[{"embeddable":true,"href":"https:\/\/frhub.netgear.com\/fr\/hub\/wp-json\/wp\/v2\/users\/68"}],"replies":[{"embeddable":true,"href":"https:\/\/frhub.netgear.com\/fr\/hub\/wp-json\/wp\/v2\/comments?post=9746"}],"version-history":[{"count":9,"href":"https:\/\/frhub.netgear.com\/fr\/hub\/wp-json\/wp\/v2\/pages\/9746\/revisions"}],"predecessor-version":[{"id":10300,"href":"https:\/\/frhub.netgear.com\/fr\/hub\/wp-json\/wp\/v2\/pages\/9746\/revisions\/10300"}],"up":[{"embeddable":true,"href":"https:\/\/frhub.netgear.com\/fr\/hub\/wp-json\/wp\/v2\/pages\/6752"}],"wp:featuredmedia":[{"embeddable":true,"href":"https:\/\/frhub.netgear.com\/fr\/hub\/wp-json\/wp\/v2\/media\/10928"}],"wp:attachment":[{"href":"https:\/\/frhub.netgear.com\/fr\/hub\/wp-json\/wp\/v2\/media?parent=9746"}],"curies":[{"name":"wp","href":"https:\/\/api.w.org\/{rel}","templated":true}]}}