{"id":9486,"date":"2024-06-10T06:18:23","date_gmt":"2024-06-10T04:18:23","guid":{"rendered":"https:\/\/www.netgear.com\/fr\/hub\/?page_id=9486"},"modified":"2024-10-09T04:01:02","modified_gmt":"2024-10-09T02:01:02","slug":"backhaul-dedie-ameliore","status":"publish","type":"page","link":"https:\/\/frhub.netgear.com\/fr\/hub\/wifi\/mesh\/backhaul-dedie-ameliore\/","title":{"rendered":"Backhaul d\u00e9di\u00e9 am\u00e9lior\u00e9 : l&#8217;arme secr\u00e8te de la s\u00e9rie Orbi 970"},"content":{"rendered":"    <div class=\"table-of-content bg-gray\">\n        <p><strong>IN THIS ARTICLE<\/strong><\/p>\n        <ul>\n                        <li><a href=\"#topic1\">Qu\u2019est-ce que le backhaul d\u00e9di\u00e9 am\u00e9lior\u00e9 ?<\/a><\/li>\n                        <li><a href=\"#topic2\">Avantage de la fr\u00e9quence 5 GHz d\u00e9di\u00e9e<\/a><\/li>\n                        <li><a href=\"#topic3\">Am\u00e9lioration du backhaul gr\u00e2ce \u00e0 l\u2019utilisation du 6 GHz<\/a><\/li>\n                        <li><a href=\"#topic4\">Avantage du MLO<\/a><\/li>\n                        <li><a href=\"#topic5\">B\u00e9n\u00e9ficiez du backhaul d\u00e9di\u00e9 am\u00e9lior\u00e9 avec Orbi S\u00e9rie 970<\/a><\/li>\n                    <\/ul>\n    <\/div>\n        <div id=\"topic1\" class=\"skip-item\">\n                        <h2>Qu\u2019est-ce que le backhaul d\u00e9di\u00e9 am\u00e9lior\u00e9 ?<\/h2>\n                <p><a href=\"https:\/\/www.netgear.com\/fr\/home\/wifi\/mesh\/rbe973sb\/\"><img loading=\"lazy\" decoding=\"async\" class=\"alignright wp-image-10161 size-full\" src=\"https:\/\/www.netgear.com\/hub\/wp-content\/uploads\/2023\/11\/orbi-rbke973s_g7_779x536v1_tcm148-1521331.jpg\" alt=\"Quadband WiFi\" width=\"780\" height=\"536\" \/><\/a>Pour faire simple, le \u201cbackhaul\u201d est une liaison sans fil d\u00e9di\u00e9e \u00e0 la communication du routeur (aussi appel\u00e9 \u201cbase\u201d) avec ses satellites. Elle n\u2019est pas utilis\u00e9e par les \u00e9quipements clients (smartphones, PC, Smart TV, etc ..), ce qui permet de garantir la stabilit\u00e9 et la force du signal \u00e0 travers une installation Mesh. NETGEAR a \u00e9t\u00e9 le premier \u00e0 introduire cette technologie de backhaul et l\u2019a m\u00eame brevet\u00e9e. Le backhaul d\u00e9di\u00e9 am\u00e9lior\u00e9 est une \u00e9volution de la technologie de backhaul invent\u00e9e par NETGEAR. Nous y avons ajout\u00e9 les am\u00e9liorations du WiFi 7 telles que le MLO (Multi-Link Operation), qu\u2019on peut traduire par \u201cfonctionnement multi-liens\u201d. Cette technologie combine les bandes de fr\u00e9quence 5 GHz et 6 GHz pour \u00e9tablir la liaison d\u00e9di\u00e9e entre le routeur Orbi et ses satellites. Ce qui permet \u00e0 Orbi d\u2019atteindre un d\u00e9bit jusqu\u2019\u00e0 10 Gbps sur l\u2019ensemble du syst\u00e8me maill\u00e9. Ainsi, chaque appareil acc\u00e8de \u00e0 Internet sans latence additionnelle quelle que soit la vitesse de votre connexion internet.<\/p>\n<p>Les utilisateurs Orbi peuvent aussi passer par une connexion Ethernet filaire pour r\u00e9aliser cette liaison d\u00e9di\u00e9e. Orbi 970 se distingue en permettant de combiner le backhaul en Ethernet filaire et en WiFi, en fonction de la configuration du domicile. Le backhaul Ethernet peut connecter le routeur \u00e0 un satellite et m\u00eame un satellite \u00e0 un autre satellite.<\/p>\n<p><!-- StartAdSpot --><br \/>\n<a href=\"\/home\/wifi\/mesh\/rbe973sb\/\"><img loading=\"lazy\" decoding=\"async\" class=\"aligncenter wp-image-10374 size-full\" src=\"https:\/\/www.netgear.com\/hub\/wp-content\/uploads\/2023\/12\/970-ad-spot.jpg\" alt=\"Orbi WiFi 7 Ad Banner\" width=\"728\" height=\"90\" \/><\/a><br \/>\n<!-- EndAdSpot --><\/p>\n    <\/div>\n        <div id=\"topic2\" class=\"skip-item\">\n                        <h2>Avantage de la fr\u00e9quence 5 GHz d\u00e9di\u00e9e<\/h2>\n                <p>D\u00e9dier la fr\u00e9quence 5 GHz au backhaul pr\u00e9sente un avantage notable sur le 6 GHz : les exigences r\u00e9glementaires autorisent une puissance sup\u00e9rieure pour la bande 5 GHz compar\u00e9e \u00e0 la bande 6 GHz, permettant une connexion \u00e0 plus grande distance entre le routeur et les satellites. Pour une couverture maximale, Orbi 970 utilise le 5 GHz pour le backhaul d\u00e9di\u00e9.<\/p>\n<p>En plus du backhaul en 5GHz, Orbi 970 est dot\u00e9 d&#8217;une radio 5 GHz 4\u00d74 d\u00e9di\u00e9e au fronthaul, c\u2019est-\u00e0-dire la fr\u00e9quence utilis\u00e9e par les appareils WiFi de la maison. En effet, comme la fr\u00e9quence 5GHz est utilis\u00e9e depuis un certain nombre d\u2019ann\u00e9es, elle est maintenant support\u00e9e par une large majorit\u00e9 d\u2019objets connect\u00e9s. Dans le but d&#8217;assurer une capacit\u00e9 suffisante pour le fonctionnement simultan\u00e9 de plusieurs \u00e9quipements, Orbi 970 d\u00e9die une bande 5 GHz exclusivement aux appareils connect\u00e9s.<\/p>\n<p><img loading=\"lazy\" decoding=\"async\" class=\"aligncenter wp-image-9161 size-full\" src=\"https:\/\/www.netgear.com\/hub\/wp-content\/uploads\/2023\/09\/wifi-7-pretty.jpg\" alt=\"WiFi 7 vs. WiFi 6 vs. WiFi 5\" width=\"991\" height=\"394\" \/><\/p>\n    <\/div>\n        <div id=\"topic3\" class=\"skip-item\">\n                        <h2>Am\u00e9lioration du backhaul gr\u00e2ce \u00e0 l\u2019utilisation du 6 GHz<\/h2>\n                <p>La bande 6 GHz est disponible depuis le lancement du WiFi 6E, cependant le WiFi 7 l&#8217;utilise bien plus efficacement. Le WiFi 7 atteint une vitesse 2,4 fois sup\u00e9rieure au WiFi 6E en doublant la largeur de bande de 160 MHz \u00e0 320 MHz, ce qui serait \u00e9quivalent \u00e0 doubler les voies d&#8217;une autoroute. En outre, le WiFi 7 utilise le 4K QAM alors que le WiFi 6E utilise le 1K QAM. Un QAM plus \u00e9lev\u00e9 revient \u00e0 mettre plus de donn\u00e9es dans le m\u00eame paquet, en cons\u00e9quence l\u2019utilisation du 4K QAM apporte une augmentation de 20% de la vitesse.<\/p>\n<p>Orbi 970 est dot\u00e9 d&#8217;une radio 6 GHz 4\u00d74 au d\u00e9bit approchant 11,5 Gbps. Peu d\u2019appareils connect\u00e9s peuvent atteindre cette vitesse aujourd\u2019hui. Sur Orbi 970, nous donc avons affect\u00e9 la majeure partie de la capacit\u00e9 inutilis\u00e9e pour am\u00e9liorer encore plus la performance du backhaul. La technologie MLO du WiFi 7 combine la bande 6 GHz avec la bande 5 GHz d\u00e9di\u00e9e pour acc\u00e9l\u00e9rer les d\u00e9bits du backhaul jusqu&#8217;\u00e0 10 Gbps.<\/p>\n    <\/div>\n        <div id=\"topic4\" class=\"skip-item bg-gray-full\">\n                        <h2>Avantage du MLO<\/h2>\n                <p>La technologie d&#8217;agr\u00e9gation de liens n&#8217;est pas nouvelle, mais la nouvelle technologie MLO innove en combinant deux connexions WiFi au niveau physique, ce qui n&#8217;engendre presque aucune latence additionnelle. C&#8217;est un avantage consid\u00e9rable pour les applications gourmandes en bande passante et sensibles \u00e0 la latence telles que les jeux vid\u00e9os, la visioconf\u00e9rence HD et la VR\/AR.<\/p>\n<p>Avantages pour les anciens appareils WiFi<br \/>\nAvec Orbi 970, les appareils WiFi b\u00e9n\u00e9ficient tous de meilleures performances, y compris les anciens appareils WiFi 6 et WiFi 5. Orbi 970 \u00e9tant un syst\u00e8me Mesh, son backhaul profite pleinement de la technologie WiFi 7 qui fait passer sa vitesse de 2 Gbps (g\u00e9n\u00e9ration Orbi pr\u00e9c\u00e9dente) \u00e0 10 Gbps, soit une am\u00e9lioration multipli\u00e9e par 5. Vous constaterez donc une vitesse consid\u00e9rablement accrue sur tous vos appareils connect\u00e9s, m\u00eame non compatibles WiFi 6E ou WiFi 7.<\/p>\n    <\/div>\n        <div id=\"topic5\" class=\"skip-item\">\n                        <h2>B\u00e9n\u00e9ficiez du backhaul d\u00e9di\u00e9 am\u00e9lior\u00e9 avec Orbi S\u00e9rie 970<\/h2>\n                <p>Tous les atouts de la s\u00e9rie Orbi 970, comme le backhaul d\u00e9di\u00e9 am\u00e9lior\u00e9, les vitesses in\u00e9gal\u00e9es et la latence r\u00e9duite, red\u00e9finissent v\u00e9ritablement l&#8217;exp\u00e9rience sans-fil. Pour ceux qui recherchent un syst\u00e8me d&#8217;\u00e9lite \u00e0 la pointe de la technologie, la s\u00e9rie Orbi 970 est le choix qui s&#8217;impose.<\/p>\n<div class=\"explore-btn-area\"><a class=\"explore-btn\" href=\"https:\/\/www.netgear.com\/fr\/home\/wifi\/mesh\/rbe973sb\/\">Acheter la s\u00e9rie Orbi 970 avec WiFi 7<\/a><\/div>\n    <\/div>\n    \n","protected":false},"excerpt":{"rendered":"","protected":false},"author":68,"featured_media":9364,"parent":6707,"menu_order":1,"comment_status":"closed","ping_status":"closed","template":"templates\/blog-wifi.php","meta":{"_acf_changed":false,"content-type":"","footnotes":""},"class_list":["post-9486","page","type-page","status-publish","has-post-thumbnail","hentry"],"acf":[],"yoast_head":"<!-- This site is optimized with the Yoast SEO plugin v27.5 - https:\/\/yoast.com\/product\/yoast-seo-wordpress\/ -->\n<title>Orbi WiFi Mesh avec Backhaul Am\u00e9lior\u00e9 | NETGEAR France<\/title>\n<meta name=\"description\" content=\"D\u00e9couvrez l&#039;Orbi WiFi Mesh de NETGEAR France avec Backhaul Am\u00e9lior\u00e9. B\u00e9n\u00e9ficiez d&#039;une couverture optimale et d&#039;une connectivit\u00e9 sans faille pour votre r\u00e9seau domestique.\" \/>\n<meta name=\"robots\" content=\"index, follow, max-snippet:-1, max-image-preview:large, max-video-preview:-1\" \/>\n<link rel=\"canonical\" href=\"https:\/\/frhub.netgear.com\/fr\/hub\/wifi\/mesh\/backhaul-dedie-ameliore\/\" \/>\n<meta property=\"og:locale\" content=\"en_US\" \/>\n<meta property=\"og:type\" content=\"article\" \/>\n<meta property=\"og:title\" content=\"Orbi WiFi Mesh avec Backhaul Am\u00e9lior\u00e9 | NETGEAR France\" \/>\n<meta property=\"og:description\" content=\"D\u00e9couvrez l&#039;Orbi WiFi Mesh de NETGEAR France avec Backhaul Am\u00e9lior\u00e9. B\u00e9n\u00e9ficiez d&#039;une couverture optimale et d&#039;une connectivit\u00e9 sans faille pour votre r\u00e9seau domestique.\" \/>\n<meta property=\"og:url\" content=\"https:\/\/frhub.netgear.com\/fr\/hub\/wifi\/mesh\/backhaul-dedie-ameliore\/\" \/>\n<meta property=\"og:site_name\" content=\"NETGEAR Blog\" \/>\n<meta property=\"article:publisher\" content=\"https:\/\/www.facebook.com\/NetgearAU\/\" \/>\n<meta property=\"article:modified_time\" content=\"2024-10-09T02:01:02+00:00\" \/>\n<meta property=\"og:image\" content=\"https:\/\/frhub.netgear.com\/fr\/hub\/wp-content\/uploads\/2024\/02\/Orbi-Blog-image-Desktop-Feature-image1.jpg\" \/>\n\t<meta property=\"og:image:width\" content=\"480\" \/>\n\t<meta property=\"og:image:height\" content=\"540\" \/>\n\t<meta property=\"og:image:type\" content=\"image\/jpeg\" \/>\n<meta name=\"twitter:card\" content=\"summary_large_image\" \/>\n<meta name=\"twitter:site\" content=\"@NETGEAR\" \/>\n<script type=\"application\/ld+json\" class=\"yoast-schema-graph\">{\"@context\":\"https:\\\/\\\/schema.org\",\"@graph\":[{\"@type\":\"WebPage\",\"@id\":\"https:\\\/\\\/frhub.netgear.com\\\/fr\\\/hub\\\/wifi\\\/mesh\\\/backhaul-dedie-ameliore\\\/\",\"url\":\"https:\\\/\\\/frhub.netgear.com\\\/fr\\\/hub\\\/wifi\\\/mesh\\\/backhaul-dedie-ameliore\\\/\",\"name\":\"Orbi WiFi Mesh avec Backhaul Am\u00e9lior\u00e9 | NETGEAR France\",\"isPartOf\":{\"@id\":\"https:\\\/\\\/frhub.netgear.com\\\/fr\\\/hub\\\/#website\"},\"primaryImageOfPage\":{\"@id\":\"https:\\\/\\\/frhub.netgear.com\\\/fr\\\/hub\\\/wifi\\\/mesh\\\/backhaul-dedie-ameliore\\\/#primaryimage\"},\"image\":{\"@id\":\"https:\\\/\\\/frhub.netgear.com\\\/fr\\\/hub\\\/wifi\\\/mesh\\\/backhaul-dedie-ameliore\\\/#primaryimage\"},\"thumbnailUrl\":\"https:\\\/\\\/frhub.netgear.com\\\/fr\\\/hub\\\/wp-content\\\/uploads\\\/2024\\\/02\\\/Orbi-Blog-image-Desktop-Feature-image1.jpg\",\"datePublished\":\"2024-06-10T04:18:23+00:00\",\"dateModified\":\"2024-10-09T02:01:02+00:00\",\"description\":\"D\u00e9couvrez l'Orbi WiFi Mesh de NETGEAR France avec Backhaul Am\u00e9lior\u00e9. B\u00e9n\u00e9ficiez d'une couverture optimale et d'une connectivit\u00e9 sans faille pour votre r\u00e9seau domestique.\",\"breadcrumb\":{\"@id\":\"https:\\\/\\\/frhub.netgear.com\\\/fr\\\/hub\\\/wifi\\\/mesh\\\/backhaul-dedie-ameliore\\\/#breadcrumb\"},\"inLanguage\":\"en-US\",\"potentialAction\":[{\"@type\":\"ReadAction\",\"target\":[\"https:\\\/\\\/frhub.netgear.com\\\/fr\\\/hub\\\/wifi\\\/mesh\\\/backhaul-dedie-ameliore\\\/\"]}]},{\"@type\":\"ImageObject\",\"inLanguage\":\"en-US\",\"@id\":\"https:\\\/\\\/frhub.netgear.com\\\/fr\\\/hub\\\/wifi\\\/mesh\\\/backhaul-dedie-ameliore\\\/#primaryimage\",\"url\":\"https:\\\/\\\/frhub.netgear.com\\\/fr\\\/hub\\\/wp-content\\\/uploads\\\/2024\\\/02\\\/Orbi-Blog-image-Desktop-Feature-image1.jpg\",\"contentUrl\":\"https:\\\/\\\/frhub.netgear.com\\\/fr\\\/hub\\\/wp-content\\\/uploads\\\/2024\\\/02\\\/Orbi-Blog-image-Desktop-Feature-image1.jpg\",\"width\":480,\"height\":540,\"caption\":\"Orbi 970 with background\"},{\"@type\":\"BreadcrumbList\",\"@id\":\"https:\\\/\\\/frhub.netgear.com\\\/fr\\\/hub\\\/wifi\\\/mesh\\\/backhaul-dedie-ameliore\\\/#breadcrumb\",\"itemListElement\":[{\"@type\":\"ListItem\",\"position\":1,\"name\":\"Home\",\"item\":\"https:\\\/\\\/frhub.netgear.com\\\/fr\\\/hub\\\/\"},{\"@type\":\"ListItem\",\"position\":2,\"name\":\"WiFi Tech Articles Hub\",\"item\":\"https:\\\/\\\/frhub.netgear.com\\\/fr\\\/hub\\\/wifi\\\/\"},{\"@type\":\"ListItem\",\"position\":3,\"name\":\"Articles sur le WiFi Maill\u00e9\",\"item\":\"https:\\\/\\\/frhub.netgear.com\\\/fr\\\/hub\\\/wifi\\\/mesh\\\/\"},{\"@type\":\"ListItem\",\"position\":4,\"name\":\"Backhaul d\u00e9di\u00e9 am\u00e9lior\u00e9 : l&#8217;arme secr\u00e8te de la s\u00e9rie Orbi 970\"}]},{\"@type\":\"WebSite\",\"@id\":\"https:\\\/\\\/frhub.netgear.com\\\/fr\\\/hub\\\/#website\",\"url\":\"https:\\\/\\\/frhub.netgear.com\\\/fr\\\/hub\\\/\",\"name\":\"NETGEAR Hub France\",\"description\":\"Explorez les pages de notre blog et parcourez les articles pour en savoir plus sur les produits et la technologie NETGEAR.\",\"publisher\":{\"@id\":\"https:\\\/\\\/frhub.netgear.com\\\/fr\\\/hub\\\/#organization\"},\"potentialAction\":[{\"@type\":\"SearchAction\",\"target\":{\"@type\":\"EntryPoint\",\"urlTemplate\":\"https:\\\/\\\/frhub.netgear.com\\\/fr\\\/hub\\\/?s={search_term_string}\"},\"query-input\":{\"@type\":\"PropertyValueSpecification\",\"valueRequired\":true,\"valueName\":\"search_term_string\"}}],\"inLanguage\":\"en-US\"},{\"@type\":\"Organization\",\"@id\":\"https:\\\/\\\/frhub.netgear.com\\\/fr\\\/hub\\\/#organization\",\"name\":\"NETGEAR\",\"url\":\"https:\\\/\\\/frhub.netgear.com\\\/fr\\\/hub\\\/\",\"logo\":{\"@type\":\"ImageObject\",\"inLanguage\":\"en-US\",\"@id\":\"https:\\\/\\\/frhub.netgear.com\\\/fr\\\/hub\\\/#\\\/schema\\\/logo\\\/image\\\/\",\"url\":\"https:\\\/\\\/www.netgear.com\\\/fr\\\/hub\\\/wp-content\\\/uploads\\\/2019\\\/07\\\/NETGEAR_logo.jpg\",\"contentUrl\":\"https:\\\/\\\/www.netgear.com\\\/fr\\\/hub\\\/wp-content\\\/uploads\\\/2019\\\/07\\\/NETGEAR_logo.jpg\",\"width\":1500,\"height\":501,\"caption\":\"NETGEAR\"},\"image\":{\"@id\":\"https:\\\/\\\/frhub.netgear.com\\\/fr\\\/hub\\\/#\\\/schema\\\/logo\\\/image\\\/\"},\"sameAs\":[\"https:\\\/\\\/www.facebook.com\\\/NetgearAU\\\/\",\"https:\\\/\\\/x.com\\\/NETGEAR\",\"https:\\\/\\\/www.linkedin.com\\\/company\\\/netgear\"]}]}<\/script>\n<!-- \/ Yoast SEO plugin. -->","yoast_head_json":{"title":"Orbi WiFi Mesh avec Backhaul Am\u00e9lior\u00e9 | NETGEAR France","description":"D\u00e9couvrez l'Orbi WiFi Mesh de NETGEAR France avec Backhaul Am\u00e9lior\u00e9. B\u00e9n\u00e9ficiez d'une couverture optimale et d'une connectivit\u00e9 sans faille pour votre r\u00e9seau domestique.","robots":{"index":"index","follow":"follow","max-snippet":"max-snippet:-1","max-image-preview":"max-image-preview:large","max-video-preview":"max-video-preview:-1"},"canonical":"https:\/\/frhub.netgear.com\/fr\/hub\/wifi\/mesh\/backhaul-dedie-ameliore\/","og_locale":"en_US","og_type":"article","og_title":"Orbi WiFi Mesh avec Backhaul Am\u00e9lior\u00e9 | NETGEAR France","og_description":"D\u00e9couvrez l'Orbi WiFi Mesh de NETGEAR France avec Backhaul Am\u00e9lior\u00e9. B\u00e9n\u00e9ficiez d'une couverture optimale et d'une connectivit\u00e9 sans faille pour votre r\u00e9seau domestique.","og_url":"https:\/\/frhub.netgear.com\/fr\/hub\/wifi\/mesh\/backhaul-dedie-ameliore\/","og_site_name":"NETGEAR Blog","article_publisher":"https:\/\/www.facebook.com\/NetgearAU\/","article_modified_time":"2024-10-09T02:01:02+00:00","og_image":[{"width":480,"height":540,"url":"https:\/\/frhub.netgear.com\/fr\/hub\/wp-content\/uploads\/2024\/02\/Orbi-Blog-image-Desktop-Feature-image1.jpg","type":"image\/jpeg"}],"twitter_card":"summary_large_image","twitter_site":"@NETGEAR","schema":{"@context":"https:\/\/schema.org","@graph":[{"@type":"WebPage","@id":"https:\/\/frhub.netgear.com\/fr\/hub\/wifi\/mesh\/backhaul-dedie-ameliore\/","url":"https:\/\/frhub.netgear.com\/fr\/hub\/wifi\/mesh\/backhaul-dedie-ameliore\/","name":"Orbi WiFi Mesh avec Backhaul Am\u00e9lior\u00e9 | NETGEAR France","isPartOf":{"@id":"https:\/\/frhub.netgear.com\/fr\/hub\/#website"},"primaryImageOfPage":{"@id":"https:\/\/frhub.netgear.com\/fr\/hub\/wifi\/mesh\/backhaul-dedie-ameliore\/#primaryimage"},"image":{"@id":"https:\/\/frhub.netgear.com\/fr\/hub\/wifi\/mesh\/backhaul-dedie-ameliore\/#primaryimage"},"thumbnailUrl":"https:\/\/frhub.netgear.com\/fr\/hub\/wp-content\/uploads\/2024\/02\/Orbi-Blog-image-Desktop-Feature-image1.jpg","datePublished":"2024-06-10T04:18:23+00:00","dateModified":"2024-10-09T02:01:02+00:00","description":"D\u00e9couvrez l'Orbi WiFi Mesh de NETGEAR France avec Backhaul Am\u00e9lior\u00e9. B\u00e9n\u00e9ficiez d'une couverture optimale et d'une connectivit\u00e9 sans faille pour votre r\u00e9seau domestique.","breadcrumb":{"@id":"https:\/\/frhub.netgear.com\/fr\/hub\/wifi\/mesh\/backhaul-dedie-ameliore\/#breadcrumb"},"inLanguage":"en-US","potentialAction":[{"@type":"ReadAction","target":["https:\/\/frhub.netgear.com\/fr\/hub\/wifi\/mesh\/backhaul-dedie-ameliore\/"]}]},{"@type":"ImageObject","inLanguage":"en-US","@id":"https:\/\/frhub.netgear.com\/fr\/hub\/wifi\/mesh\/backhaul-dedie-ameliore\/#primaryimage","url":"https:\/\/frhub.netgear.com\/fr\/hub\/wp-content\/uploads\/2024\/02\/Orbi-Blog-image-Desktop-Feature-image1.jpg","contentUrl":"https:\/\/frhub.netgear.com\/fr\/hub\/wp-content\/uploads\/2024\/02\/Orbi-Blog-image-Desktop-Feature-image1.jpg","width":480,"height":540,"caption":"Orbi 970 with background"},{"@type":"BreadcrumbList","@id":"https:\/\/frhub.netgear.com\/fr\/hub\/wifi\/mesh\/backhaul-dedie-ameliore\/#breadcrumb","itemListElement":[{"@type":"ListItem","position":1,"name":"Home","item":"https:\/\/frhub.netgear.com\/fr\/hub\/"},{"@type":"ListItem","position":2,"name":"WiFi Tech Articles Hub","item":"https:\/\/frhub.netgear.com\/fr\/hub\/wifi\/"},{"@type":"ListItem","position":3,"name":"Articles sur le WiFi Maill\u00e9","item":"https:\/\/frhub.netgear.com\/fr\/hub\/wifi\/mesh\/"},{"@type":"ListItem","position":4,"name":"Backhaul d\u00e9di\u00e9 am\u00e9lior\u00e9 : l&#8217;arme secr\u00e8te de la s\u00e9rie Orbi 970"}]},{"@type":"WebSite","@id":"https:\/\/frhub.netgear.com\/fr\/hub\/#website","url":"https:\/\/frhub.netgear.com\/fr\/hub\/","name":"NETGEAR Hub France","description":"Explorez les pages de notre blog et parcourez les articles pour en savoir plus sur les produits et la technologie NETGEAR.","publisher":{"@id":"https:\/\/frhub.netgear.com\/fr\/hub\/#organization"},"potentialAction":[{"@type":"SearchAction","target":{"@type":"EntryPoint","urlTemplate":"https:\/\/frhub.netgear.com\/fr\/hub\/?s={search_term_string}"},"query-input":{"@type":"PropertyValueSpecification","valueRequired":true,"valueName":"search_term_string"}}],"inLanguage":"en-US"},{"@type":"Organization","@id":"https:\/\/frhub.netgear.com\/fr\/hub\/#organization","name":"NETGEAR","url":"https:\/\/frhub.netgear.com\/fr\/hub\/","logo":{"@type":"ImageObject","inLanguage":"en-US","@id":"https:\/\/frhub.netgear.com\/fr\/hub\/#\/schema\/logo\/image\/","url":"https:\/\/www.netgear.com\/fr\/hub\/wp-content\/uploads\/2019\/07\/NETGEAR_logo.jpg","contentUrl":"https:\/\/www.netgear.com\/fr\/hub\/wp-content\/uploads\/2019\/07\/NETGEAR_logo.jpg","width":1500,"height":501,"caption":"NETGEAR"},"image":{"@id":"https:\/\/frhub.netgear.com\/fr\/hub\/#\/schema\/logo\/image\/"},"sameAs":["https:\/\/www.facebook.com\/NetgearAU\/","https:\/\/x.com\/NETGEAR","https:\/\/www.linkedin.com\/company\/netgear"]}]}},"_links":{"self":[{"href":"https:\/\/frhub.netgear.com\/fr\/hub\/wp-json\/wp\/v2\/pages\/9486","targetHints":{"allow":["GET"]}}],"collection":[{"href":"https:\/\/frhub.netgear.com\/fr\/hub\/wp-json\/wp\/v2\/pages"}],"about":[{"href":"https:\/\/frhub.netgear.com\/fr\/hub\/wp-json\/wp\/v2\/types\/page"}],"author":[{"embeddable":true,"href":"https:\/\/frhub.netgear.com\/fr\/hub\/wp-json\/wp\/v2\/users\/68"}],"replies":[{"embeddable":true,"href":"https:\/\/frhub.netgear.com\/fr\/hub\/wp-json\/wp\/v2\/comments?post=9486"}],"version-history":[{"count":3,"href":"https:\/\/frhub.netgear.com\/fr\/hub\/wp-json\/wp\/v2\/pages\/9486\/revisions"}],"predecessor-version":[{"id":9678,"href":"https:\/\/frhub.netgear.com\/fr\/hub\/wp-json\/wp\/v2\/pages\/9486\/revisions\/9678"}],"up":[{"embeddable":true,"href":"https:\/\/frhub.netgear.com\/fr\/hub\/wp-json\/wp\/v2\/pages\/6707"}],"wp:featuredmedia":[{"embeddable":true,"href":"https:\/\/frhub.netgear.com\/fr\/hub\/wp-json\/wp\/v2\/media\/9364"}],"wp:attachment":[{"href":"https:\/\/frhub.netgear.com\/fr\/hub\/wp-json\/wp\/v2\/media?parent=9486"}],"curies":[{"name":"wp","href":"https:\/\/api.w.org\/{rel}","templated":true}]}}