{"id":9198,"date":"2023-10-26T01:53:17","date_gmt":"2023-10-25T23:53:17","guid":{"rendered":"https:\/\/stg-justingrossbard-netgearuk.kinsta.cloud\/?page_id=9198"},"modified":"2024-10-09T04:25:47","modified_gmt":"2024-10-09T02:25:47","slug":"importance-du-wifi-6","status":"publish","type":"page","link":"https:\/\/frhub.netgear.com\/fr\/hub\/wifi\/routers\/importance-du-wifi-6\/","title":{"rendered":"Le WiFi 6, c&#8217;est vraiment la technologie \u00e0 ne pas manquer ?"},"content":{"rendered":"<p>Le WiFi 6 est maintenant disponible, et les appareils prenant en charge la nouvelle norme commencent \u00e0 appara\u00eetre que cela soit dans les rayons en magasin ou dans les sites e-commerce. Le WiFi 6 promet d&#8217;apporter des vitesses plus rapides et une plus grande capacit\u00e9\u2026 Mais certains sont sceptiques et estiment que nous ne sommes pas tout \u00e0 fait pr\u00eats pour cette nouvelle technologie WiFi 6. D&#8217;apr\u00e8s eux, les avantages du WiFi 6 ne seront appr\u00e9ci\u00e9s que plus tard.<\/p>\n<p>Nous ne sommes pas d&#8217;accord. Nous allons aborder de nombreuses id\u00e9es fausses sur le WiFi 6 et allons vous dire pourquoi nous pensons que c&#8217;est le moment id\u00e9al pour passer \u00e0 la nouvelle norme. Mais avant tout, qu&#8217;est-ce que la technologie WiFi 6 ?<\/p>\n<p><img loading=\"lazy\" decoding=\"async\" class=\" wp-image-9201 alignleft\" src=\"https:\/\/www.netgear.com\/fr\/hub\/wp-content\/uploads\/2023\/10\/inline_people1-300x240_tcm169-135404.png\" alt=\"\" width=\"208\" height=\"166\" \/>WiFi 6 (802,11ax) est la norme sans fil la plus r\u00e9cente, con\u00e7ue pour am\u00e9liorer la norme WiFi actuelle, 802,11ac. Les principaux avantages de WiFi 6 par rapport aux normes pr\u00e9c\u00e9dentes telles que WiFi 5 (802,11ac) incluent une capacit\u00e9 connect\u00e9e de 4x, un d\u00e9bit de donn\u00e9es accru et des vitesses plus rapides, ce qui am\u00e9liore les performances. Le WiFi 6 est donc id\u00e9al pour prendre en charge les maisons intelligentes avec plusieurs appareils connect\u00e9s, le contenu en streaming 4K et 8K, les t\u00e9l\u00e9chargements et t\u00e9l\u00e9chargements de fichiers volumineux et les niveaux de vitesse Internet Gigabit, pour une exp\u00e9rience WiFi encore plus agr\u00e9able.<\/p>\n<p>&nbsp;<\/p>\n<p>&nbsp;<\/p>\n<p>Maintenant, il est temps de dissiper certains des mythes courants qui entourent le WiFi 6 :<\/p>\n<p><strong>Mythe n\u00b01 : Il n&#8217;y a pas beaucoup d&#8217;appareils WiFi 6 sur le march\u00e9<\/strong><\/p>\n<p><img loading=\"lazy\" decoding=\"async\" class=\" wp-image-9200 alignright\" src=\"https:\/\/www.netgear.com\/fr\/hub\/wp-content\/uploads\/2023\/10\/inline_devices-300x240_tcm169-135402.png\" alt=\"\" width=\"195\" height=\"156\" \/><\/p>\n<p>Les appareils compatibles au WiFi 6 sont disponibles sur le march\u00e9, des ordinateurs portables int\u00e9grant les puces de 10\u00e8me g\u00e9n\u00e9rations d&#8217;Intel aux smartphones les plus r\u00e9cents et les plus\u00a0performants tels que le Samsung Galaxy S10 &amp; Note 10 et Apple iPhone 11. Avec les entreprises tels que Samsung, Apple et Intel qui utilisent le WiFi 6, vous pouvez vous attendre \u00e0 ce que d&#8217;autres leaders du secteur reconnaissent les avantages de la derni\u00e8re technologie WiFi et lancent des produits avec la technologie WiFi 6.<\/p>\n<p>&nbsp;<\/p>\n<p><strong>Mythe n\u00b02 : La plupart des p\u00e9riph\u00e9riques ne fonctionnent pas avec les routeurs WiFi 6<\/strong><br \/>\nLes routeurs WiFi 6 sont r\u00e9trocompatibles \u00e0 100 % avec les p\u00e9riph\u00e9riques dot\u00e9s de la norme WiFi 5 ou de normes ant\u00e9rieures. Bien que vous ne puissiez pas d\u00e9couvrir les avantages du WiFi 6 d\u00e8s le premier jour, vous pouvez vous assurer que votre r\u00e9seau est pr\u00eat pour les nouveaux p\u00e9riph\u00e9riques int\u00e9grant le WiFi 6 plus t\u00f4t que pr\u00e9vu.<\/p>\n<p><strong>Mythe n\u00b03 : Le WiFi 6 est extr\u00eamement rapide, mais uniquement si plus de 50 appareils sont connect\u00e9s<\/strong><br \/>\nLe WiFi 6 augmente la vitesse d&#8217;un seul appareil de 40 % par rapport au WiFi 5. Si vous disposez de l&#8217;un des nouveaux PC portables dot\u00e9s de la technologie Gig+ d&#8217;Intel, vous pouvez doubler instantan\u00e9ment les vitesses lorsqu&#8217;il est associ\u00e9 \u00e0 un routeur WiFi 6.<\/p>\n<p><strong>Mythe n\u00b04 : Il n&#8217;y a aucun avantage \u00e0 mettre \u00e0 niveau mon routeur vers le WiFi 6 imm\u00e9diatement<\/strong><br \/>\nSi votre routeur actuel est assez r\u00e9cent, ne vous pose pas de probl\u00e8mes et que vous \u00eates satisfait, il est certainement pr\u00e9f\u00e9rable de le conserver pour le moment et de le mettre \u00e0 niveau le moment venu. Si vous n&#8217;avez pas mis \u00e0 niveau votre routeur depuis un certain temps, que votre WiFi ralentit et que vous continuez \u00e0 ajouter d&#8217;autres p\u00e9riph\u00e9riques connect\u00e9s, vous pouvez envisager un routeur WiFi 6 pour vous aider \u00e0 prot\u00e9ger votre domicile. Dans les deux cas, nos routeurs Nighthawk WiFi 6 pr\u00e9sentent des avantages suppl\u00e9mentaires par rapport \u00e0 un routeur AC1200 :<\/p>\n<ul>\n<li>\n<h5>Les routeurs WiFi 6 sont dot\u00e9s d&#8217;un processeur plus rapide, ce qui vous permet de b\u00e9n\u00e9ficier d&#8217;avantages suppl\u00e9mentaires en termes de vitesse si vous disposez d&#8217;un abonnement Internet Gigabit<\/h5>\n<\/li>\n<li>\n<h5>Les Routeur Nighthawk AX12 et AX12 Tri bandes offrent jusqu&#8217;\u00e0 12 flux, ce qui am\u00e9liore la fiabilit\u00e9 globale et la vitesse<\/h5>\n<\/li>\n<li>\n<h5>Le Routeur Nighthawk AX12 est dot\u00e9 d&#8217;un port Ethernet 5G et le Nighthawk tri-bande AX12 d&#8217;un port Ethernet 2,5G pour une mise en r\u00e9seau c\u00e2bl\u00e9e plus rapide<\/h5>\n<\/li>\n<\/ul>\n<h5><img loading=\"lazy\" decoding=\"async\" class=\"size-full wp-image-9199 aligncenter\" src=\"https:\/\/www.netgear.com\/fr\/hub\/wp-content\/uploads\/2023\/10\/inline_highway-300x240_tcm169-135403.png\" alt=\"\" width=\"300\" height=\"240\" \/><\/h5>\n<p>Vous avez encore des questions ? Consultez notre\u00a0<a href=\"https:\/\/community.netgear.com\/t5\/Nighthawk-Routers-with-WiFi-6-AX\/WiFi-6-Frequently-Asked-Questions\/td-p\/1814992\">Foire aux questions WiFi 6<\/a>.<\/p>\n<p>Pour en savoir plus sur les offres WiFi 6 de NETGEAR, rendez-vous sur le site :\u00a0<a href=\"https:\/\/www.netgear.com\/fr\/landings\/wifi6\/\">Page d&#8217;informations sur le routeur WiFi 6<\/a>. D\u00e9couvrez notre page \u00ab<a href=\"https:\/\/www.netgear.com\/fr\/home\/discover\/wifi-router\/\">Qu&#8217;est-ce qu&#8217;un routeur WiFi ? \u00bb<\/a>\u00a0pour mieux comprendre le role des routeurs et leur fonctionnement.<\/p>\n<p>Mise \u00e0 jour\u00a0:\u00a0<a href=\"https:\/\/www.netgear.com\/fr\/home\/wifi\/wifi6e\/\">WiFi 6E \u2013 6GHz WiFi est une mise \u00e0 niveau vers WiFi 6<\/a>. En savoir plus sur WiFi 6E !<\/p>\n","protected":false},"excerpt":{"rendered":"<p>Le WiFi 6 est maintenant disponible, et les appareils prenant en charge la nouvelle norme commencent \u00e0 appara\u00eetre que cela soit dans les rayons en magasin ou dans les sites e-commerce. Le WiFi 6 promet d&#8217;apporter des vitesses plus rapides et une plus grande capacit\u00e9\u2026 Mais certains sont sceptiques et estiment que nous ne sommes [&hellip;]<\/p>\n","protected":false},"author":68,"featured_media":9202,"parent":6752,"menu_order":11,"comment_status":"closed","ping_status":"closed","template":"templates\/press-room-single.php","meta":{"_acf_changed":false,"content-type":"","footnotes":""},"class_list":["post-9198","page","type-page","status-publish","has-post-thumbnail","hentry"],"acf":[],"yoast_head":"<!-- This site is optimized with the Yoast SEO plugin v27.4 - https:\/\/yoast.com\/product\/yoast-seo-wordpress\/ -->\n<title>WiFi 6: R\u00e9volution ou simple \u00e9volution<\/title>\n<meta name=\"description\" content=\"D\u00e9couvrez pourquoi le WiFi 6 fait d\u00e9bat. Est-ce juste une \u00e9volution ou une r\u00e9volution pour votre connexion internet ? Lisez pour savoir plus !\" \/>\n<meta name=\"robots\" content=\"index, follow, max-snippet:-1, max-image-preview:large, max-video-preview:-1\" \/>\n<link rel=\"canonical\" href=\"https:\/\/frhub.netgear.com\/fr\/hub\/wifi\/routers\/importance-du-wifi-6\/\" \/>\n<meta property=\"og:locale\" content=\"en_US\" \/>\n<meta property=\"og:type\" content=\"article\" \/>\n<meta property=\"og:title\" content=\"WiFi 6: R\u00e9volution ou simple \u00e9volution\" \/>\n<meta property=\"og:description\" content=\"D\u00e9couvrez pourquoi le WiFi 6 fait d\u00e9bat. Est-ce juste une \u00e9volution ou une r\u00e9volution pour votre connexion internet ? Lisez pour savoir plus !\" \/>\n<meta property=\"og:url\" content=\"https:\/\/frhub.netgear.com\/fr\/hub\/wifi\/routers\/importance-du-wifi-6\/\" \/>\n<meta property=\"og:site_name\" content=\"NETGEAR Blog\" \/>\n<meta property=\"article:publisher\" content=\"https:\/\/www.facebook.com\/NetgearAU\/\" \/>\n<meta property=\"article:modified_time\" content=\"2024-10-09T02:25:47+00:00\" \/>\n<meta property=\"og:image\" content=\"https:\/\/frhub.netgear.com\/fr\/hub\/wp-content\/uploads\/2023\/10\/Blog_Banner_6_tcm169-135705.jpg\" \/>\n\t<meta property=\"og:image:width\" content=\"1920\" \/>\n\t<meta property=\"og:image:height\" content=\"537\" \/>\n\t<meta property=\"og:image:type\" content=\"image\/jpeg\" \/>\n<meta name=\"twitter:card\" content=\"summary_large_image\" \/>\n<meta name=\"twitter:site\" content=\"@NETGEAR\" \/>\n<meta name=\"twitter:label1\" content=\"Est. reading time\" \/>\n\t<meta name=\"twitter:data1\" content=\"4 minutes\" \/>\n<script type=\"application\/ld+json\" class=\"yoast-schema-graph\">{\"@context\":\"https:\\\/\\\/schema.org\",\"@graph\":[{\"@type\":\"WebPage\",\"@id\":\"https:\\\/\\\/frhub.netgear.com\\\/fr\\\/hub\\\/wifi\\\/routers\\\/importance-du-wifi-6\\\/\",\"url\":\"https:\\\/\\\/frhub.netgear.com\\\/fr\\\/hub\\\/wifi\\\/routers\\\/importance-du-wifi-6\\\/\",\"name\":\"WiFi 6: R\u00e9volution ou simple \u00e9volution\",\"isPartOf\":{\"@id\":\"https:\\\/\\\/frhub.netgear.com\\\/fr\\\/hub\\\/#website\"},\"primaryImageOfPage\":{\"@id\":\"https:\\\/\\\/frhub.netgear.com\\\/fr\\\/hub\\\/wifi\\\/routers\\\/importance-du-wifi-6\\\/#primaryimage\"},\"image\":{\"@id\":\"https:\\\/\\\/frhub.netgear.com\\\/fr\\\/hub\\\/wifi\\\/routers\\\/importance-du-wifi-6\\\/#primaryimage\"},\"thumbnailUrl\":\"https:\\\/\\\/frhub.netgear.com\\\/fr\\\/hub\\\/wp-content\\\/uploads\\\/2023\\\/10\\\/Blog_Banner_6_tcm169-135705.jpg\",\"datePublished\":\"2023-10-25T23:53:17+00:00\",\"dateModified\":\"2024-10-09T02:25:47+00:00\",\"description\":\"D\u00e9couvrez pourquoi le WiFi 6 fait d\u00e9bat. Est-ce juste une \u00e9volution ou une r\u00e9volution pour votre connexion internet ? Lisez pour savoir plus !\",\"breadcrumb\":{\"@id\":\"https:\\\/\\\/frhub.netgear.com\\\/fr\\\/hub\\\/wifi\\\/routers\\\/importance-du-wifi-6\\\/#breadcrumb\"},\"inLanguage\":\"en-US\",\"potentialAction\":[{\"@type\":\"ReadAction\",\"target\":[\"https:\\\/\\\/frhub.netgear.com\\\/fr\\\/hub\\\/wifi\\\/routers\\\/importance-du-wifi-6\\\/\"]}]},{\"@type\":\"ImageObject\",\"inLanguage\":\"en-US\",\"@id\":\"https:\\\/\\\/frhub.netgear.com\\\/fr\\\/hub\\\/wifi\\\/routers\\\/importance-du-wifi-6\\\/#primaryimage\",\"url\":\"https:\\\/\\\/frhub.netgear.com\\\/fr\\\/hub\\\/wp-content\\\/uploads\\\/2023\\\/10\\\/Blog_Banner_6_tcm169-135705.jpg\",\"contentUrl\":\"https:\\\/\\\/frhub.netgear.com\\\/fr\\\/hub\\\/wp-content\\\/uploads\\\/2023\\\/10\\\/Blog_Banner_6_tcm169-135705.jpg\",\"width\":1920,\"height\":537},{\"@type\":\"BreadcrumbList\",\"@id\":\"https:\\\/\\\/frhub.netgear.com\\\/fr\\\/hub\\\/wifi\\\/routers\\\/importance-du-wifi-6\\\/#breadcrumb\",\"itemListElement\":[{\"@type\":\"ListItem\",\"position\":1,\"name\":\"Home\",\"item\":\"https:\\\/\\\/frhub.netgear.com\\\/fr\\\/hub\\\/\"},{\"@type\":\"ListItem\",\"position\":2,\"name\":\"WiFi Tech Articles Hub\",\"item\":\"https:\\\/\\\/frhub.netgear.com\\\/fr\\\/hub\\\/wifi\\\/\"},{\"@type\":\"ListItem\",\"position\":3,\"name\":\"Article sur les Routeurs WiFi Hub\",\"item\":\"https:\\\/\\\/frhub.netgear.com\\\/fr\\\/hub\\\/wifi\\\/routers\\\/\"},{\"@type\":\"ListItem\",\"position\":4,\"name\":\"Le WiFi 6, c&#8217;est vraiment la technologie \u00e0 ne pas manquer ?\"}]},{\"@type\":\"WebSite\",\"@id\":\"https:\\\/\\\/frhub.netgear.com\\\/fr\\\/hub\\\/#website\",\"url\":\"https:\\\/\\\/frhub.netgear.com\\\/fr\\\/hub\\\/\",\"name\":\"NETGEAR Hub France\",\"description\":\"Explorez les pages de notre blog et parcourez les articles pour en savoir plus sur les produits et la technologie NETGEAR.\",\"publisher\":{\"@id\":\"https:\\\/\\\/frhub.netgear.com\\\/fr\\\/hub\\\/#organization\"},\"potentialAction\":[{\"@type\":\"SearchAction\",\"target\":{\"@type\":\"EntryPoint\",\"urlTemplate\":\"https:\\\/\\\/frhub.netgear.com\\\/fr\\\/hub\\\/?s={search_term_string}\"},\"query-input\":{\"@type\":\"PropertyValueSpecification\",\"valueRequired\":true,\"valueName\":\"search_term_string\"}}],\"inLanguage\":\"en-US\"},{\"@type\":\"Organization\",\"@id\":\"https:\\\/\\\/frhub.netgear.com\\\/fr\\\/hub\\\/#organization\",\"name\":\"NETGEAR\",\"url\":\"https:\\\/\\\/frhub.netgear.com\\\/fr\\\/hub\\\/\",\"logo\":{\"@type\":\"ImageObject\",\"inLanguage\":\"en-US\",\"@id\":\"https:\\\/\\\/frhub.netgear.com\\\/fr\\\/hub\\\/#\\\/schema\\\/logo\\\/image\\\/\",\"url\":\"https:\\\/\\\/www.netgear.com\\\/fr\\\/hub\\\/wp-content\\\/uploads\\\/2019\\\/07\\\/NETGEAR_logo.jpg\",\"contentUrl\":\"https:\\\/\\\/www.netgear.com\\\/fr\\\/hub\\\/wp-content\\\/uploads\\\/2019\\\/07\\\/NETGEAR_logo.jpg\",\"width\":1500,\"height\":501,\"caption\":\"NETGEAR\"},\"image\":{\"@id\":\"https:\\\/\\\/frhub.netgear.com\\\/fr\\\/hub\\\/#\\\/schema\\\/logo\\\/image\\\/\"},\"sameAs\":[\"https:\\\/\\\/www.facebook.com\\\/NetgearAU\\\/\",\"https:\\\/\\\/x.com\\\/NETGEAR\",\"https:\\\/\\\/www.linkedin.com\\\/company\\\/netgear\"]}]}<\/script>\n<!-- \/ Yoast SEO plugin. -->","yoast_head_json":{"title":"WiFi 6: R\u00e9volution ou simple \u00e9volution","description":"D\u00e9couvrez pourquoi le WiFi 6 fait d\u00e9bat. Est-ce juste une \u00e9volution ou une r\u00e9volution pour votre connexion internet ? Lisez pour savoir plus !","robots":{"index":"index","follow":"follow","max-snippet":"max-snippet:-1","max-image-preview":"max-image-preview:large","max-video-preview":"max-video-preview:-1"},"canonical":"https:\/\/frhub.netgear.com\/fr\/hub\/wifi\/routers\/importance-du-wifi-6\/","og_locale":"en_US","og_type":"article","og_title":"WiFi 6: R\u00e9volution ou simple \u00e9volution","og_description":"D\u00e9couvrez pourquoi le WiFi 6 fait d\u00e9bat. Est-ce juste une \u00e9volution ou une r\u00e9volution pour votre connexion internet ? Lisez pour savoir plus !","og_url":"https:\/\/frhub.netgear.com\/fr\/hub\/wifi\/routers\/importance-du-wifi-6\/","og_site_name":"NETGEAR Blog","article_publisher":"https:\/\/www.facebook.com\/NetgearAU\/","article_modified_time":"2024-10-09T02:25:47+00:00","og_image":[{"width":1920,"height":537,"url":"https:\/\/frhub.netgear.com\/fr\/hub\/wp-content\/uploads\/2023\/10\/Blog_Banner_6_tcm169-135705.jpg","type":"image\/jpeg"}],"twitter_card":"summary_large_image","twitter_site":"@NETGEAR","twitter_misc":{"Est. reading time":"4 minutes"},"schema":{"@context":"https:\/\/schema.org","@graph":[{"@type":"WebPage","@id":"https:\/\/frhub.netgear.com\/fr\/hub\/wifi\/routers\/importance-du-wifi-6\/","url":"https:\/\/frhub.netgear.com\/fr\/hub\/wifi\/routers\/importance-du-wifi-6\/","name":"WiFi 6: R\u00e9volution ou simple \u00e9volution","isPartOf":{"@id":"https:\/\/frhub.netgear.com\/fr\/hub\/#website"},"primaryImageOfPage":{"@id":"https:\/\/frhub.netgear.com\/fr\/hub\/wifi\/routers\/importance-du-wifi-6\/#primaryimage"},"image":{"@id":"https:\/\/frhub.netgear.com\/fr\/hub\/wifi\/routers\/importance-du-wifi-6\/#primaryimage"},"thumbnailUrl":"https:\/\/frhub.netgear.com\/fr\/hub\/wp-content\/uploads\/2023\/10\/Blog_Banner_6_tcm169-135705.jpg","datePublished":"2023-10-25T23:53:17+00:00","dateModified":"2024-10-09T02:25:47+00:00","description":"D\u00e9couvrez pourquoi le WiFi 6 fait d\u00e9bat. Est-ce juste une \u00e9volution ou une r\u00e9volution pour votre connexion internet ? Lisez pour savoir plus !","breadcrumb":{"@id":"https:\/\/frhub.netgear.com\/fr\/hub\/wifi\/routers\/importance-du-wifi-6\/#breadcrumb"},"inLanguage":"en-US","potentialAction":[{"@type":"ReadAction","target":["https:\/\/frhub.netgear.com\/fr\/hub\/wifi\/routers\/importance-du-wifi-6\/"]}]},{"@type":"ImageObject","inLanguage":"en-US","@id":"https:\/\/frhub.netgear.com\/fr\/hub\/wifi\/routers\/importance-du-wifi-6\/#primaryimage","url":"https:\/\/frhub.netgear.com\/fr\/hub\/wp-content\/uploads\/2023\/10\/Blog_Banner_6_tcm169-135705.jpg","contentUrl":"https:\/\/frhub.netgear.com\/fr\/hub\/wp-content\/uploads\/2023\/10\/Blog_Banner_6_tcm169-135705.jpg","width":1920,"height":537},{"@type":"BreadcrumbList","@id":"https:\/\/frhub.netgear.com\/fr\/hub\/wifi\/routers\/importance-du-wifi-6\/#breadcrumb","itemListElement":[{"@type":"ListItem","position":1,"name":"Home","item":"https:\/\/frhub.netgear.com\/fr\/hub\/"},{"@type":"ListItem","position":2,"name":"WiFi Tech Articles Hub","item":"https:\/\/frhub.netgear.com\/fr\/hub\/wifi\/"},{"@type":"ListItem","position":3,"name":"Article sur les Routeurs WiFi Hub","item":"https:\/\/frhub.netgear.com\/fr\/hub\/wifi\/routers\/"},{"@type":"ListItem","position":4,"name":"Le WiFi 6, c&#8217;est vraiment la technologie \u00e0 ne pas manquer ?"}]},{"@type":"WebSite","@id":"https:\/\/frhub.netgear.com\/fr\/hub\/#website","url":"https:\/\/frhub.netgear.com\/fr\/hub\/","name":"NETGEAR Hub France","description":"Explorez les pages de notre blog et parcourez les articles pour en savoir plus sur les produits et la technologie NETGEAR.","publisher":{"@id":"https:\/\/frhub.netgear.com\/fr\/hub\/#organization"},"potentialAction":[{"@type":"SearchAction","target":{"@type":"EntryPoint","urlTemplate":"https:\/\/frhub.netgear.com\/fr\/hub\/?s={search_term_string}"},"query-input":{"@type":"PropertyValueSpecification","valueRequired":true,"valueName":"search_term_string"}}],"inLanguage":"en-US"},{"@type":"Organization","@id":"https:\/\/frhub.netgear.com\/fr\/hub\/#organization","name":"NETGEAR","url":"https:\/\/frhub.netgear.com\/fr\/hub\/","logo":{"@type":"ImageObject","inLanguage":"en-US","@id":"https:\/\/frhub.netgear.com\/fr\/hub\/#\/schema\/logo\/image\/","url":"https:\/\/www.netgear.com\/fr\/hub\/wp-content\/uploads\/2019\/07\/NETGEAR_logo.jpg","contentUrl":"https:\/\/www.netgear.com\/fr\/hub\/wp-content\/uploads\/2019\/07\/NETGEAR_logo.jpg","width":1500,"height":501,"caption":"NETGEAR"},"image":{"@id":"https:\/\/frhub.netgear.com\/fr\/hub\/#\/schema\/logo\/image\/"},"sameAs":["https:\/\/www.facebook.com\/NetgearAU\/","https:\/\/x.com\/NETGEAR","https:\/\/www.linkedin.com\/company\/netgear"]}]}},"_links":{"self":[{"href":"https:\/\/frhub.netgear.com\/fr\/hub\/wp-json\/wp\/v2\/pages\/9198","targetHints":{"allow":["GET"]}}],"collection":[{"href":"https:\/\/frhub.netgear.com\/fr\/hub\/wp-json\/wp\/v2\/pages"}],"about":[{"href":"https:\/\/frhub.netgear.com\/fr\/hub\/wp-json\/wp\/v2\/types\/page"}],"author":[{"embeddable":true,"href":"https:\/\/frhub.netgear.com\/fr\/hub\/wp-json\/wp\/v2\/users\/68"}],"replies":[{"embeddable":true,"href":"https:\/\/frhub.netgear.com\/fr\/hub\/wp-json\/wp\/v2\/comments?post=9198"}],"version-history":[{"count":6,"href":"https:\/\/frhub.netgear.com\/fr\/hub\/wp-json\/wp\/v2\/pages\/9198\/revisions"}],"predecessor-version":[{"id":9687,"href":"https:\/\/frhub.netgear.com\/fr\/hub\/wp-json\/wp\/v2\/pages\/9198\/revisions\/9687"}],"up":[{"embeddable":true,"href":"https:\/\/frhub.netgear.com\/fr\/hub\/wp-json\/wp\/v2\/pages\/6752"}],"wp:featuredmedia":[{"embeddable":true,"href":"https:\/\/frhub.netgear.com\/fr\/hub\/wp-json\/wp\/v2\/media\/9202"}],"wp:attachment":[{"href":"https:\/\/frhub.netgear.com\/fr\/hub\/wp-json\/wp\/v2\/media?parent=9198"}],"curies":[{"name":"wp","href":"https:\/\/api.w.org\/{rel}","templated":true}]}}