{"id":6709,"date":"2023-04-11T19:10:51","date_gmt":"2023-04-12T02:10:51","guid":{"rendered":"https:\/\/compareforex.com.au\/?page_id=6709"},"modified":"2024-06-27T09:30:22","modified_gmt":"2024-06-27T07:30:22","slug":"extenders","status":"publish","type":"page","link":"https:\/\/frhub.netgear.com\/fr\/hub\/wifi\/extenders\/","title":{"rendered":"R\u00e9p\u00e9teurs WiFi"},"content":{"rendered":"<div class=\"flex-1 overflow-hidden\">\n<div class=\"react-scroll-to-bottom--css-wxcoi-79elbk h-full\">\n<div class=\"react-scroll-to-bottom--css-wxcoi-1n7m0yu\">\n<div class=\"flex flex-col pb-9 text-sm\">\n<div class=\"w-full text-token-text-primary\" data-testid=\"conversation-turn-55\">\n<div class=\"px-4 py-2 justify-center text-base md:gap-6 m-auto\">\n<div class=\"flex flex-1 text-base mx-auto gap-3 md:px-5 lg:px-1 xl:px-5 md:max-w-3xl lg:max-w-[40rem] xl:max-w-[48rem] } group final-completion\">\n<div class=\"relative flex w-full flex-col lg:w-[calc(100%-115px)] agent-turn\">\n<div class=\"flex-col gap-1 md:gap-3\">\n<div class=\"flex flex-grow flex-col max-w-full\">\n<div class=\"min-h-[20px] text-message flex flex-col items-start gap-3 whitespace-pre-wrap break-words [.text-message+&amp;]:mt-5 overflow-x-auto\" data-message-author-role=\"assistant\" data-message-id=\"ae9a23d1-48a0-4341-9874-89698b74f7f1\">\n<div class=\"markdown prose w-full break-words dark:prose-invert light\">\n<p>Nos r\u00e9p\u00e9teurs WiFi utilisent des technologies avanc\u00e9es telles que FastLane, qui utilise les deux bandes WiFi pour cr\u00e9er une seule connexion \u00e0 haute vitesse, et la technologie Mesh, qui cr\u00e9e un r\u00e9seau WiFi sans interruption dans tout votre espace en utilisant plusieurs points d&#8217;acc\u00e8s. Avec ces technologies, vous pouvez profiter de vitesses rapides et d&#8217;une connectivit\u00e9 fiable o\u00f9 que vous soyez dans votre maison ou votre entreprise.<\/p>\n<p>Nous offrons \u00e9galement des outils de configuration et de gestion faciles \u00e0 utiliser, y compris l&#8217;application Netgear Nighthawk, qui vous permet de configurer et de g\u00e9rer votre r\u00e9seau WiFi depuis votre smartphone ou tablette. Avec l&#8217;application, vous pouvez surveiller les performances de votre r\u00e9seau, configurer des contr\u00f4les parentaux et m\u00eame prioriser certains appareils pour des vitesses plus rapides.<\/p>\n<\/div>\n<\/div>\n<\/div>\n<\/div>\n<\/div>\n<\/div>\n<\/div>\n<\/div>\n<\/div>\n<\/div>\n<\/div>\n<\/div>\n","protected":false},"excerpt":{"rendered":"<p>Nos r\u00e9p\u00e9teurs WiFi utilisent des technologies avanc\u00e9es telles que FastLane, qui utilise les deux bandes WiFi pour cr\u00e9er une seule connexion \u00e0 haute vitesse, et la technologie Mesh, qui cr\u00e9e un r\u00e9seau WiFi sans interruption dans tout votre espace en utilisant plusieurs points d&#8217;acc\u00e8s. Avec ces technologies, vous pouvez profiter de vitesses rapides et d&#8217;une [&hellip;]<\/p>\n","protected":false},"author":68,"featured_media":0,"parent":6698,"menu_order":1,"comment_status":"closed","ping_status":"closed","template":"templates\/hub-category.php","meta":{"_acf_changed":false,"content-type":"","footnotes":""},"class_list":["post-6709","page","type-page","status-publish","hentry"],"acf":[],"yoast_head":"<!-- This site is optimized with the Yoast SEO plugin v27.4 - https:\/\/yoast.com\/product\/yoast-seo-wordpress\/ -->\n<title>Am\u00e9liorez la Couverture de Votre R\u00e9seau Sans Fil - R\u00e9p\u00e9teur WiFi<\/title>\n<meta name=\"description\" content=\"Plongez dans le monde des r\u00e9p\u00e9teurs WiFi, des dispositifs con\u00e7us pour augmenter la port\u00e9e et la puissance de votre r\u00e9seau. D\u00e9couvrez comment fonctionnent les r\u00e9p\u00e9teurs WiFi chez NETGEAR.\" \/>\n<meta name=\"robots\" content=\"index, follow, max-snippet:-1, max-image-preview:large, max-video-preview:-1\" \/>\n<link rel=\"canonical\" href=\"https:\/\/frhub.netgear.com\/fr\/hub\/wifi\/extenders\/\" \/>\n<meta property=\"og:locale\" content=\"en_US\" \/>\n<meta property=\"og:type\" content=\"article\" \/>\n<meta property=\"og:title\" content=\"Am\u00e9liorez la Couverture de Votre R\u00e9seau Sans Fil - R\u00e9p\u00e9teur WiFi\" \/>\n<meta property=\"og:description\" content=\"Plongez dans le monde des r\u00e9p\u00e9teurs WiFi, des dispositifs con\u00e7us pour augmenter la port\u00e9e et la puissance de votre r\u00e9seau. D\u00e9couvrez comment fonctionnent les r\u00e9p\u00e9teurs WiFi chez NETGEAR.\" \/>\n<meta property=\"og:url\" content=\"https:\/\/frhub.netgear.com\/fr\/hub\/wifi\/extenders\/\" \/>\n<meta property=\"og:site_name\" content=\"NETGEAR Blog\" \/>\n<meta property=\"article:publisher\" content=\"https:\/\/www.facebook.com\/NetgearAU\/\" \/>\n<meta property=\"article:modified_time\" content=\"2024-06-27T07:30:22+00:00\" \/>\n<meta name=\"twitter:card\" content=\"summary_large_image\" \/>\n<meta name=\"twitter:site\" content=\"@NETGEAR\" \/>\n<meta name=\"twitter:label1\" content=\"Est. reading time\" \/>\n\t<meta name=\"twitter:data1\" content=\"1 minute\" \/>\n<script type=\"application\/ld+json\" class=\"yoast-schema-graph\">{\"@context\":\"https:\\\/\\\/schema.org\",\"@graph\":[{\"@type\":\"WebPage\",\"@id\":\"https:\\\/\\\/frhub.netgear.com\\\/fr\\\/hub\\\/wifi\\\/extenders\\\/\",\"url\":\"https:\\\/\\\/frhub.netgear.com\\\/fr\\\/hub\\\/wifi\\\/extenders\\\/\",\"name\":\"Am\u00e9liorez la Couverture de Votre R\u00e9seau Sans Fil - R\u00e9p\u00e9teur WiFi\",\"isPartOf\":{\"@id\":\"https:\\\/\\\/frhub.netgear.com\\\/fr\\\/hub\\\/#website\"},\"datePublished\":\"2023-04-12T02:10:51+00:00\",\"dateModified\":\"2024-06-27T07:30:22+00:00\",\"description\":\"Plongez dans le monde des r\u00e9p\u00e9teurs WiFi, des dispositifs con\u00e7us pour augmenter la port\u00e9e et la puissance de votre r\u00e9seau. D\u00e9couvrez comment fonctionnent les r\u00e9p\u00e9teurs WiFi chez NETGEAR.\",\"breadcrumb\":{\"@id\":\"https:\\\/\\\/frhub.netgear.com\\\/fr\\\/hub\\\/wifi\\\/extenders\\\/#breadcrumb\"},\"inLanguage\":\"en-US\",\"potentialAction\":[{\"@type\":\"ReadAction\",\"target\":[\"https:\\\/\\\/frhub.netgear.com\\\/fr\\\/hub\\\/wifi\\\/extenders\\\/\"]}]},{\"@type\":\"BreadcrumbList\",\"@id\":\"https:\\\/\\\/frhub.netgear.com\\\/fr\\\/hub\\\/wifi\\\/extenders\\\/#breadcrumb\",\"itemListElement\":[{\"@type\":\"ListItem\",\"position\":1,\"name\":\"Home\",\"item\":\"https:\\\/\\\/frhub.netgear.com\\\/fr\\\/hub\\\/\"},{\"@type\":\"ListItem\",\"position\":2,\"name\":\"WiFi Tech Articles Hub\",\"item\":\"https:\\\/\\\/frhub.netgear.com\\\/fr\\\/hub\\\/wifi\\\/\"},{\"@type\":\"ListItem\",\"position\":3,\"name\":\"R\u00e9p\u00e9teurs WiFi\"}]},{\"@type\":\"WebSite\",\"@id\":\"https:\\\/\\\/frhub.netgear.com\\\/fr\\\/hub\\\/#website\",\"url\":\"https:\\\/\\\/frhub.netgear.com\\\/fr\\\/hub\\\/\",\"name\":\"NETGEAR Hub France\",\"description\":\"Explorez les pages de notre blog et parcourez les articles pour en savoir plus sur les produits et la technologie NETGEAR.\",\"publisher\":{\"@id\":\"https:\\\/\\\/frhub.netgear.com\\\/fr\\\/hub\\\/#organization\"},\"potentialAction\":[{\"@type\":\"SearchAction\",\"target\":{\"@type\":\"EntryPoint\",\"urlTemplate\":\"https:\\\/\\\/frhub.netgear.com\\\/fr\\\/hub\\\/?s={search_term_string}\"},\"query-input\":{\"@type\":\"PropertyValueSpecification\",\"valueRequired\":true,\"valueName\":\"search_term_string\"}}],\"inLanguage\":\"en-US\"},{\"@type\":\"Organization\",\"@id\":\"https:\\\/\\\/frhub.netgear.com\\\/fr\\\/hub\\\/#organization\",\"name\":\"NETGEAR\",\"url\":\"https:\\\/\\\/frhub.netgear.com\\\/fr\\\/hub\\\/\",\"logo\":{\"@type\":\"ImageObject\",\"inLanguage\":\"en-US\",\"@id\":\"https:\\\/\\\/frhub.netgear.com\\\/fr\\\/hub\\\/#\\\/schema\\\/logo\\\/image\\\/\",\"url\":\"https:\\\/\\\/www.netgear.com\\\/fr\\\/hub\\\/wp-content\\\/uploads\\\/2019\\\/07\\\/NETGEAR_logo.jpg\",\"contentUrl\":\"https:\\\/\\\/www.netgear.com\\\/fr\\\/hub\\\/wp-content\\\/uploads\\\/2019\\\/07\\\/NETGEAR_logo.jpg\",\"width\":1500,\"height\":501,\"caption\":\"NETGEAR\"},\"image\":{\"@id\":\"https:\\\/\\\/frhub.netgear.com\\\/fr\\\/hub\\\/#\\\/schema\\\/logo\\\/image\\\/\"},\"sameAs\":[\"https:\\\/\\\/www.facebook.com\\\/NetgearAU\\\/\",\"https:\\\/\\\/x.com\\\/NETGEAR\",\"https:\\\/\\\/www.linkedin.com\\\/company\\\/netgear\"]}]}<\/script>\n<!-- \/ Yoast SEO plugin. -->","yoast_head_json":{"title":"Am\u00e9liorez la Couverture de Votre R\u00e9seau Sans Fil - R\u00e9p\u00e9teur WiFi","description":"Plongez dans le monde des r\u00e9p\u00e9teurs WiFi, des dispositifs con\u00e7us pour augmenter la port\u00e9e et la puissance de votre r\u00e9seau. D\u00e9couvrez comment fonctionnent les r\u00e9p\u00e9teurs WiFi chez NETGEAR.","robots":{"index":"index","follow":"follow","max-snippet":"max-snippet:-1","max-image-preview":"max-image-preview:large","max-video-preview":"max-video-preview:-1"},"canonical":"https:\/\/frhub.netgear.com\/fr\/hub\/wifi\/extenders\/","og_locale":"en_US","og_type":"article","og_title":"Am\u00e9liorez la Couverture de Votre R\u00e9seau Sans Fil - R\u00e9p\u00e9teur WiFi","og_description":"Plongez dans le monde des r\u00e9p\u00e9teurs WiFi, des dispositifs con\u00e7us pour augmenter la port\u00e9e et la puissance de votre r\u00e9seau. D\u00e9couvrez comment fonctionnent les r\u00e9p\u00e9teurs WiFi chez NETGEAR.","og_url":"https:\/\/frhub.netgear.com\/fr\/hub\/wifi\/extenders\/","og_site_name":"NETGEAR Blog","article_publisher":"https:\/\/www.facebook.com\/NetgearAU\/","article_modified_time":"2024-06-27T07:30:22+00:00","twitter_card":"summary_large_image","twitter_site":"@NETGEAR","twitter_misc":{"Est. reading time":"1 minute"},"schema":{"@context":"https:\/\/schema.org","@graph":[{"@type":"WebPage","@id":"https:\/\/frhub.netgear.com\/fr\/hub\/wifi\/extenders\/","url":"https:\/\/frhub.netgear.com\/fr\/hub\/wifi\/extenders\/","name":"Am\u00e9liorez la Couverture de Votre R\u00e9seau Sans Fil - R\u00e9p\u00e9teur WiFi","isPartOf":{"@id":"https:\/\/frhub.netgear.com\/fr\/hub\/#website"},"datePublished":"2023-04-12T02:10:51+00:00","dateModified":"2024-06-27T07:30:22+00:00","description":"Plongez dans le monde des r\u00e9p\u00e9teurs WiFi, des dispositifs con\u00e7us pour augmenter la port\u00e9e et la puissance de votre r\u00e9seau. D\u00e9couvrez comment fonctionnent les r\u00e9p\u00e9teurs WiFi chez NETGEAR.","breadcrumb":{"@id":"https:\/\/frhub.netgear.com\/fr\/hub\/wifi\/extenders\/#breadcrumb"},"inLanguage":"en-US","potentialAction":[{"@type":"ReadAction","target":["https:\/\/frhub.netgear.com\/fr\/hub\/wifi\/extenders\/"]}]},{"@type":"BreadcrumbList","@id":"https:\/\/frhub.netgear.com\/fr\/hub\/wifi\/extenders\/#breadcrumb","itemListElement":[{"@type":"ListItem","position":1,"name":"Home","item":"https:\/\/frhub.netgear.com\/fr\/hub\/"},{"@type":"ListItem","position":2,"name":"WiFi Tech Articles Hub","item":"https:\/\/frhub.netgear.com\/fr\/hub\/wifi\/"},{"@type":"ListItem","position":3,"name":"R\u00e9p\u00e9teurs WiFi"}]},{"@type":"WebSite","@id":"https:\/\/frhub.netgear.com\/fr\/hub\/#website","url":"https:\/\/frhub.netgear.com\/fr\/hub\/","name":"NETGEAR Hub France","description":"Explorez les pages de notre blog et parcourez les articles pour en savoir plus sur les produits et la technologie NETGEAR.","publisher":{"@id":"https:\/\/frhub.netgear.com\/fr\/hub\/#organization"},"potentialAction":[{"@type":"SearchAction","target":{"@type":"EntryPoint","urlTemplate":"https:\/\/frhub.netgear.com\/fr\/hub\/?s={search_term_string}"},"query-input":{"@type":"PropertyValueSpecification","valueRequired":true,"valueName":"search_term_string"}}],"inLanguage":"en-US"},{"@type":"Organization","@id":"https:\/\/frhub.netgear.com\/fr\/hub\/#organization","name":"NETGEAR","url":"https:\/\/frhub.netgear.com\/fr\/hub\/","logo":{"@type":"ImageObject","inLanguage":"en-US","@id":"https:\/\/frhub.netgear.com\/fr\/hub\/#\/schema\/logo\/image\/","url":"https:\/\/www.netgear.com\/fr\/hub\/wp-content\/uploads\/2019\/07\/NETGEAR_logo.jpg","contentUrl":"https:\/\/www.netgear.com\/fr\/hub\/wp-content\/uploads\/2019\/07\/NETGEAR_logo.jpg","width":1500,"height":501,"caption":"NETGEAR"},"image":{"@id":"https:\/\/frhub.netgear.com\/fr\/hub\/#\/schema\/logo\/image\/"},"sameAs":["https:\/\/www.facebook.com\/NetgearAU\/","https:\/\/x.com\/NETGEAR","https:\/\/www.linkedin.com\/company\/netgear"]}]}},"_links":{"self":[{"href":"https:\/\/frhub.netgear.com\/fr\/hub\/wp-json\/wp\/v2\/pages\/6709","targetHints":{"allow":["GET"]}}],"collection":[{"href":"https:\/\/frhub.netgear.com\/fr\/hub\/wp-json\/wp\/v2\/pages"}],"about":[{"href":"https:\/\/frhub.netgear.com\/fr\/hub\/wp-json\/wp\/v2\/types\/page"}],"author":[{"embeddable":true,"href":"https:\/\/frhub.netgear.com\/fr\/hub\/wp-json\/wp\/v2\/users\/68"}],"replies":[{"embeddable":true,"href":"https:\/\/frhub.netgear.com\/fr\/hub\/wp-json\/wp\/v2\/comments?post=6709"}],"version-history":[{"count":10,"href":"https:\/\/frhub.netgear.com\/fr\/hub\/wp-json\/wp\/v2\/pages\/6709\/revisions"}],"predecessor-version":[{"id":9569,"href":"https:\/\/frhub.netgear.com\/fr\/hub\/wp-json\/wp\/v2\/pages\/6709\/revisions\/9569"}],"up":[{"embeddable":true,"href":"https:\/\/frhub.netgear.com\/fr\/hub\/wp-json\/wp\/v2\/pages\/6698"}],"wp:attachment":[{"href":"https:\/\/frhub.netgear.com\/fr\/hub\/wp-json\/wp\/v2\/media?parent=6709"}],"curies":[{"name":"wp","href":"https:\/\/api.w.org\/{rel}","templated":true}]}}