{"id":11759,"date":"2025-11-28T18:56:50","date_gmt":"2025-12-02T17:56:37","guid":{"rendered":"https:\/\/frhub.netgear.com\/fr\/hub\/?page_id=11759"},"modified":"2025-12-30T09:47:04","modified_gmt":"2025-12-30T08:47:04","slug":"lindy-netgear-a-partnership-for-advanced-av-integration","status":"publish","type":"page","link":"https:\/\/frhub.netgear.com\/fr\/hub\/business\/av\/lindy-netgear-a-partnership-for-advanced-av-integration\/","title":{"rendered":"Lindy &amp; NETGEAR : un partenariat pour une int\u00e9gration AV avanc\u00e9e"},"content":{"rendered":"<p><img loading=\"lazy\" decoding=\"async\" class=\"alignone size-full wp-image-10681\" style=\"border-radius: 1em;\" src=\"https:\/\/www.netgear.com\/hub\/wp-content\/uploads\/2025\/11\/38365_HW.png\" alt=\"\" width=\"1048\" height=\"511\" \/><\/p>\n    <div class=\"table-of-content bg-gray\">\n        <p><strong>IN THIS ARTICLE<\/strong><\/p>\n        <ul>\n                        <li><a href=\"#topic2\">Interop\u00e9rabilit\u00e9 garantie et d\u00e9ploiement simplifi\u00e9<\/a><\/li>\n                        <li><a href=\"#topic3\">Des applications renforc\u00e9es dans les environnements professionnels<\/a><\/li>\n                        <li><a href=\"#topic4\">Une collaboration qui fait progresser la technologie AV<\/a><\/li>\n                        <li><a href=\"#topic5\">Plus d'informations<\/a><\/li>\n                    <\/ul>\n    <\/div>\n        <div id=\"topic1\" class=\"skip-item\">\n                        <p data-start=\"49\" data-end=\"391\">La transmission efficace de contenus audiovisuels de haute qualit\u00e9 est une exigence essentielle dans les environnements professionnels, \u00e9ducatifs et publics modernes. \u00c0 mesure que les organisations adoptent de plus en plus de solutions AV-over-IP, l\u2019infrastructure r\u00e9seau sous-jacente devient aussi essentielle que les terminaux AV eux-m\u00eames.<\/p>\n<p data-start=\"393\" data-end=\"670\">Un syst\u00e8me AV-over-IP performant repose sur deux \u00e9l\u00e9ments cl\u00e9s : une gestion sophistiqu\u00e9e des signaux AV et un r\u00e9seau robuste capable de supporter la charge de donn\u00e9es. Le partenariat entre Lindy et NETGEAR excelle en fournissant des solutions de pointe dans ces deux domaines.<\/p>\n<p data-start=\"672\" data-end=\"919\">Le syst\u00e8me SDVoE de Lindy offre les outils n\u00e9cessaires pour g\u00e9rer des flux AV complexes avec pr\u00e9cision et flexibilit\u00e9. Il s\u2019articule autour de deux produits principaux travaillant en synergie pour distribuer et contr\u00f4ler les contenus audiovisuels.<\/p>\n<ul>\n<li data-start=\"921\" data-end=\"1257\"><strong data-start=\"921\" data-end=\"955\">Le contr\u00f4leur SDVoE (n\u00b0 38364)<\/strong> : cette unit\u00e9 constitue le centre de commande de toute l\u2019installation AV. Elle propose une interface graphique web pour une gestion centralis\u00e9e du syst\u00e8me, permettant aux op\u00e9rateurs de router les signaux, cr\u00e9er des murs d\u2019images et configurer des pr\u00e9r\u00e9glages via de simples actions de glisser-d\u00e9poser.<\/li>\n<li data-start=\"1259\" data-end=\"1623\"><strong data-start=\"1259\" data-end=\"1295\">Le transcepteur SDVoE (n\u00b0 38365)<\/strong> est un appareil tr\u00e8s polyvalent qui peut \u00eatre configur\u00e9 soit comme encodeur (\u00e0 la source), soit comme d\u00e9codeur (\u00e0 l\u2019affichage). Cette double fonctionnalit\u00e9 simplifie la conception du syst\u00e8me et la gestion des stocks, permettant des configurations allant d\u2019une simple extension point-\u00e0-point \u00e0 un commutateur matriciel complexe.<\/li>\n<\/ul>\n<p data-start=\"1625\" data-end=\"1980\">La performance de tout syst\u00e8me AV-over-IP d\u00e9pend de la qualit\u00e9 du commutateur r\u00e9seau. Les commutateurs manag\u00e9s NETGEAR des s\u00e9ries M4250 et M4350 sont sp\u00e9cifiquement con\u00e7us pour les applications AV-over-IP. Ils offrent un environnement \u00e0 haute bande passante et \u00e0 faible latence, indispensable pour la transmission sans faille de vid\u00e9os 4K non compress\u00e9es.<\/p>\n<p data-start=\"1982\" data-end=\"2239\">L\u2019int\u00e9gration du mat\u00e9riel SDVoE de Lindy avec l\u2019infrastructure r\u00e9seau de NETGEAR cr\u00e9e une solution dont la valeur d\u00e9passe la somme des composants pris isol\u00e9ment. Ce partenariat apporte des avantages tangibles aux installateurs comme aux utilisateurs finaux.<\/p>\n    <\/div>\n        <div id=\"topic2\" class=\"skip-item\">\n                        <h2>Interop\u00e9rabilit\u00e9 garantie et d\u00e9ploiement simplifi\u00e9<\/h2>\n                <p data-start=\"2302\" data-end=\"2859\">L\u2019un des principaux d\u00e9fis des projets AV-over-IP est d\u2019assurer le fonctionnement harmonieux de tous les composants. La collaboration entre Lindy et NETGEAR \u00e9limine cette incertitude. Les deux entreprises sont membres de la SDVoE Alliance et ont \u0153uvr\u00e9 pour assurer la compatibilit\u00e9 totale de leurs produits. Les configurations sp\u00e9cialis\u00e9es des commutateurs NETGEAR pour l\u2019AV sont pr\u00e9test\u00e9es pour les environnements SDVoE, ce qui permet aux installateurs de d\u00e9ployer un syst\u00e8me en toute confiance, en sachant que le r\u00e9seau est optimis\u00e9 pour le mat\u00e9riel Lindy.<\/p>\n<p data-start=\"2861\" data-end=\"3375\">La technologie SDVoE garantit une transmission vid\u00e9o sans latence et visuellement sans perte. Ce niveau de performance n\u2019est possible qu\u2019avec un r\u00e9seau capable de soutenir des d\u00e9bits \u00e9lev\u00e9s sans perte de paquets ni jitter. Les commutateurs 10G de NETGEAR fournissent la base solide et robuste n\u00e9cessaire pour permettre aux transcepteurs Lindy de d\u00e9livrer une vid\u00e9o et un audio 4K non compress\u00e9s, sans compromis. Cela assure une exp\u00e9rience visuelle irr\u00e9prochable, essentielle dans les environnements professionnels.<\/p>\n<p data-start=\"3377\" data-end=\"3975\">La nature modulaire de cette solution combin\u00e9e offre une \u00e9volutivit\u00e9 exceptionnelle. Une organisation peut d\u00e9marrer avec un simple syst\u00e8me d\u2019extension point-\u00e0-point utilisant deux transcepteurs Lindy et un petit commutateur NETGEAR. \u00c0 mesure que les besoins \u00e9voluent, d\u2019autres transcepteurs et \u00e9crans peuvent \u00eatre ajout\u00e9s au r\u00e9seau. Le syst\u00e8me peut ais\u00e9ment \u00e9voluer pour supporter de grands murs d\u2019images ou un environnement complet de commutation matricielle \u00e0 l\u2019\u00e9chelle d\u2019un campus entier, le tout g\u00e9r\u00e9 par le contr\u00f4leur SDVoE de Lindy et soutenu par la capacit\u00e9 \u00e9tendue des commutateurs NETGEAR.<\/p>\n    <\/div>\n        <div id=\"topic3\" class=\"skip-item\">\n                        <h2>Des applications renforc\u00e9es dans les environnements professionnels<\/h2>\n                <p data-start=\"4054\" data-end=\"4170\">La synergie entre Lindy et NETGEAR am\u00e9liore les possibilit\u00e9s AV dans une large vari\u00e9t\u00e9 de secteurs professionnels.<\/p>\n<p data-start=\"4172\" data-end=\"4614\"><strong data-start=\"4172\" data-end=\"4205\">Environnements d\u2019entreprise :<\/strong> dans les salles de r\u00e9union et centres de conf\u00e9rences, la solution permet des pr\u00e9sentations fluides et une collaboration multi-sources. Un pr\u00e9sentateur peut instantan\u00e9ment rediriger le contenu de son ordinateur portable vers un mur d\u2019images central. En parall\u00e8le, la fonctionnalit\u00e9 USB KVM du syst\u00e8me permet un contr\u00f4le depuis un \u00e9cran interactif, le tout soutenu par une infrastructure r\u00e9seau NETGEAR fiable.<\/p>\n<p data-start=\"4616\" data-end=\"4953\"><strong data-start=\"4616\" data-end=\"4645\">Institutions \u00e9ducatives :<\/strong> les universit\u00e9s peuvent cr\u00e9er des espaces d\u2019apprentissage dynamiques o\u00f9 le contenu de l\u2019enseignant est diffus\u00e9 sur plusieurs \u00e9crans dans un amphith\u00e9\u00e2tre. L\u2019\u00e9volutivit\u00e9 du syst\u00e8me permet une distribution AV \u00e0 l\u2019\u00e9chelle du campus, reliant salles de classe et auditoriums via une infrastructure r\u00e9seau unifi\u00e9e.<\/p>\n<p data-start=\"4955\" data-end=\"5353\"><strong data-start=\"4955\" data-end=\"4998\">Affichage dynamique et divertissement :<\/strong> pour la signal\u00e9tique num\u00e9rique \u00e0 grande \u00e9chelle dans les environnements de vente ou de transport, ce partenariat fournit la puissance n\u00e9cessaire pour piloter d\u2019immenses murs d\u2019images multi-panneaux avec un contenu haute r\u00e9solution parfaitement synchronis\u00e9. La fiabilit\u00e9 du syst\u00e8me est cruciale pour ces applications publiques en fonctionnement permanent.<\/p>\n    <\/div>\n        <div id=\"topic4\" class=\"skip-item\">\n                        <h2>Une collaboration qui fait progresser la technologie AV<\/h2>\n                <p>Le partenariat entre Lindy et NETGEAR repr\u00e9sente une avanc\u00e9e majeure pour l\u2019industrie AV professionnelle. Il combine une expertise sp\u00e9cialis\u00e9e en traitement des signaux AV et en ing\u00e9nierie r\u00e9seau pour cr\u00e9er un \u00e9cosyst\u00e8me coh\u00e9rent et performant. En choisissant les solutions SDVoE de Lindy, propuls\u00e9es par l\u2019infrastructure r\u00e9seau de NETGEAR, les organisations adoptent une plateforme compl\u00e8te et p\u00e9renne pour l\u2019AV-over-IP. Cette collaboration simplifie l\u2019int\u00e9gration, garantit la performance et permet aux utilisateurs d\u2019exploiter pleinement le potentiel du Software Defined Video over Ethernet.<\/p>\n    <\/div>\n        <div id=\"topic5\" class=\"skip-item\">\n                        <h2>Plus d'informations<\/h2>\n                <p><!--SOLUTIONS NETGEAR AV --><br \/>\nPlus d\u2019informations sur nos solutions audiovisuelles<\/p>\n<div class=\"hs-cta-embed hs-cta-simple-placeholder hs-cta-embed-241151160046\" style=\"max-width: 100%;max-height: 100%;width: 260px;height: 50.390625px\" data-hubspot-wrapper-cta-id=\"241151160046\"><a href=\"https:\/\/cta-na2.hubspot.com\/web-interactives\/public\/v1\/track\/redirect?encryptedPayload=AVxigLJf4HGLXU18h5HBrlQTZuKX4p21iriDX%2FD9Weo1E0jc26wgSp32sJpGF%2FrOb977gqk9Skq%2FVgamhq%2FXvCN0mPQ1dmrdARtcNUH8fV5cFOvngo8qJ8EuMyEq%2Fqu2y51zC2FZUVyu97opP5ixVGCiE%2Bg6BOgTVVDljEMF5hhhXUNpnikrl2UTN%2Bb3TA%3D%3D&amp;webInteractiveContentId=241151160046&amp;portalId=242128791\" target=\"_blank\" rel=\"noopener\"><br \/>\n<img decoding=\"async\" style=\"height: 100%;width: 100%;object-fit: fill\" src=\"https:\/\/hubspot-no-cache-na2-prod.s3.amazonaws.com\/cta\/default\/242128791\/interactive-241151160046.png\" alt=\"SOLUTIONS NETGEAR AV\" \/><br \/>\n<\/a><\/div>\n<p><!-- NETGEAR ACADEMY AV --><br \/>\nApprenez tout sur les r\u00e9seaux IP gr\u00e2ce \u00e0 la NETGEAR ACADEMY<\/p>\n<div class=\"hs-cta-embed hs-cta-simple-placeholder hs-cta-embed-241151160033\" style=\"max-width: 100%;max-height: 100%;width: 260px;height: 50.390625px\" data-hubspot-wrapper-cta-id=\"241151160033\"><a href=\"https:\/\/cta-na2.hubspot.com\/web-interactives\/public\/v1\/track\/redirect?encryptedPayload=AVxigLJ6zgXxrLVJLagOt9pyIXf5%2FGgh9lUupWJj49Nfcbq71eIrrvJQt9JGeaQwNkTAPTWhI2%2BXk56NQscWP4xOQ7iZrhk6rkBjyO4dBlJGP1gG3BpcrdlgLyF%2F850K2l3xn5kDj5H%2Fur8VO2zJH58QH7by4HFWliY25223Shr3sQx25aCmNBjCDkNwA2WRum67F9fGyQyzoYOn86wAq%2Brw3xzsBDMbyw%3D%3D&amp;webInteractiveContentId=241151160033&amp;portalId=242128791\" target=\"_blank\" rel=\"noopener\"><br \/>\n<img decoding=\"async\" style=\"height: 100%;width: 100%;object-fit: fill\" src=\"https:\/\/hubspot-no-cache-na2-prod.s3.amazonaws.com\/cta\/default\/242128791\/interactive-241151160033.png\" alt=\"NETGEAR ACADEMY\" \/><br \/>\n<\/a><\/div>\n<p style=\"margin-bottom: 30px\"><!--CONTACTEZ L'EQUIPE PROAV --><br \/>\nNos ing\u00e9nieurs vous accompagneront gratuitement dans la r\u00e9alisation de vos projets audiovisuels<\/p>\n<div class=\"hs-cta-embed hs-cta-simple-placeholder hs-cta-embed-241151160055\" style=\"max-width: 100%;max-height: 100%;width: 270px;height: 50.390625px\" data-hubspot-wrapper-cta-id=\"241151160055\"><a href=\"https:\/\/cta-na2.hubspot.com\/web-interactives\/public\/v1\/track\/redirect?encryptedPayload=AVxigLLUG9XShtF2ziGdRlpsMD%2BMJ39t1kFOE7VlHl2HmmlWzlJWH0rsV7f3eoQL53gclcWb0lliiDgK3EAMVvEOcIE7gW9aYOwk1uipv43pSUkBlDtiKJ%2BcB7fopWupnJbggqZWRkNERZkdh1dDGXHHDJX3V0sOA8mbXD%2Fd6QC2XK2OyVtrDNFDHbBoT6b15PyvF4Ca3b6JBNTYdAzYeH790XenlNKBP4OKZqw50t7IGx9DuADFMFlNdg6FWQ%3D%3D&amp;webInteractiveContentId=241151160055&amp;portalId=242128791\" target=\"_blank\" rel=\"noopener\"><br \/>\n<img decoding=\"async\" style=\"height: 100%;width: 100%;object-fit: fill\" src=\"https:\/\/hubspot-no-cache-na2-prod.s3.amazonaws.com\/cta\/default\/242128791\/interactive-241151160055.png\" alt=\"CONTACTEZ L'EQUIPE PROAV\" \/><br \/>\n<\/a><\/div>\n<p style=\"margin-top: 50px\"><iframe loading=\"lazy\" src=\"https:\/\/405nrr.share-na2.hsforms.com\/24AR2ZDSmQqWycFqf8q5-eg\" width=\"100%\" height=\"1200px\"><\/iframe><\/p>\n    <\/div>\n    \n","protected":false},"excerpt":{"rendered":"","protected":false},"author":97,"featured_media":11760,"parent":6754,"menu_order":0,"comment_status":"closed","ping_status":"closed","template":"templates\/blog-wifi.php","meta":{"_acf_changed":false,"content-type":"","footnotes":""},"class_list":["post-11759","page","type-page","status-publish","has-post-thumbnail","hentry"],"acf":[],"yoast_head":"<!-- This site is optimized with the Yoast SEO plugin v27.4 - https:\/\/yoast.com\/product\/yoast-seo-wordpress\/ -->\n<title>Lindy &amp; NETGEAR : un partenariat pour une int\u00e9gration AV avanc\u00e9e - NETGEAR Blog<\/title>\n<meta name=\"description\" content=\"Lindy &amp; NETGEAR : un partenariat pour une int\u00e9gration AV avanc\u00e9e\" \/>\n<meta name=\"robots\" content=\"index, follow, max-snippet:-1, max-image-preview:large, max-video-preview:-1\" \/>\n<link rel=\"canonical\" href=\"https:\/\/frhub.netgear.com\/fr\/hub\/business\/av\/lindy-netgear-a-partnership-for-advanced-av-integration\/\" \/>\n<meta property=\"og:locale\" content=\"en_US\" \/>\n<meta property=\"og:type\" content=\"article\" \/>\n<meta property=\"og:title\" content=\"Lindy &amp; NETGEAR : un partenariat pour une int\u00e9gration AV avanc\u00e9e - NETGEAR Blog\" \/>\n<meta property=\"og:description\" content=\"Lindy &amp; NETGEAR : un partenariat pour une int\u00e9gration AV avanc\u00e9e\" \/>\n<meta property=\"og:url\" content=\"https:\/\/frhub.netgear.com\/fr\/hub\/business\/av\/lindy-netgear-a-partnership-for-advanced-av-integration\/\" \/>\n<meta property=\"og:site_name\" content=\"NETGEAR Blog\" \/>\n<meta property=\"article:publisher\" content=\"https:\/\/www.facebook.com\/NetgearAU\/\" \/>\n<meta property=\"article:modified_time\" content=\"2025-12-30T08:47:04+00:00\" \/>\n<meta property=\"og:image\" content=\"https:\/\/frhub.netgear.com\/fr\/hub\/wp-content\/uploads\/2025\/12\/Lindy-3-e1764339080679-383x288-1.jpeg\" \/>\n\t<meta property=\"og:image:width\" content=\"383\" \/>\n\t<meta property=\"og:image:height\" content=\"288\" \/>\n\t<meta property=\"og:image:type\" content=\"image\/jpeg\" \/>\n<meta name=\"twitter:card\" content=\"summary_large_image\" \/>\n<meta name=\"twitter:site\" content=\"@NETGEAR\" \/>\n<script type=\"application\/ld+json\" class=\"yoast-schema-graph\">{\"@context\":\"https:\\\/\\\/schema.org\",\"@graph\":[{\"@type\":\"WebPage\",\"@id\":\"https:\\\/\\\/frhub.netgear.com\\\/fr\\\/hub\\\/business\\\/av\\\/lindy-netgear-a-partnership-for-advanced-av-integration\\\/\",\"url\":\"https:\\\/\\\/frhub.netgear.com\\\/fr\\\/hub\\\/business\\\/av\\\/lindy-netgear-a-partnership-for-advanced-av-integration\\\/\",\"name\":\"Lindy &amp; NETGEAR : un partenariat pour une int\u00e9gration AV avanc\u00e9e - NETGEAR Blog\",\"isPartOf\":{\"@id\":\"https:\\\/\\\/frhub.netgear.com\\\/fr\\\/hub\\\/#website\"},\"primaryImageOfPage\":{\"@id\":\"https:\\\/\\\/frhub.netgear.com\\\/fr\\\/hub\\\/business\\\/av\\\/lindy-netgear-a-partnership-for-advanced-av-integration\\\/#primaryimage\"},\"image\":{\"@id\":\"https:\\\/\\\/frhub.netgear.com\\\/fr\\\/hub\\\/business\\\/av\\\/lindy-netgear-a-partnership-for-advanced-av-integration\\\/#primaryimage\"},\"thumbnailUrl\":\"https:\\\/\\\/frhub.netgear.com\\\/fr\\\/hub\\\/wp-content\\\/uploads\\\/2025\\\/12\\\/Lindy-3-e1764339080679-383x288-1.jpeg\",\"datePublished\":\"2025-12-02T17:56:37+00:00\",\"dateModified\":\"2025-12-30T08:47:04+00:00\",\"description\":\"Lindy & NETGEAR : un partenariat pour une int\u00e9gration AV avanc\u00e9e\",\"breadcrumb\":{\"@id\":\"https:\\\/\\\/frhub.netgear.com\\\/fr\\\/hub\\\/business\\\/av\\\/lindy-netgear-a-partnership-for-advanced-av-integration\\\/#breadcrumb\"},\"inLanguage\":\"en-US\",\"potentialAction\":[{\"@type\":\"ReadAction\",\"target\":[\"https:\\\/\\\/frhub.netgear.com\\\/fr\\\/hub\\\/business\\\/av\\\/lindy-netgear-a-partnership-for-advanced-av-integration\\\/\"]}]},{\"@type\":\"ImageObject\",\"inLanguage\":\"en-US\",\"@id\":\"https:\\\/\\\/frhub.netgear.com\\\/fr\\\/hub\\\/business\\\/av\\\/lindy-netgear-a-partnership-for-advanced-av-integration\\\/#primaryimage\",\"url\":\"https:\\\/\\\/frhub.netgear.com\\\/fr\\\/hub\\\/wp-content\\\/uploads\\\/2025\\\/12\\\/Lindy-3-e1764339080679-383x288-1.jpeg\",\"contentUrl\":\"https:\\\/\\\/frhub.netgear.com\\\/fr\\\/hub\\\/wp-content\\\/uploads\\\/2025\\\/12\\\/Lindy-3-e1764339080679-383x288-1.jpeg\",\"width\":383,\"height\":288},{\"@type\":\"BreadcrumbList\",\"@id\":\"https:\\\/\\\/frhub.netgear.com\\\/fr\\\/hub\\\/business\\\/av\\\/lindy-netgear-a-partnership-for-advanced-av-integration\\\/#breadcrumb\",\"itemListElement\":[{\"@type\":\"ListItem\",\"position\":1,\"name\":\"Home\",\"item\":\"https:\\\/\\\/frhub.netgear.com\\\/fr\\\/hub\\\/\"},{\"@type\":\"ListItem\",\"position\":2,\"name\":\"Entreprises\",\"item\":\"https:\\\/\\\/frhub.netgear.com\\\/fr\\\/hub\\\/business\\\/\"},{\"@type\":\"ListItem\",\"position\":3,\"name\":\"Entreprise AV\",\"item\":\"https:\\\/\\\/frhub.netgear.com\\\/fr\\\/hub\\\/business\\\/av\\\/\"},{\"@type\":\"ListItem\",\"position\":4,\"name\":\"Lindy &amp; NETGEAR : un partenariat pour une int\u00e9gration AV avanc\u00e9e\"}]},{\"@type\":\"WebSite\",\"@id\":\"https:\\\/\\\/frhub.netgear.com\\\/fr\\\/hub\\\/#website\",\"url\":\"https:\\\/\\\/frhub.netgear.com\\\/fr\\\/hub\\\/\",\"name\":\"NETGEAR Hub France\",\"description\":\"Explorez les pages de notre blog et parcourez les articles pour en savoir plus sur les produits et la technologie NETGEAR.\",\"publisher\":{\"@id\":\"https:\\\/\\\/frhub.netgear.com\\\/fr\\\/hub\\\/#organization\"},\"potentialAction\":[{\"@type\":\"SearchAction\",\"target\":{\"@type\":\"EntryPoint\",\"urlTemplate\":\"https:\\\/\\\/frhub.netgear.com\\\/fr\\\/hub\\\/?s={search_term_string}\"},\"query-input\":{\"@type\":\"PropertyValueSpecification\",\"valueRequired\":true,\"valueName\":\"search_term_string\"}}],\"inLanguage\":\"en-US\"},{\"@type\":\"Organization\",\"@id\":\"https:\\\/\\\/frhub.netgear.com\\\/fr\\\/hub\\\/#organization\",\"name\":\"NETGEAR\",\"url\":\"https:\\\/\\\/frhub.netgear.com\\\/fr\\\/hub\\\/\",\"logo\":{\"@type\":\"ImageObject\",\"inLanguage\":\"en-US\",\"@id\":\"https:\\\/\\\/frhub.netgear.com\\\/fr\\\/hub\\\/#\\\/schema\\\/logo\\\/image\\\/\",\"url\":\"https:\\\/\\\/www.netgear.com\\\/fr\\\/hub\\\/wp-content\\\/uploads\\\/2019\\\/07\\\/NETGEAR_logo.jpg\",\"contentUrl\":\"https:\\\/\\\/www.netgear.com\\\/fr\\\/hub\\\/wp-content\\\/uploads\\\/2019\\\/07\\\/NETGEAR_logo.jpg\",\"width\":1500,\"height\":501,\"caption\":\"NETGEAR\"},\"image\":{\"@id\":\"https:\\\/\\\/frhub.netgear.com\\\/fr\\\/hub\\\/#\\\/schema\\\/logo\\\/image\\\/\"},\"sameAs\":[\"https:\\\/\\\/www.facebook.com\\\/NetgearAU\\\/\",\"https:\\\/\\\/x.com\\\/NETGEAR\",\"https:\\\/\\\/www.linkedin.com\\\/company\\\/netgear\"]}]}<\/script>\n<!-- \/ Yoast SEO plugin. -->","yoast_head_json":{"title":"Lindy &amp; NETGEAR : un partenariat pour une int\u00e9gration AV avanc\u00e9e - NETGEAR Blog","description":"Lindy & NETGEAR : un partenariat pour une int\u00e9gration AV avanc\u00e9e","robots":{"index":"index","follow":"follow","max-snippet":"max-snippet:-1","max-image-preview":"max-image-preview:large","max-video-preview":"max-video-preview:-1"},"canonical":"https:\/\/frhub.netgear.com\/fr\/hub\/business\/av\/lindy-netgear-a-partnership-for-advanced-av-integration\/","og_locale":"en_US","og_type":"article","og_title":"Lindy &amp; NETGEAR : un partenariat pour une int\u00e9gration AV avanc\u00e9e - NETGEAR Blog","og_description":"Lindy & NETGEAR : un partenariat pour une int\u00e9gration AV avanc\u00e9e","og_url":"https:\/\/frhub.netgear.com\/fr\/hub\/business\/av\/lindy-netgear-a-partnership-for-advanced-av-integration\/","og_site_name":"NETGEAR Blog","article_publisher":"https:\/\/www.facebook.com\/NetgearAU\/","article_modified_time":"2025-12-30T08:47:04+00:00","og_image":[{"width":383,"height":288,"url":"https:\/\/frhub.netgear.com\/fr\/hub\/wp-content\/uploads\/2025\/12\/Lindy-3-e1764339080679-383x288-1.jpeg","type":"image\/jpeg"}],"twitter_card":"summary_large_image","twitter_site":"@NETGEAR","schema":{"@context":"https:\/\/schema.org","@graph":[{"@type":"WebPage","@id":"https:\/\/frhub.netgear.com\/fr\/hub\/business\/av\/lindy-netgear-a-partnership-for-advanced-av-integration\/","url":"https:\/\/frhub.netgear.com\/fr\/hub\/business\/av\/lindy-netgear-a-partnership-for-advanced-av-integration\/","name":"Lindy &amp; NETGEAR : un partenariat pour une int\u00e9gration AV avanc\u00e9e - NETGEAR Blog","isPartOf":{"@id":"https:\/\/frhub.netgear.com\/fr\/hub\/#website"},"primaryImageOfPage":{"@id":"https:\/\/frhub.netgear.com\/fr\/hub\/business\/av\/lindy-netgear-a-partnership-for-advanced-av-integration\/#primaryimage"},"image":{"@id":"https:\/\/frhub.netgear.com\/fr\/hub\/business\/av\/lindy-netgear-a-partnership-for-advanced-av-integration\/#primaryimage"},"thumbnailUrl":"https:\/\/frhub.netgear.com\/fr\/hub\/wp-content\/uploads\/2025\/12\/Lindy-3-e1764339080679-383x288-1.jpeg","datePublished":"2025-12-02T17:56:37+00:00","dateModified":"2025-12-30T08:47:04+00:00","description":"Lindy & NETGEAR : un partenariat pour une int\u00e9gration AV avanc\u00e9e","breadcrumb":{"@id":"https:\/\/frhub.netgear.com\/fr\/hub\/business\/av\/lindy-netgear-a-partnership-for-advanced-av-integration\/#breadcrumb"},"inLanguage":"en-US","potentialAction":[{"@type":"ReadAction","target":["https:\/\/frhub.netgear.com\/fr\/hub\/business\/av\/lindy-netgear-a-partnership-for-advanced-av-integration\/"]}]},{"@type":"ImageObject","inLanguage":"en-US","@id":"https:\/\/frhub.netgear.com\/fr\/hub\/business\/av\/lindy-netgear-a-partnership-for-advanced-av-integration\/#primaryimage","url":"https:\/\/frhub.netgear.com\/fr\/hub\/wp-content\/uploads\/2025\/12\/Lindy-3-e1764339080679-383x288-1.jpeg","contentUrl":"https:\/\/frhub.netgear.com\/fr\/hub\/wp-content\/uploads\/2025\/12\/Lindy-3-e1764339080679-383x288-1.jpeg","width":383,"height":288},{"@type":"BreadcrumbList","@id":"https:\/\/frhub.netgear.com\/fr\/hub\/business\/av\/lindy-netgear-a-partnership-for-advanced-av-integration\/#breadcrumb","itemListElement":[{"@type":"ListItem","position":1,"name":"Home","item":"https:\/\/frhub.netgear.com\/fr\/hub\/"},{"@type":"ListItem","position":2,"name":"Entreprises","item":"https:\/\/frhub.netgear.com\/fr\/hub\/business\/"},{"@type":"ListItem","position":3,"name":"Entreprise AV","item":"https:\/\/frhub.netgear.com\/fr\/hub\/business\/av\/"},{"@type":"ListItem","position":4,"name":"Lindy &amp; NETGEAR : un partenariat pour une int\u00e9gration AV avanc\u00e9e"}]},{"@type":"WebSite","@id":"https:\/\/frhub.netgear.com\/fr\/hub\/#website","url":"https:\/\/frhub.netgear.com\/fr\/hub\/","name":"NETGEAR Hub France","description":"Explorez les pages de notre blog et parcourez les articles pour en savoir plus sur les produits et la technologie NETGEAR.","publisher":{"@id":"https:\/\/frhub.netgear.com\/fr\/hub\/#organization"},"potentialAction":[{"@type":"SearchAction","target":{"@type":"EntryPoint","urlTemplate":"https:\/\/frhub.netgear.com\/fr\/hub\/?s={search_term_string}"},"query-input":{"@type":"PropertyValueSpecification","valueRequired":true,"valueName":"search_term_string"}}],"inLanguage":"en-US"},{"@type":"Organization","@id":"https:\/\/frhub.netgear.com\/fr\/hub\/#organization","name":"NETGEAR","url":"https:\/\/frhub.netgear.com\/fr\/hub\/","logo":{"@type":"ImageObject","inLanguage":"en-US","@id":"https:\/\/frhub.netgear.com\/fr\/hub\/#\/schema\/logo\/image\/","url":"https:\/\/www.netgear.com\/fr\/hub\/wp-content\/uploads\/2019\/07\/NETGEAR_logo.jpg","contentUrl":"https:\/\/www.netgear.com\/fr\/hub\/wp-content\/uploads\/2019\/07\/NETGEAR_logo.jpg","width":1500,"height":501,"caption":"NETGEAR"},"image":{"@id":"https:\/\/frhub.netgear.com\/fr\/hub\/#\/schema\/logo\/image\/"},"sameAs":["https:\/\/www.facebook.com\/NetgearAU\/","https:\/\/x.com\/NETGEAR","https:\/\/www.linkedin.com\/company\/netgear"]}]}},"_links":{"self":[{"href":"https:\/\/frhub.netgear.com\/fr\/hub\/wp-json\/wp\/v2\/pages\/11759","targetHints":{"allow":["GET"]}}],"collection":[{"href":"https:\/\/frhub.netgear.com\/fr\/hub\/wp-json\/wp\/v2\/pages"}],"about":[{"href":"https:\/\/frhub.netgear.com\/fr\/hub\/wp-json\/wp\/v2\/types\/page"}],"author":[{"embeddable":true,"href":"https:\/\/frhub.netgear.com\/fr\/hub\/wp-json\/wp\/v2\/users\/97"}],"replies":[{"embeddable":true,"href":"https:\/\/frhub.netgear.com\/fr\/hub\/wp-json\/wp\/v2\/comments?post=11759"}],"version-history":[{"count":3,"href":"https:\/\/frhub.netgear.com\/fr\/hub\/wp-json\/wp\/v2\/pages\/11759\/revisions"}],"predecessor-version":[{"id":11797,"href":"https:\/\/frhub.netgear.com\/fr\/hub\/wp-json\/wp\/v2\/pages\/11759\/revisions\/11797"}],"up":[{"embeddable":true,"href":"https:\/\/frhub.netgear.com\/fr\/hub\/wp-json\/wp\/v2\/pages\/6754"}],"wp:featuredmedia":[{"embeddable":true,"href":"https:\/\/frhub.netgear.com\/fr\/hub\/wp-json\/wp\/v2\/media\/11760"}],"wp:attachment":[{"href":"https:\/\/frhub.netgear.com\/fr\/hub\/wp-json\/wp\/v2\/media?parent=11759"}],"curies":[{"name":"wp","href":"https:\/\/api.w.org\/{rel}","templated":true}]}}