{"id":11742,"date":"2025-11-21T09:22:50","date_gmt":"2025-11-28T08:22:22","guid":{"rendered":"https:\/\/frhub.netgear.com\/fr\/hub\/?page_id=11742"},"modified":"2025-11-28T09:27:54","modified_gmt":"2025-11-28T08:27:54","slug":"netgear-thinlabs-poe-innovation","status":"publish","type":"page","link":"https:\/\/frhub.netgear.com\/fr\/hub\/business\/av\/netgear-thinlabs-poe-innovation\/","title":{"rendered":"Thinlabs et NETGEAR : alimenter l\u2019avenir de l\u2019informatique d\u2019entreprise gr\u00e2ce \u00e0 l\u2019innovation PoE"},"content":{"rendered":"<p><img loading=\"lazy\" decoding=\"async\" class=\"alignone size-full wp-image-10681\" style=\"border-radius: 1em;\" src=\"https:\/\/www.netgear.com\/hub\/wp-content\/uploads\/2025\/11\/DSC07922-scaled.jpg\" alt=\"\" width=\"1048\" height=\"511\" \/><\/p>\n    <div class=\"table-of-content bg-gray\">\n        <p><strong>IN THIS ARTICLE<\/strong><\/p>\n        <ul>\n                        <li><a href=\"#topic1\">AV Evolved : des partenariats nouvelle g\u00e9n\u00e9ration pour une AV nouvelle g\u00e9n\u00e9ration<\/a><\/li>\n                        <li><a href=\"#topic2\">B\u00e2timents intelligents : l\u2019ordinateur qui alimente tout<\/a><\/li>\n                        <li><a href=\"#topic3\">La signalisation num\u00e9rique simplifi\u00e9e<\/a><\/li>\n                        <li><a href=\"#topic4\">L\u2019informatique utilisateur r\u00e9invent\u00e9e<\/a><\/li>\n                        <li><a href=\"#topic5\">L\u2019infrastructure parfaite<\/a><\/li>\n                        <li><a href=\"#topic6\">Plus d'informations<\/a><\/li>\n                    <\/ul>\n    <\/div>\n        <div id=\"topic1\" class=\"skip-item\">\n                        <h2>AV Evolved : des partenariats nouvelle g\u00e9n\u00e9ration pour une AV nouvelle g\u00e9n\u00e9ration<\/h2>\n                <p data-start=\"121\" data-end=\"567\">Bien s\u00fbr, les ordinateurs deviennent plus rapides et plus \u00e9l\u00e9gants. Mais la v\u00e9ritable innovation r\u00e9side dans l\u2019efficacit\u00e9 fondamentale. C\u2019est la philosophie qui guide notre partenaire Thinlabs, une entreprise technologique pionni\u00e8re qui r\u00e9volutionne notre fa\u00e7on de penser l\u2019alimentation et le d\u00e9ploiement des ordinateurs dans un monde toujours plus connect\u00e9.<\/p>\n<p data-start=\"569\" data-end=\"937\">Fond\u00e9e en 1998 et bas\u00e9e \u00e0 Langhorne, en Pennsylvanie, Thinlabs est devenue le principal fabricant ind\u00e9pendant d\u2019ordinateurs Power-over-Ethernet (PoE) de nouvelle g\u00e9n\u00e9ration et de solutions de signalisation num\u00e9rique. Leur technologie brevet\u00e9e peut alimenter l\u2019ensemble d\u2019un poste informatique \u2014 y compris jusqu\u2019\u00e0 quatre moniteurs \u2014 via une seule connexion PoE de 90 W.<\/p>\n<p data-start=\"939\" data-end=\"1382\">Cette technologie r\u00e9volutionnaire a r\u00e9cemment valu \u00e0 Thinlabs le brevet am\u00e9ricain US 12,360,775 B2 pour leur \u00ab syst\u00e8me de gestion de l\u2019alimentation et m\u00e9thode permettant de faire fonctionner plusieurs composants informatiques haute puissance via une seule connexion de c\u00e2ble Power-over-Ethernet \u00bb. Mais au-del\u00e0 de l\u2019exploit technique, c\u2019est une r\u00e9volution pratique qui s\u2019aligne parfaitement avec l\u2019infrastructure de switching PoE de NETGEAR.<\/p>\n    <\/div>\n        <div id=\"topic2\" class=\"skip-item\">\n                        <h2>B\u00e2timents intelligents : l\u2019ordinateur qui alimente tout<\/h2>\n                <p data-start=\"1455\" data-end=\"1770\">Thinlabs pr\u00e9sente ses appareils comme \u00ab l\u2019ordinateur pour b\u00e2timents intelligents \u00bb \u2014 et \u00e0 juste titre. Ces syst\u00e8mes polyvalents s\u2019int\u00e8grent et alimentent facilement divers capteurs environnementaux, cr\u00e9ant des r\u00e9seaux de contr\u00f4le intelligents qui optimisent l\u2019efficacit\u00e9 \u00e9nerg\u00e9tique dans les installations modernes.<\/p>\n<p data-start=\"1772\" data-end=\"2480\">Qu\u2019il s\u2019agisse d\u2019agir comme appareils en p\u00e9riph\u00e9rie pour les syst\u00e8mes de gestion technique des b\u00e2timents (BMS), de collecter des donn\u00e9es provenant de multiples syst\u00e8mes ou de fournir des capacit\u00e9s de traitement local, les ordinateurs Thinlabs \u00e9liminent la complexit\u00e9 des d\u00e9ploiements traditionnels. Leurs applications en contr\u00f4le d\u2019acc\u00e8s et en s\u00e9curit\u00e9 sont particuli\u00e8rement convaincantes. Imaginez alimenter la vid\u00e9osurveillance, les interphones et les syst\u00e8mes de contr\u00f4le d\u2019acc\u00e8s via une solution unique et \u00e9l\u00e9gante tirant parti des <em data-start=\"2308\" data-end=\"2318\">switches<\/em> PoE intelligents de NETGEAR, avec leur gestion avanc\u00e9e de l\u2019alimentation, leur budg\u00e9tisation \u00e9nerg\u00e9tique pr\u00e9cise par port et leur fiabilit\u00e9 de niveau entreprise.<\/p>\n    <\/div>\n        <div id=\"topic3\" class=\"skip-item\">\n                        <h2>La signalisation num\u00e9rique simplifi\u00e9e<\/h2>\n                <p>Le d\u00e9ploiement traditionnel de la signalisation num\u00e9rique peut \u00eatre un v\u00e9ritable casse-t\u00eate avec ses prises \u00e9lectriques, ses c\u00e2blages complexes et ses contraintes d\u2019installation. Thinlabs change compl\u00e8tement la donne. Leurs panneaux et kiosques num\u00e9riques aliment\u00e9s en PoE peuvent \u00eatre d\u00e9ploy\u00e9s partout o\u00f9 votre r\u00e9seau NETGEAR s\u2019\u00e9tend, sans les c\u00e2bles d\u2019alimentation visibles ni les co\u00fbts de travaux \u00e9lectriques.<\/p>\n<p>Pour les kiosques interactifs \u2014 orientation, commande en libre-service, diffusion d\u2019informations \u2014 les avantages d\u2019installation sont transformateurs. Un seul c\u00e2ble Ethernet fournit \u00e0 la fois l\u2019alimentation et la connexion de donn\u00e9es haute vitesse n\u00e9cessaires \u00e0 une exp\u00e9rience utilisateur riche et r\u00e9active. R\u00e9sultat : une r\u00e9duction spectaculaire du temps d\u2019installation, des co\u00fbts de main-d\u2019\u0153uvre et de la complexit\u00e9 de maintenance \u00e0 long terme.<\/p>\n<p><img decoding=\"async\" src=\"https:\/\/www.netgear.com\/hub\/wp-content\/uploads\/2025\/11\/DSC07943-scaled.jpg\" alt=\"\" \/><\/p>\n    <\/div>\n        <div id=\"topic4\" class=\"skip-item\">\n                        <h2>L\u2019informatique utilisateur r\u00e9invent\u00e9e<\/h2>\n                <p>Nulle part l\u2019avantage Thinlabs n\u2019est plus \u00e9vident que dans les environnements Desktop-as-a-Service (DaaS) et informatiques utilisateurs. Leurs ordinateurs PoE permettent aux organisations de d\u00e9ployer et reconfigurer rapidement des postes de travail avec un c\u00e2blage minimal, rendant le flex-office, les d\u00e9m\u00e9nagements, les extensions et les r\u00e9organisations incroyablement efficaces.<\/p>\n<p>Les chiffres parlent d\u2019eux-m\u00eames : les solutions Thinlabs consomment jusqu\u2019\u00e0 85 % d\u2019\u00e9nergie en moins que les PC traditionnels, r\u00e9duisant les co\u00fbts \u00e9nerg\u00e9tiques li\u00e9s aux ordinateurs jusqu\u2019\u00e0 90 %. Pour les organisations d\u00e9ployant des centaines ou des milliers de postes, ces \u00e9conomies se cumulent en avantages op\u00e9rationnels substantiels tout en soutenant les initiatives de green IT.<\/p>\n<p>Les b\u00e9n\u00e9fices en mati\u00e8re de s\u00e9curit\u00e9 sont tout aussi impressionnants. La gestion centralis\u00e9e des environnements DaaS, combin\u00e9e aux avantages de s\u00e9curit\u00e9 inh\u00e9rents aux clients l\u00e9gers, cr\u00e9e une infrastructure informatique plus robuste et plus facile \u00e0 administrer \u2014 un atout que les \u00e9quipes IT appr\u00e9cient.<\/p>\n<p>Avec plus de 60 000 ordinateurs PoE d\u00e9ploy\u00e9s dans le monde, Thinlabs propose une solution \u00e9prouv\u00e9e. Leur MTBF (Mean Time Before Failure) d\u2019environ 1 400 000 heures d\u00e9montre la fiabilit\u00e9 exig\u00e9e par les clients d\u2019entreprise.<\/p>\n<p>L\u2019entreprise dessert des march\u00e9s vari\u00e9s \u2014 sant\u00e9, \u00e9ducation, services financiers, fabrication, commerce de d\u00e9tail, h\u00f4tellerie \u2014 et b\u00e9n\u00e9ficie de partenariats strat\u00e9giques avec des acteurs majeurs comme Cisco, Microsoft, VMware et Citrix.<\/p>\n    <\/div>\n        <div id=\"topic5\" class=\"skip-item\">\n                        <h2>L\u2019infrastructure parfaite<\/h2>\n                <p data-start=\"5021\" data-end=\"5360\">Le portefeuille complet de <em data-start=\"5048\" data-end=\"5058\">switches<\/em> PoE de NETGEAR constitue la base id\u00e9ale pour les innovations Thinlabs. De nos <em data-start=\"5137\" data-end=\"5147\">switches<\/em> manag\u00e9s offrant un budg\u00e9tisation \u00e9nerg\u00e9tique pr\u00e9cise \u00e0 nos capacit\u00e9s PoE++ avanc\u00e9es prenant en charge les appareils 90 W, l\u2019infrastructure NETGEAR permet \u00e0 la technologie Thinlabs d\u2019atteindre son plein potentiel.<\/p>\n<p data-start=\"5362\" data-end=\"5619\">Nos switches assurent la gestion intelligente de l\u2019alimentation qui rend possibles les d\u00e9ploiements PoE multi-\u00e9crans, tandis que nos outils de gestion r\u00e9seau offrent la visibilit\u00e9 et le contr\u00f4le n\u00e9cessaires aux impl\u00e9mentations \u00e0 l\u2019\u00e9chelle de l\u2019entreprise.<\/p>\n<p data-start=\"5621\" data-end=\"5931\">Le partenariat entre NETGEAR et Thinlabs repr\u00e9sente une vision d\u2019une infrastructure informatique simplifi\u00e9e, efficace et durable. Alors que les organisations continuent d\u2019exiger plus d\u2019efficacit\u00e9 \u00e9nerg\u00e9tique, moins de complexit\u00e9 et une flexibilit\u00e9 accrue, cette combinaison apporte une v\u00e9ritable valeur m\u00e9tier.<\/p>\n<p data-start=\"5933\" data-end=\"6235\">Que vous planifiez un b\u00e2timent intelligent, conceviez un r\u00e9seau de signalisation num\u00e9rique ou architecturiez un environnement informatique utilisateur moderne, la combinaison NETGEAR-Thinlabs offre une voie d\u2019avenir convaincante : r\u00e9duire les co\u00fbts, simplifier le d\u00e9ploiement et am\u00e9liorer la fiabilit\u00e9.<\/p>\n    <\/div>\n        <div id=\"topic6\" class=\"skip-item\">\n                        <h2>Plus d'informations<\/h2>\n                <p><!--SOLUTIONS NETGEAR AV --><br \/>\nPlus d\u2019informations sur nos solutions audiovisuelles<\/p>\n<div class=\"hs-cta-embed hs-cta-simple-placeholder hs-cta-embed-241151160046\" style=\"max-width: 100%;max-height: 100%;width: 260px;height: 50.390625px\" data-hubspot-wrapper-cta-id=\"241151160046\"><a href=\"https:\/\/cta-na2.hubspot.com\/web-interactives\/public\/v1\/track\/redirect?encryptedPayload=AVxigLJf4HGLXU18h5HBrlQTZuKX4p21iriDX%2FD9Weo1E0jc26wgSp32sJpGF%2FrOb977gqk9Skq%2FVgamhq%2FXvCN0mPQ1dmrdARtcNUH8fV5cFOvngo8qJ8EuMyEq%2Fqu2y51zC2FZUVyu97opP5ixVGCiE%2Bg6BOgTVVDljEMF5hhhXUNpnikrl2UTN%2Bb3TA%3D%3D&amp;webInteractiveContentId=241151160046&amp;portalId=242128791\" target=\"_blank\" rel=\"noopener\"><br \/>\n<img decoding=\"async\" style=\"height: 100%;width: 100%;object-fit: fill\" src=\"https:\/\/hubspot-no-cache-na2-prod.s3.amazonaws.com\/cta\/default\/242128791\/interactive-241151160046.png\" alt=\"SOLUTIONS NETGEAR AV\" \/><br \/>\n<\/a><\/div>\n<p><!-- NETGEAR ACADEMY AV --><br \/>\nApprenez tout sur les r\u00e9seaux IP gr\u00e2ce \u00e0 la NETGEAR ACADEMY<\/p>\n<div class=\"hs-cta-embed hs-cta-simple-placeholder hs-cta-embed-241151160033\" style=\"max-width: 100%;max-height: 100%;width: 260px;height: 50.390625px\" data-hubspot-wrapper-cta-id=\"241151160033\"><a href=\"https:\/\/cta-na2.hubspot.com\/web-interactives\/public\/v1\/track\/redirect?encryptedPayload=AVxigLJ6zgXxrLVJLagOt9pyIXf5%2FGgh9lUupWJj49Nfcbq71eIrrvJQt9JGeaQwNkTAPTWhI2%2BXk56NQscWP4xOQ7iZrhk6rkBjyO4dBlJGP1gG3BpcrdlgLyF%2F850K2l3xn5kDj5H%2Fur8VO2zJH58QH7by4HFWliY25223Shr3sQx25aCmNBjCDkNwA2WRum67F9fGyQyzoYOn86wAq%2Brw3xzsBDMbyw%3D%3D&amp;webInteractiveContentId=241151160033&amp;portalId=242128791\" target=\"_blank\" rel=\"noopener\"><br \/>\n<img decoding=\"async\" style=\"height: 100%;width: 100%;object-fit: fill\" src=\"https:\/\/hubspot-no-cache-na2-prod.s3.amazonaws.com\/cta\/default\/242128791\/interactive-241151160033.png\" alt=\"NETGEAR ACADEMY\" \/><br \/>\n<\/a><\/div>\n<p style=\"margin-bottom: 30px\"><!--CONTACTEZ L'EQUIPE PROAV --><br \/>\nNos ing\u00e9nieurs vous accompagneront gratuitement dans la r\u00e9alisation de vos projets audiovisuels<\/p>\n<div class=\"hs-cta-embed hs-cta-simple-placeholder hs-cta-embed-241151160055\" style=\"max-width: 100%;max-height: 100%;width: 270px;height: 50.390625px\" data-hubspot-wrapper-cta-id=\"241151160055\"><a href=\"https:\/\/cta-na2.hubspot.com\/web-interactives\/public\/v1\/track\/redirect?encryptedPayload=AVxigLLUG9XShtF2ziGdRlpsMD%2BMJ39t1kFOE7VlHl2HmmlWzlJWH0rsV7f3eoQL53gclcWb0lliiDgK3EAMVvEOcIE7gW9aYOwk1uipv43pSUkBlDtiKJ%2BcB7fopWupnJbggqZWRkNERZkdh1dDGXHHDJX3V0sOA8mbXD%2Fd6QC2XK2OyVtrDNFDHbBoT6b15PyvF4Ca3b6JBNTYdAzYeH790XenlNKBP4OKZqw50t7IGx9DuADFMFlNdg6FWQ%3D%3D&amp;webInteractiveContentId=241151160055&amp;portalId=242128791\" target=\"_blank\" rel=\"noopener\"><br \/>\n<img decoding=\"async\" style=\"height: 100%;width: 100%;object-fit: fill\" src=\"https:\/\/hubspot-no-cache-na2-prod.s3.amazonaws.com\/cta\/default\/242128791\/interactive-241151160055.png\" alt=\"CONTACTEZ L'EQUIPE PROAV\" \/><br \/>\n<\/a><\/div>\n<p style=\"margin-top: 50px\"><iframe loading=\"lazy\" src=\"https:\/\/405nrr.share-na2.hsforms.com\/24AR2ZDSmQqWycFqf8q5-eg\" width=\"100%\" height=\"1200px\"><\/iframe><\/p>\n    <\/div>\n    \n","protected":false},"excerpt":{"rendered":"","protected":false},"author":97,"featured_media":11743,"parent":6754,"menu_order":0,"comment_status":"closed","ping_status":"closed","template":"templates\/blog-wifi.php","meta":{"_acf_changed":false,"content-type":"","footnotes":""},"class_list":["post-11742","page","type-page","status-publish","has-post-thumbnail","hentry"],"acf":[],"yoast_head":"<!-- This site is optimized with the Yoast SEO plugin v27.4 - https:\/\/yoast.com\/product\/yoast-seo-wordpress\/ -->\n<title>Thinlabs et NETGEAR : alimenter l\u2019avenir de l\u2019informatique d\u2019entreprise gr\u00e2ce \u00e0 l\u2019innovation PoE - NETGEAR Blog<\/title>\n<meta name=\"description\" content=\"Thinlabs et NETGEAR : alimenter l\u2019avenir de l\u2019informatique d\u2019entreprise gr\u00e2ce \u00e0 l\u2019innovation PoE\" \/>\n<meta name=\"robots\" content=\"index, follow, max-snippet:-1, max-image-preview:large, max-video-preview:-1\" \/>\n<link rel=\"canonical\" href=\"https:\/\/frhub.netgear.com\/fr\/hub\/business\/av\/netgear-thinlabs-poe-innovation\/\" \/>\n<meta property=\"og:locale\" content=\"en_US\" \/>\n<meta property=\"og:type\" content=\"article\" \/>\n<meta property=\"og:title\" content=\"Thinlabs et NETGEAR : alimenter l\u2019avenir de l\u2019informatique d\u2019entreprise gr\u00e2ce \u00e0 l\u2019innovation PoE - NETGEAR Blog\" \/>\n<meta property=\"og:description\" content=\"Thinlabs et NETGEAR : alimenter l\u2019avenir de l\u2019informatique d\u2019entreprise gr\u00e2ce \u00e0 l\u2019innovation PoE\" \/>\n<meta property=\"og:url\" content=\"https:\/\/frhub.netgear.com\/fr\/hub\/business\/av\/netgear-thinlabs-poe-innovation\/\" \/>\n<meta property=\"og:site_name\" content=\"NETGEAR Blog\" \/>\n<meta property=\"article:publisher\" content=\"https:\/\/www.facebook.com\/NetgearAU\/\" \/>\n<meta property=\"article:modified_time\" content=\"2025-11-28T08:27:54+00:00\" \/>\n<meta property=\"og:image\" content=\"https:\/\/frhub.netgear.com\/fr\/hub\/wp-content\/uploads\/2025\/11\/DSC07922-383x288-1.jpg\" \/>\n\t<meta property=\"og:image:width\" content=\"383\" \/>\n\t<meta property=\"og:image:height\" content=\"288\" \/>\n\t<meta property=\"og:image:type\" content=\"image\/jpeg\" \/>\n<meta name=\"twitter:card\" content=\"summary_large_image\" \/>\n<meta name=\"twitter:site\" content=\"@NETGEAR\" \/>\n<script type=\"application\/ld+json\" class=\"yoast-schema-graph\">{\"@context\":\"https:\\\/\\\/schema.org\",\"@graph\":[{\"@type\":\"WebPage\",\"@id\":\"https:\\\/\\\/frhub.netgear.com\\\/fr\\\/hub\\\/business\\\/av\\\/netgear-thinlabs-poe-innovation\\\/\",\"url\":\"https:\\\/\\\/frhub.netgear.com\\\/fr\\\/hub\\\/business\\\/av\\\/netgear-thinlabs-poe-innovation\\\/\",\"name\":\"Thinlabs et NETGEAR : alimenter l\u2019avenir de l\u2019informatique d\u2019entreprise gr\u00e2ce \u00e0 l\u2019innovation PoE - NETGEAR Blog\",\"isPartOf\":{\"@id\":\"https:\\\/\\\/frhub.netgear.com\\\/fr\\\/hub\\\/#website\"},\"primaryImageOfPage\":{\"@id\":\"https:\\\/\\\/frhub.netgear.com\\\/fr\\\/hub\\\/business\\\/av\\\/netgear-thinlabs-poe-innovation\\\/#primaryimage\"},\"image\":{\"@id\":\"https:\\\/\\\/frhub.netgear.com\\\/fr\\\/hub\\\/business\\\/av\\\/netgear-thinlabs-poe-innovation\\\/#primaryimage\"},\"thumbnailUrl\":\"https:\\\/\\\/frhub.netgear.com\\\/fr\\\/hub\\\/wp-content\\\/uploads\\\/2025\\\/11\\\/DSC07922-383x288-1.jpg\",\"datePublished\":\"2025-11-28T08:22:22+00:00\",\"dateModified\":\"2025-11-28T08:27:54+00:00\",\"description\":\"Thinlabs et NETGEAR : alimenter l\u2019avenir de l\u2019informatique d\u2019entreprise gr\u00e2ce \u00e0 l\u2019innovation PoE\",\"breadcrumb\":{\"@id\":\"https:\\\/\\\/frhub.netgear.com\\\/fr\\\/hub\\\/business\\\/av\\\/netgear-thinlabs-poe-innovation\\\/#breadcrumb\"},\"inLanguage\":\"en-US\",\"potentialAction\":[{\"@type\":\"ReadAction\",\"target\":[\"https:\\\/\\\/frhub.netgear.com\\\/fr\\\/hub\\\/business\\\/av\\\/netgear-thinlabs-poe-innovation\\\/\"]}]},{\"@type\":\"ImageObject\",\"inLanguage\":\"en-US\",\"@id\":\"https:\\\/\\\/frhub.netgear.com\\\/fr\\\/hub\\\/business\\\/av\\\/netgear-thinlabs-poe-innovation\\\/#primaryimage\",\"url\":\"https:\\\/\\\/frhub.netgear.com\\\/fr\\\/hub\\\/wp-content\\\/uploads\\\/2025\\\/11\\\/DSC07922-383x288-1.jpg\",\"contentUrl\":\"https:\\\/\\\/frhub.netgear.com\\\/fr\\\/hub\\\/wp-content\\\/uploads\\\/2025\\\/11\\\/DSC07922-383x288-1.jpg\",\"width\":383,\"height\":288},{\"@type\":\"BreadcrumbList\",\"@id\":\"https:\\\/\\\/frhub.netgear.com\\\/fr\\\/hub\\\/business\\\/av\\\/netgear-thinlabs-poe-innovation\\\/#breadcrumb\",\"itemListElement\":[{\"@type\":\"ListItem\",\"position\":1,\"name\":\"Home\",\"item\":\"https:\\\/\\\/frhub.netgear.com\\\/fr\\\/hub\\\/\"},{\"@type\":\"ListItem\",\"position\":2,\"name\":\"Entreprises\",\"item\":\"https:\\\/\\\/frhub.netgear.com\\\/fr\\\/hub\\\/business\\\/\"},{\"@type\":\"ListItem\",\"position\":3,\"name\":\"Entreprise AV\",\"item\":\"https:\\\/\\\/frhub.netgear.com\\\/fr\\\/hub\\\/business\\\/av\\\/\"},{\"@type\":\"ListItem\",\"position\":4,\"name\":\"Thinlabs et NETGEAR : alimenter l\u2019avenir de l\u2019informatique d\u2019entreprise gr\u00e2ce \u00e0 l\u2019innovation PoE\"}]},{\"@type\":\"WebSite\",\"@id\":\"https:\\\/\\\/frhub.netgear.com\\\/fr\\\/hub\\\/#website\",\"url\":\"https:\\\/\\\/frhub.netgear.com\\\/fr\\\/hub\\\/\",\"name\":\"NETGEAR Hub France\",\"description\":\"Explorez les pages de notre blog et parcourez les articles pour en savoir plus sur les produits et la technologie NETGEAR.\",\"publisher\":{\"@id\":\"https:\\\/\\\/frhub.netgear.com\\\/fr\\\/hub\\\/#organization\"},\"potentialAction\":[{\"@type\":\"SearchAction\",\"target\":{\"@type\":\"EntryPoint\",\"urlTemplate\":\"https:\\\/\\\/frhub.netgear.com\\\/fr\\\/hub\\\/?s={search_term_string}\"},\"query-input\":{\"@type\":\"PropertyValueSpecification\",\"valueRequired\":true,\"valueName\":\"search_term_string\"}}],\"inLanguage\":\"en-US\"},{\"@type\":\"Organization\",\"@id\":\"https:\\\/\\\/frhub.netgear.com\\\/fr\\\/hub\\\/#organization\",\"name\":\"NETGEAR\",\"url\":\"https:\\\/\\\/frhub.netgear.com\\\/fr\\\/hub\\\/\",\"logo\":{\"@type\":\"ImageObject\",\"inLanguage\":\"en-US\",\"@id\":\"https:\\\/\\\/frhub.netgear.com\\\/fr\\\/hub\\\/#\\\/schema\\\/logo\\\/image\\\/\",\"url\":\"https:\\\/\\\/www.netgear.com\\\/fr\\\/hub\\\/wp-content\\\/uploads\\\/2019\\\/07\\\/NETGEAR_logo.jpg\",\"contentUrl\":\"https:\\\/\\\/www.netgear.com\\\/fr\\\/hub\\\/wp-content\\\/uploads\\\/2019\\\/07\\\/NETGEAR_logo.jpg\",\"width\":1500,\"height\":501,\"caption\":\"NETGEAR\"},\"image\":{\"@id\":\"https:\\\/\\\/frhub.netgear.com\\\/fr\\\/hub\\\/#\\\/schema\\\/logo\\\/image\\\/\"},\"sameAs\":[\"https:\\\/\\\/www.facebook.com\\\/NetgearAU\\\/\",\"https:\\\/\\\/x.com\\\/NETGEAR\",\"https:\\\/\\\/www.linkedin.com\\\/company\\\/netgear\"]}]}<\/script>\n<!-- \/ Yoast SEO plugin. -->","yoast_head_json":{"title":"Thinlabs et NETGEAR : alimenter l\u2019avenir de l\u2019informatique d\u2019entreprise gr\u00e2ce \u00e0 l\u2019innovation PoE - NETGEAR Blog","description":"Thinlabs et NETGEAR : alimenter l\u2019avenir de l\u2019informatique d\u2019entreprise gr\u00e2ce \u00e0 l\u2019innovation PoE","robots":{"index":"index","follow":"follow","max-snippet":"max-snippet:-1","max-image-preview":"max-image-preview:large","max-video-preview":"max-video-preview:-1"},"canonical":"https:\/\/frhub.netgear.com\/fr\/hub\/business\/av\/netgear-thinlabs-poe-innovation\/","og_locale":"en_US","og_type":"article","og_title":"Thinlabs et NETGEAR : alimenter l\u2019avenir de l\u2019informatique d\u2019entreprise gr\u00e2ce \u00e0 l\u2019innovation PoE - NETGEAR Blog","og_description":"Thinlabs et NETGEAR : alimenter l\u2019avenir de l\u2019informatique d\u2019entreprise gr\u00e2ce \u00e0 l\u2019innovation PoE","og_url":"https:\/\/frhub.netgear.com\/fr\/hub\/business\/av\/netgear-thinlabs-poe-innovation\/","og_site_name":"NETGEAR Blog","article_publisher":"https:\/\/www.facebook.com\/NetgearAU\/","article_modified_time":"2025-11-28T08:27:54+00:00","og_image":[{"width":383,"height":288,"url":"https:\/\/frhub.netgear.com\/fr\/hub\/wp-content\/uploads\/2025\/11\/DSC07922-383x288-1.jpg","type":"image\/jpeg"}],"twitter_card":"summary_large_image","twitter_site":"@NETGEAR","schema":{"@context":"https:\/\/schema.org","@graph":[{"@type":"WebPage","@id":"https:\/\/frhub.netgear.com\/fr\/hub\/business\/av\/netgear-thinlabs-poe-innovation\/","url":"https:\/\/frhub.netgear.com\/fr\/hub\/business\/av\/netgear-thinlabs-poe-innovation\/","name":"Thinlabs et NETGEAR : alimenter l\u2019avenir de l\u2019informatique d\u2019entreprise gr\u00e2ce \u00e0 l\u2019innovation PoE - NETGEAR Blog","isPartOf":{"@id":"https:\/\/frhub.netgear.com\/fr\/hub\/#website"},"primaryImageOfPage":{"@id":"https:\/\/frhub.netgear.com\/fr\/hub\/business\/av\/netgear-thinlabs-poe-innovation\/#primaryimage"},"image":{"@id":"https:\/\/frhub.netgear.com\/fr\/hub\/business\/av\/netgear-thinlabs-poe-innovation\/#primaryimage"},"thumbnailUrl":"https:\/\/frhub.netgear.com\/fr\/hub\/wp-content\/uploads\/2025\/11\/DSC07922-383x288-1.jpg","datePublished":"2025-11-28T08:22:22+00:00","dateModified":"2025-11-28T08:27:54+00:00","description":"Thinlabs et NETGEAR : alimenter l\u2019avenir de l\u2019informatique d\u2019entreprise gr\u00e2ce \u00e0 l\u2019innovation PoE","breadcrumb":{"@id":"https:\/\/frhub.netgear.com\/fr\/hub\/business\/av\/netgear-thinlabs-poe-innovation\/#breadcrumb"},"inLanguage":"en-US","potentialAction":[{"@type":"ReadAction","target":["https:\/\/frhub.netgear.com\/fr\/hub\/business\/av\/netgear-thinlabs-poe-innovation\/"]}]},{"@type":"ImageObject","inLanguage":"en-US","@id":"https:\/\/frhub.netgear.com\/fr\/hub\/business\/av\/netgear-thinlabs-poe-innovation\/#primaryimage","url":"https:\/\/frhub.netgear.com\/fr\/hub\/wp-content\/uploads\/2025\/11\/DSC07922-383x288-1.jpg","contentUrl":"https:\/\/frhub.netgear.com\/fr\/hub\/wp-content\/uploads\/2025\/11\/DSC07922-383x288-1.jpg","width":383,"height":288},{"@type":"BreadcrumbList","@id":"https:\/\/frhub.netgear.com\/fr\/hub\/business\/av\/netgear-thinlabs-poe-innovation\/#breadcrumb","itemListElement":[{"@type":"ListItem","position":1,"name":"Home","item":"https:\/\/frhub.netgear.com\/fr\/hub\/"},{"@type":"ListItem","position":2,"name":"Entreprises","item":"https:\/\/frhub.netgear.com\/fr\/hub\/business\/"},{"@type":"ListItem","position":3,"name":"Entreprise AV","item":"https:\/\/frhub.netgear.com\/fr\/hub\/business\/av\/"},{"@type":"ListItem","position":4,"name":"Thinlabs et NETGEAR : alimenter l\u2019avenir de l\u2019informatique d\u2019entreprise gr\u00e2ce \u00e0 l\u2019innovation PoE"}]},{"@type":"WebSite","@id":"https:\/\/frhub.netgear.com\/fr\/hub\/#website","url":"https:\/\/frhub.netgear.com\/fr\/hub\/","name":"NETGEAR Hub France","description":"Explorez les pages de notre blog et parcourez les articles pour en savoir plus sur les produits et la technologie NETGEAR.","publisher":{"@id":"https:\/\/frhub.netgear.com\/fr\/hub\/#organization"},"potentialAction":[{"@type":"SearchAction","target":{"@type":"EntryPoint","urlTemplate":"https:\/\/frhub.netgear.com\/fr\/hub\/?s={search_term_string}"},"query-input":{"@type":"PropertyValueSpecification","valueRequired":true,"valueName":"search_term_string"}}],"inLanguage":"en-US"},{"@type":"Organization","@id":"https:\/\/frhub.netgear.com\/fr\/hub\/#organization","name":"NETGEAR","url":"https:\/\/frhub.netgear.com\/fr\/hub\/","logo":{"@type":"ImageObject","inLanguage":"en-US","@id":"https:\/\/frhub.netgear.com\/fr\/hub\/#\/schema\/logo\/image\/","url":"https:\/\/www.netgear.com\/fr\/hub\/wp-content\/uploads\/2019\/07\/NETGEAR_logo.jpg","contentUrl":"https:\/\/www.netgear.com\/fr\/hub\/wp-content\/uploads\/2019\/07\/NETGEAR_logo.jpg","width":1500,"height":501,"caption":"NETGEAR"},"image":{"@id":"https:\/\/frhub.netgear.com\/fr\/hub\/#\/schema\/logo\/image\/"},"sameAs":["https:\/\/www.facebook.com\/NetgearAU\/","https:\/\/x.com\/NETGEAR","https:\/\/www.linkedin.com\/company\/netgear"]}]}},"_links":{"self":[{"href":"https:\/\/frhub.netgear.com\/fr\/hub\/wp-json\/wp\/v2\/pages\/11742","targetHints":{"allow":["GET"]}}],"collection":[{"href":"https:\/\/frhub.netgear.com\/fr\/hub\/wp-json\/wp\/v2\/pages"}],"about":[{"href":"https:\/\/frhub.netgear.com\/fr\/hub\/wp-json\/wp\/v2\/types\/page"}],"author":[{"embeddable":true,"href":"https:\/\/frhub.netgear.com\/fr\/hub\/wp-json\/wp\/v2\/users\/97"}],"replies":[{"embeddable":true,"href":"https:\/\/frhub.netgear.com\/fr\/hub\/wp-json\/wp\/v2\/comments?post=11742"}],"version-history":[{"count":2,"href":"https:\/\/frhub.netgear.com\/fr\/hub\/wp-json\/wp\/v2\/pages\/11742\/revisions"}],"predecessor-version":[{"id":11745,"href":"https:\/\/frhub.netgear.com\/fr\/hub\/wp-json\/wp\/v2\/pages\/11742\/revisions\/11745"}],"up":[{"embeddable":true,"href":"https:\/\/frhub.netgear.com\/fr\/hub\/wp-json\/wp\/v2\/pages\/6754"}],"wp:featuredmedia":[{"embeddable":true,"href":"https:\/\/frhub.netgear.com\/fr\/hub\/wp-json\/wp\/v2\/media\/11743"}],"wp:attachment":[{"href":"https:\/\/frhub.netgear.com\/fr\/hub\/wp-json\/wp\/v2\/media?parent=11742"}],"curies":[{"name":"wp","href":"https:\/\/api.w.org\/{rel}","templated":true}]}}