{"id":11469,"date":"2025-11-04T20:18:02","date_gmt":"2025-11-04T19:18:02","guid":{"rendered":"https:\/\/frhub.netgear.com\/fr\/hub\/?page_id=11469"},"modified":"2025-11-12T14:48:48","modified_gmt":"2025-11-12T13:48:48","slug":"netgear-academy-expands-av-over-ip-training","status":"publish","type":"page","link":"https:\/\/frhub.netgear.com\/fr\/hub\/business\/av\/netgear-academy-expands-av-over-ip-training\/","title":{"rendered":"NETGEAR Academy s\u2019attaque \u00e0 la p\u00e9nurie de comp\u00e9tences du secteur avec une plateforme de formation enrichie"},"content":{"rendered":"<p><img loading=\"lazy\" decoding=\"async\" class=\"alignone size-full wp-image-10681\" style=\"border-radius: 1em;\" src=\"https:\/\/frhub.netgear.com\/fr\/hub\/wp-content\/uploads\/2025\/11\/NETGEAR-Academy-online-learning-webinars.jpg\" alt=\"\" width=\"1048\" height=\"511\" \/><\/p>\n    <div class=\"table-of-content bg-gray\">\n        <p><strong>IN THIS ARTICLE<\/strong><\/p>\n        <ul>\n                        <li><a href=\"#topic1\">Quand l'IP devient un goulot d\u2019\u00e9tranglement IP pour le monde de l\u2019audiovisuel<\/a><\/li>\n                        <li><a href=\"#topic3\">Une solution collaborative<\/a><\/li>\n                        <li><a href=\"#topic4\">Construire les talents sur le long terme<\/a><\/li>\n                        <li><a href=\"#topic5\">Pr\u00eat \u00e0 faire \u00e9voluer votre carri\u00e8re avec des certifications professionnelles gratuites ?<\/a><\/li>\n                        <li><a href=\"#topic6\">Pour aller plus loin<\/a><\/li>\n                    <\/ul>\n    <\/div>\n        <div id=\"topic1\" class=\"skip-item\">\n                        <h2>Quand l'IP devient un goulot d\u2019\u00e9tranglement IP pour le monde de l\u2019audiovisuel<\/h2>\n                <p data-start=\"649\" data-end=\"982\">Les industries de l\u2019AV et de la diffusion traversent une v\u00e9ritable crise des comp\u00e9tences. Les postes restent vacants pendant des mois. Les projets prennent du retard, faute de connaissances suffisantes en mati\u00e8re d\u2019infrastructure IP. Les d\u00e9ploiements tournent mal \u00e0 cause de commutateurs mal configur\u00e9s ou de r\u00e9seaux mal segment\u00e9s.<\/p>\n<p data-start=\"984\" data-end=\"1382\">Aujourd\u2019hui, NETGEAR franchit une \u00e9tape majeure pour r\u00e9soudre ce probl\u00e8me : <strong data-start=\"1060\" data-end=\"1079\">NETGEAR Academy<\/strong> est devenue la source la plus compl\u00e8te du secteur pour la formation professionnelle en <strong data-start=\"1167\" data-end=\"1180\">AV sur IP<\/strong>, proposant des contenus d\u00e9velopp\u00e9s avec des leaders tels que <strong data-start=\"1242\" data-end=\"1331\">AVB Academy, Crestron, Dante by Audinate, Lightware, Powersoft, Q-Sys, SDVoE Alliance<\/strong> et <strong data-start=\"1335\" data-end=\"1349\">Sennheiser<\/strong>, avec encore d\u2019autres \u00e0 venir.<\/p>\n<p data-start=\"1384\" data-end=\"1879\">Le passage \u00e0 l\u2019audiovisuel sur IP a cr\u00e9\u00e9 un manque de connaissances urgent. Les techniciens AV traditionnels manquent souvent d\u2019expertise r\u00e9seau, tandis que les professionnels IT, eux, ma\u00eetrisent commutateurs et routeurs mais ne comprennent pas toujours les protocoles multim\u00e9dias en temps r\u00e9el. R\u00e9sultat : les int\u00e9grateurs reportent les d\u00e9ploiements ou doivent faire appel \u00e0 une assistance d\u2019urgence en pleine installation \u00e0 cause d\u2019une mauvaise configuration r\u00e9seau ou de tests insuffisants.<\/p>\n    <\/div>\n        <div id=\"topic2\" class=\"skip-item\">\n                        <div style=\"align-items: center\">\n<figure style=\"width: 500px\" class=\"wp-caption alignleft\"><img loading=\"lazy\" decoding=\"async\" style=\"width: 400px;margin-right: 15px\" src=\"https:\/\/frhub.netgear.com\/fr\/hub\/wp-content\/uploads\/2025\/11\/GusMarcondes.jpg\" alt=\"Gus Marcondes\" width=\"500\" height=\"500\" \/><figcaption class=\"wp-caption-text\"><strong>Gus Marcondes, Global Training Manager<\/strong><\/figcaption><\/figure>\n<blockquote><p>&nbsp;<\/p>\n<p>&nbsp;<\/p>\n<p>&#8220;<strong><em>Nous voyons nos partenaires peiner \u00e0 trouver des personnes qui comprennent le multicast, les VLAN et la QoS \u2014 toutes les bases qui garantissent le bon fonctionnement de l\u2019AV sur IP,\u201d explique Gus Marcondes, Global Training Manager chez NETGEAR Enterprise. \u201cC\u2019est pourquoi nous avons rendu <strong>NETGEAR Academy<\/strong> gratuite et en faisons la plateforme de formation IP de r\u00e9f\u00e9rence du secteur.<\/em><\/strong>&#8220;<\/p><\/blockquote>\n<\/div>\n<p>&nbsp;<\/p>\n    <\/div>\n        <div id=\"topic3\" class=\"skip-item\">\n                        <h2>Une solution collaborative<\/h2>\n                <p data-start=\"2321\" data-end=\"2750\">Plut\u00f4t que chaque fabricant maintienne sa propre plateforme de formation \u00e0 port\u00e9e limit\u00e9e, <strong data-start=\"2412\" data-end=\"2431\">NETGEAR Academy<\/strong> cr\u00e9e un espace centralis\u00e9 o\u00f9 les professionnels peuvent d\u00e9velopper une connaissance compl\u00e8te de l\u2019infrastructure IP.<br data-start=\"2548\" data-end=\"2551\" \/>Les partenaires fabricants y proposent des d\u00e9monstrations vid\u00e9o de solutions r\u00e9elles, des quiz interactifs pour renforcer les acquis, ainsi que des documents PDF d\u00e9taill\u00e9s pour r\u00e9f\u00e9rence technique.<\/p>\n<p data-start=\"2752\" data-end=\"3281\">La plateforme r\u00e9pond \u00e0 la fragmentation des connaissances entre les diff\u00e9rents domaines professionnels : les \u00e9quipes IT excellent en architecture r\u00e9seau mais manquent parfois de notions sur les protocoles AV en temps r\u00e9el ; les professionnels de la diffusion ma\u00eetrisent la cr\u00e9ation et la livraison de contenu mais n\u00e9gligent souvent les d\u00e9tails d\u2019infrastructure ; les int\u00e9grateurs commerciaux, quant \u00e0 eux, connaissent bien les d\u00e9ploiements mais peuvent b\u00e9n\u00e9ficier d\u2019une compr\u00e9hension plus approfondie de l\u2019\u00e9cosyst\u00e8me IP global.<\/p>\n<p data-start=\"2752\" data-end=\"3281\">\u201c<em>Le succ\u00e8s dans les environnements AV en r\u00e9seau d\u00e9pend moins de secrets propri\u00e9taires que de la compr\u00e9hension de la fa\u00e7on dont les syst\u00e8mes interconnect\u00e9s collaborent<\/em>,\u201d explique <strong data-start=\"3463\" data-end=\"3481\">Richard Jonker<\/strong>, VP Marketing et D\u00e9veloppement Commercial chez NETGEAR AV. \u201cDes clients form\u00e9s deviennent de meilleurs clients, et la connaissance partag\u00e9e conduit \u00e0 de meilleures solutions.\u201d<\/p>\n    <\/div>\n        <div id=\"topic4\" class=\"skip-item\">\n                        <h2>Construire les talents sur le long terme<\/h2>\n                <p data-start=\"3717\" data-end=\"3965\">La m\u00e9thode traditionnelle consistant \u00e0 recruter uniquement des experts d\u00e9j\u00e0 form\u00e9s ne suffit plus. Ces profils sont rares et co\u00fbteux. La solution durable consiste \u00e0 <strong data-start=\"3882\" data-end=\"3919\">d\u00e9velopper les talents en interne<\/strong> via des programmes de formation structur\u00e9s.<\/p>\n<p data-start=\"4321\" data-end=\"4749\">\u201c<em>L\u2019AV sur IP ne va pas ralentir. La demande augmente. Les projets se complexifient,\u201d souligne <strong data-start=\"4063\" data-end=\"4076\">Marcondes<\/strong>. \u201cSi nous n\u2019investissons pas d\u00e8s maintenant dans la formation et le d\u00e9veloppement des comp\u00e9tences, nous allons droit dans le mur. Il faut penser \u00e0 long terme : construire les talents, partager les connaissances et se soutenir mutuellement.<\/em>\u201d<\/p>\n<p data-start=\"4321\" data-end=\"4749\">Avec <strong data-start=\"4326\" data-end=\"4404\">plus de 1 000 nouveaux professionnels rejoignant la plateforme chaque mois<\/strong>, <strong data-start=\"4406\" data-end=\"4425\">NETGEAR Academy<\/strong> offre une opportunit\u00e9 d\u2019investissement durable \u2014 <strong data-start=\"4475\" data-end=\"4494\">sans aucun co\u00fbt<\/strong> pour les entreprises ou les individus.<br data-start=\"4533\" data-end=\"4536\" \/>NETGEAR continuera d\u2019ajouter des contenus partenaires et d\u2019\u00e9tendre sa port\u00e9e dans les domaines de l\u2019int\u00e9gration AV commerciale, de la production live et broadcast, ainsi que des communaut\u00e9s de professionnels IT.<\/p>\n<p><a href=\"https:\/\/academy.netgear.com\/\"><img loading=\"lazy\" decoding=\"async\" class=\"aligncenter wp-image-11650 size-large\" src=\"https:\/\/frhub.netgear.com\/fr\/hub\/wp-content\/uploads\/2025\/11\/Academy-Slider_On-demand-Trainingv2.png\" alt=\"\" width=\"1024\" height=\"369\" \/><\/a><\/p>\n    <\/div>\n        <div id=\"topic5\" class=\"skip-item\">\n                        <h2>Pr\u00eat \u00e0 faire \u00e9voluer votre carri\u00e8re avec des certifications professionnelles gratuites ?<\/h2>\n                <p>Visitez <a href=\"https:\/\/academy.netgear.com\/\">academy.netgear.com<\/a> pour commencer.<\/p>\n<div class=\"hs-cta-embed hs-cta-simple-placeholder hs-cta-embed-241151160033\" style=\"max-width: 100%;max-height: 100%;width: 260px;height: 50.390625px\" data-hubspot-wrapper-cta-id=\"241151160033\"><a href=\"https:\/\/cta-na2.hubspot.com\/web-interactives\/public\/v1\/track\/redirect?encryptedPayload=AVxigLJ6zgXxrLVJLagOt9pyIXf5%2FGgh9lUupWJj49Nfcbq71eIrrvJQt9JGeaQwNkTAPTWhI2%2BXk56NQscWP4xOQ7iZrhk6rkBjyO4dBlJGP1gG3BpcrdlgLyF%2F850K2l3xn5kDj5H%2Fur8VO2zJH58QH7by4HFWliY25223Shr3sQx25aCmNBjCDkNwA2WRum67F9fGyQyzoYOn86wAq%2Brw3xzsBDMbyw%3D%3D&amp;webInteractiveContentId=241151160033&amp;portalId=242128791\" target=\"_blank\" rel=\"noopener\"><br \/>\n<img decoding=\"async\" style=\"height: 100%;width: 100%;object-fit: fill\" src=\"https:\/\/hubspot-no-cache-na2-prod.s3.amazonaws.com\/cta\/default\/242128791\/interactive-241151160033.png\" alt=\"NETGEAR ACADEMY\" \/><br \/>\n<\/a><\/div>\n<p>&nbsp;<\/p>\n    <\/div>\n        <div id=\"topic6\" class=\"skip-item\">\n                        <h2>Pour aller plus loin<\/h2>\n                <p>Plus d\u2019informations sur nos solutions audiovisuelles<\/p>\n<div class=\"hs-cta-embed hs-cta-simple-placeholder hs-cta-embed-241151160046\" style=\"max-width: 100%;max-height: 100%;width: 260px;height: 50.390625px\" data-hubspot-wrapper-cta-id=\"241151160046\"><a href=\"https:\/\/cta-na2.hubspot.com\/web-interactives\/public\/v1\/track\/redirect?encryptedPayload=AVxigLJf4HGLXU18h5HBrlQTZuKX4p21iriDX%2FD9Weo1E0jc26wgSp32sJpGF%2FrOb977gqk9Skq%2FVgamhq%2FXvCN0mPQ1dmrdARtcNUH8fV5cFOvngo8qJ8EuMyEq%2Fqu2y51zC2FZUVyu97opP5ixVGCiE%2Bg6BOgTVVDljEMF5hhhXUNpnikrl2UTN%2Bb3TA%3D%3D&amp;webInteractiveContentId=241151160046&amp;portalId=242128791\" target=\"_blank\" rel=\"noopener\"><br \/>\n<img decoding=\"async\" style=\"height: 100%;width: 100%;object-fit: fill\" src=\"https:\/\/hubspot-no-cache-na2-prod.s3.amazonaws.com\/cta\/default\/242128791\/interactive-241151160046.png\" alt=\"SOLUTIONS NETGEAR AV\" \/><br \/>\n<\/a><\/div>\n<p>Nos ing\u00e9nieurs vous accompagneront gratuitement dans la r\u00e9alisation de vos projets audiovisuels<\/p>\n<div class=\"hs-cta-embed hs-cta-simple-placeholder hs-cta-embed-241151160055\" style=\"max-width: 100%;max-height: 100%;width: 270px;height: 50.390625px\" data-hubspot-wrapper-cta-id=\"241151160055\"><a href=\"https:\/\/cta-na2.hubspot.com\/web-interactives\/public\/v1\/track\/redirect?encryptedPayload=AVxigLLUG9XShtF2ziGdRlpsMD%2BMJ39t1kFOE7VlHl2HmmlWzlJWH0rsV7f3eoQL53gclcWb0lliiDgK3EAMVvEOcIE7gW9aYOwk1uipv43pSUkBlDtiKJ%2BcB7fopWupnJbggqZWRkNERZkdh1dDGXHHDJX3V0sOA8mbXD%2Fd6QC2XK2OyVtrDNFDHbBoT6b15PyvF4Ca3b6JBNTYdAzYeH790XenlNKBP4OKZqw50t7IGx9DuADFMFlNdg6FWQ%3D%3D&amp;webInteractiveContentId=241151160055&amp;portalId=242128791\" target=\"_blank\" rel=\"noopener\"><img decoding=\"async\" style=\"height: 100%;width: 100%;object-fit: fill\" src=\"https:\/\/hubspot-no-cache-na2-prod.s3.amazonaws.com\/cta\/default\/242128791\/interactive-241151160055.png\" alt=\"CONTACTEZ L'EQUIPE PROAV\" \/><br \/>\n<\/a><\/div>\n<p style=\"margin-top: 50px\"><iframe loading=\"lazy\" src=\"https:\/\/405nrr.share-na2.hsforms.com\/24AR2ZDSmQqWycFqf8q5-eg\" width=\"100%\" height=\"1200px\"><\/iframe><\/p>\n    <\/div>\n    \n","protected":false},"excerpt":{"rendered":"","protected":false},"author":97,"featured_media":11467,"parent":6754,"menu_order":0,"comment_status":"closed","ping_status":"closed","template":"templates\/blog-wifi.php","meta":{"_acf_changed":false,"content-type":"","footnotes":""},"class_list":["post-11469","page","type-page","status-publish","has-post-thumbnail","hentry"],"acf":[],"yoast_head":"<!-- This site is optimized with the Yoast SEO plugin v27.4 - https:\/\/yoast.com\/product\/yoast-seo-wordpress\/ -->\n<title>NETGEAR Academy s\u2019attaque \u00e0 la p\u00e9nurie de comp\u00e9tences du secteur avec une plateforme de formation enrichie - NETGEAR Blog<\/title>\n<meta name=\"description\" content=\"NETGEAR Academy s\u2019enrichit de nouvelles formations AVoIP pour combler le foss\u00e9 de comp\u00e9tences sur le march\u00e9 de l&#039;AV et du Broadcast\" \/>\n<meta name=\"robots\" content=\"index, follow, max-snippet:-1, max-image-preview:large, max-video-preview:-1\" \/>\n<link rel=\"canonical\" href=\"https:\/\/frhub.netgear.com\/fr\/hub\/business\/av\/netgear-academy-expands-av-over-ip-training\/\" \/>\n<meta property=\"og:locale\" content=\"en_US\" \/>\n<meta property=\"og:type\" content=\"article\" \/>\n<meta property=\"og:title\" content=\"NETGEAR Academy s\u2019attaque \u00e0 la p\u00e9nurie de comp\u00e9tences du secteur avec une plateforme de formation enrichie - NETGEAR Blog\" \/>\n<meta property=\"og:description\" content=\"NETGEAR Academy s\u2019enrichit de nouvelles formations AVoIP pour combler le foss\u00e9 de comp\u00e9tences sur le march\u00e9 de l&#039;AV et du Broadcast\" \/>\n<meta property=\"og:url\" content=\"https:\/\/frhub.netgear.com\/fr\/hub\/business\/av\/netgear-academy-expands-av-over-ip-training\/\" \/>\n<meta property=\"og:site_name\" content=\"NETGEAR Blog\" \/>\n<meta property=\"article:publisher\" content=\"https:\/\/www.facebook.com\/NetgearAU\/\" \/>\n<meta property=\"article:modified_time\" content=\"2025-11-12T13:48:48+00:00\" \/>\n<meta property=\"og:image\" content=\"https:\/\/frhub.netgear.com\/fr\/hub\/wp-content\/uploads\/2025\/11\/NETGEAR-Academy-tower-tradeshow.jpg\" \/>\n\t<meta property=\"og:image:width\" content=\"720\" \/>\n\t<meta property=\"og:image:height\" content=\"720\" \/>\n\t<meta property=\"og:image:type\" content=\"image\/jpeg\" \/>\n<meta name=\"twitter:card\" content=\"summary_large_image\" \/>\n<meta name=\"twitter:site\" content=\"@NETGEAR\" \/>\n<script type=\"application\/ld+json\" class=\"yoast-schema-graph\">{\"@context\":\"https:\\\/\\\/schema.org\",\"@graph\":[{\"@type\":\"WebPage\",\"@id\":\"https:\\\/\\\/frhub.netgear.com\\\/fr\\\/hub\\\/business\\\/av\\\/netgear-academy-expands-av-over-ip-training\\\/\",\"url\":\"https:\\\/\\\/frhub.netgear.com\\\/fr\\\/hub\\\/business\\\/av\\\/netgear-academy-expands-av-over-ip-training\\\/\",\"name\":\"NETGEAR Academy s\u2019attaque \u00e0 la p\u00e9nurie de comp\u00e9tences du secteur avec une plateforme de formation enrichie - NETGEAR Blog\",\"isPartOf\":{\"@id\":\"https:\\\/\\\/frhub.netgear.com\\\/fr\\\/hub\\\/#website\"},\"primaryImageOfPage\":{\"@id\":\"https:\\\/\\\/frhub.netgear.com\\\/fr\\\/hub\\\/business\\\/av\\\/netgear-academy-expands-av-over-ip-training\\\/#primaryimage\"},\"image\":{\"@id\":\"https:\\\/\\\/frhub.netgear.com\\\/fr\\\/hub\\\/business\\\/av\\\/netgear-academy-expands-av-over-ip-training\\\/#primaryimage\"},\"thumbnailUrl\":\"https:\\\/\\\/frhub.netgear.com\\\/fr\\\/hub\\\/wp-content\\\/uploads\\\/2025\\\/11\\\/NETGEAR-Academy-tower-tradeshow.jpg\",\"datePublished\":\"2025-11-04T19:18:02+00:00\",\"dateModified\":\"2025-11-12T13:48:48+00:00\",\"description\":\"NETGEAR Academy s\u2019enrichit de nouvelles formations AVoIP pour combler le foss\u00e9 de comp\u00e9tences sur le march\u00e9 de l'AV et du Broadcast\",\"breadcrumb\":{\"@id\":\"https:\\\/\\\/frhub.netgear.com\\\/fr\\\/hub\\\/business\\\/av\\\/netgear-academy-expands-av-over-ip-training\\\/#breadcrumb\"},\"inLanguage\":\"en-US\",\"potentialAction\":[{\"@type\":\"ReadAction\",\"target\":[\"https:\\\/\\\/frhub.netgear.com\\\/fr\\\/hub\\\/business\\\/av\\\/netgear-academy-expands-av-over-ip-training\\\/\"]}]},{\"@type\":\"ImageObject\",\"inLanguage\":\"en-US\",\"@id\":\"https:\\\/\\\/frhub.netgear.com\\\/fr\\\/hub\\\/business\\\/av\\\/netgear-academy-expands-av-over-ip-training\\\/#primaryimage\",\"url\":\"https:\\\/\\\/frhub.netgear.com\\\/fr\\\/hub\\\/wp-content\\\/uploads\\\/2025\\\/11\\\/NETGEAR-Academy-tower-tradeshow.jpg\",\"contentUrl\":\"https:\\\/\\\/frhub.netgear.com\\\/fr\\\/hub\\\/wp-content\\\/uploads\\\/2025\\\/11\\\/NETGEAR-Academy-tower-tradeshow.jpg\",\"width\":720,\"height\":720},{\"@type\":\"BreadcrumbList\",\"@id\":\"https:\\\/\\\/frhub.netgear.com\\\/fr\\\/hub\\\/business\\\/av\\\/netgear-academy-expands-av-over-ip-training\\\/#breadcrumb\",\"itemListElement\":[{\"@type\":\"ListItem\",\"position\":1,\"name\":\"Home\",\"item\":\"https:\\\/\\\/frhub.netgear.com\\\/fr\\\/hub\\\/\"},{\"@type\":\"ListItem\",\"position\":2,\"name\":\"Entreprises\",\"item\":\"https:\\\/\\\/frhub.netgear.com\\\/fr\\\/hub\\\/business\\\/\"},{\"@type\":\"ListItem\",\"position\":3,\"name\":\"Entreprise AV\",\"item\":\"https:\\\/\\\/frhub.netgear.com\\\/fr\\\/hub\\\/business\\\/av\\\/\"},{\"@type\":\"ListItem\",\"position\":4,\"name\":\"NETGEAR Academy s\u2019attaque \u00e0 la p\u00e9nurie de comp\u00e9tences du secteur avec une plateforme de formation enrichie\"}]},{\"@type\":\"WebSite\",\"@id\":\"https:\\\/\\\/frhub.netgear.com\\\/fr\\\/hub\\\/#website\",\"url\":\"https:\\\/\\\/frhub.netgear.com\\\/fr\\\/hub\\\/\",\"name\":\"NETGEAR Hub France\",\"description\":\"Explorez les pages de notre blog et parcourez les articles pour en savoir plus sur les produits et la technologie NETGEAR.\",\"publisher\":{\"@id\":\"https:\\\/\\\/frhub.netgear.com\\\/fr\\\/hub\\\/#organization\"},\"potentialAction\":[{\"@type\":\"SearchAction\",\"target\":{\"@type\":\"EntryPoint\",\"urlTemplate\":\"https:\\\/\\\/frhub.netgear.com\\\/fr\\\/hub\\\/?s={search_term_string}\"},\"query-input\":{\"@type\":\"PropertyValueSpecification\",\"valueRequired\":true,\"valueName\":\"search_term_string\"}}],\"inLanguage\":\"en-US\"},{\"@type\":\"Organization\",\"@id\":\"https:\\\/\\\/frhub.netgear.com\\\/fr\\\/hub\\\/#organization\",\"name\":\"NETGEAR\",\"url\":\"https:\\\/\\\/frhub.netgear.com\\\/fr\\\/hub\\\/\",\"logo\":{\"@type\":\"ImageObject\",\"inLanguage\":\"en-US\",\"@id\":\"https:\\\/\\\/frhub.netgear.com\\\/fr\\\/hub\\\/#\\\/schema\\\/logo\\\/image\\\/\",\"url\":\"https:\\\/\\\/www.netgear.com\\\/fr\\\/hub\\\/wp-content\\\/uploads\\\/2019\\\/07\\\/NETGEAR_logo.jpg\",\"contentUrl\":\"https:\\\/\\\/www.netgear.com\\\/fr\\\/hub\\\/wp-content\\\/uploads\\\/2019\\\/07\\\/NETGEAR_logo.jpg\",\"width\":1500,\"height\":501,\"caption\":\"NETGEAR\"},\"image\":{\"@id\":\"https:\\\/\\\/frhub.netgear.com\\\/fr\\\/hub\\\/#\\\/schema\\\/logo\\\/image\\\/\"},\"sameAs\":[\"https:\\\/\\\/www.facebook.com\\\/NetgearAU\\\/\",\"https:\\\/\\\/x.com\\\/NETGEAR\",\"https:\\\/\\\/www.linkedin.com\\\/company\\\/netgear\"]}]}<\/script>\n<!-- \/ Yoast SEO plugin. -->","yoast_head_json":{"title":"NETGEAR Academy s\u2019attaque \u00e0 la p\u00e9nurie de comp\u00e9tences du secteur avec une plateforme de formation enrichie - NETGEAR Blog","description":"NETGEAR Academy s\u2019enrichit de nouvelles formations AVoIP pour combler le foss\u00e9 de comp\u00e9tences sur le march\u00e9 de l'AV et du Broadcast","robots":{"index":"index","follow":"follow","max-snippet":"max-snippet:-1","max-image-preview":"max-image-preview:large","max-video-preview":"max-video-preview:-1"},"canonical":"https:\/\/frhub.netgear.com\/fr\/hub\/business\/av\/netgear-academy-expands-av-over-ip-training\/","og_locale":"en_US","og_type":"article","og_title":"NETGEAR Academy s\u2019attaque \u00e0 la p\u00e9nurie de comp\u00e9tences du secteur avec une plateforme de formation enrichie - NETGEAR Blog","og_description":"NETGEAR Academy s\u2019enrichit de nouvelles formations AVoIP pour combler le foss\u00e9 de comp\u00e9tences sur le march\u00e9 de l'AV et du Broadcast","og_url":"https:\/\/frhub.netgear.com\/fr\/hub\/business\/av\/netgear-academy-expands-av-over-ip-training\/","og_site_name":"NETGEAR Blog","article_publisher":"https:\/\/www.facebook.com\/NetgearAU\/","article_modified_time":"2025-11-12T13:48:48+00:00","og_image":[{"width":720,"height":720,"url":"https:\/\/frhub.netgear.com\/fr\/hub\/wp-content\/uploads\/2025\/11\/NETGEAR-Academy-tower-tradeshow.jpg","type":"image\/jpeg"}],"twitter_card":"summary_large_image","twitter_site":"@NETGEAR","schema":{"@context":"https:\/\/schema.org","@graph":[{"@type":"WebPage","@id":"https:\/\/frhub.netgear.com\/fr\/hub\/business\/av\/netgear-academy-expands-av-over-ip-training\/","url":"https:\/\/frhub.netgear.com\/fr\/hub\/business\/av\/netgear-academy-expands-av-over-ip-training\/","name":"NETGEAR Academy s\u2019attaque \u00e0 la p\u00e9nurie de comp\u00e9tences du secteur avec une plateforme de formation enrichie - NETGEAR Blog","isPartOf":{"@id":"https:\/\/frhub.netgear.com\/fr\/hub\/#website"},"primaryImageOfPage":{"@id":"https:\/\/frhub.netgear.com\/fr\/hub\/business\/av\/netgear-academy-expands-av-over-ip-training\/#primaryimage"},"image":{"@id":"https:\/\/frhub.netgear.com\/fr\/hub\/business\/av\/netgear-academy-expands-av-over-ip-training\/#primaryimage"},"thumbnailUrl":"https:\/\/frhub.netgear.com\/fr\/hub\/wp-content\/uploads\/2025\/11\/NETGEAR-Academy-tower-tradeshow.jpg","datePublished":"2025-11-04T19:18:02+00:00","dateModified":"2025-11-12T13:48:48+00:00","description":"NETGEAR Academy s\u2019enrichit de nouvelles formations AVoIP pour combler le foss\u00e9 de comp\u00e9tences sur le march\u00e9 de l'AV et du Broadcast","breadcrumb":{"@id":"https:\/\/frhub.netgear.com\/fr\/hub\/business\/av\/netgear-academy-expands-av-over-ip-training\/#breadcrumb"},"inLanguage":"en-US","potentialAction":[{"@type":"ReadAction","target":["https:\/\/frhub.netgear.com\/fr\/hub\/business\/av\/netgear-academy-expands-av-over-ip-training\/"]}]},{"@type":"ImageObject","inLanguage":"en-US","@id":"https:\/\/frhub.netgear.com\/fr\/hub\/business\/av\/netgear-academy-expands-av-over-ip-training\/#primaryimage","url":"https:\/\/frhub.netgear.com\/fr\/hub\/wp-content\/uploads\/2025\/11\/NETGEAR-Academy-tower-tradeshow.jpg","contentUrl":"https:\/\/frhub.netgear.com\/fr\/hub\/wp-content\/uploads\/2025\/11\/NETGEAR-Academy-tower-tradeshow.jpg","width":720,"height":720},{"@type":"BreadcrumbList","@id":"https:\/\/frhub.netgear.com\/fr\/hub\/business\/av\/netgear-academy-expands-av-over-ip-training\/#breadcrumb","itemListElement":[{"@type":"ListItem","position":1,"name":"Home","item":"https:\/\/frhub.netgear.com\/fr\/hub\/"},{"@type":"ListItem","position":2,"name":"Entreprises","item":"https:\/\/frhub.netgear.com\/fr\/hub\/business\/"},{"@type":"ListItem","position":3,"name":"Entreprise AV","item":"https:\/\/frhub.netgear.com\/fr\/hub\/business\/av\/"},{"@type":"ListItem","position":4,"name":"NETGEAR Academy s\u2019attaque \u00e0 la p\u00e9nurie de comp\u00e9tences du secteur avec une plateforme de formation enrichie"}]},{"@type":"WebSite","@id":"https:\/\/frhub.netgear.com\/fr\/hub\/#website","url":"https:\/\/frhub.netgear.com\/fr\/hub\/","name":"NETGEAR Hub France","description":"Explorez les pages de notre blog et parcourez les articles pour en savoir plus sur les produits et la technologie NETGEAR.","publisher":{"@id":"https:\/\/frhub.netgear.com\/fr\/hub\/#organization"},"potentialAction":[{"@type":"SearchAction","target":{"@type":"EntryPoint","urlTemplate":"https:\/\/frhub.netgear.com\/fr\/hub\/?s={search_term_string}"},"query-input":{"@type":"PropertyValueSpecification","valueRequired":true,"valueName":"search_term_string"}}],"inLanguage":"en-US"},{"@type":"Organization","@id":"https:\/\/frhub.netgear.com\/fr\/hub\/#organization","name":"NETGEAR","url":"https:\/\/frhub.netgear.com\/fr\/hub\/","logo":{"@type":"ImageObject","inLanguage":"en-US","@id":"https:\/\/frhub.netgear.com\/fr\/hub\/#\/schema\/logo\/image\/","url":"https:\/\/www.netgear.com\/fr\/hub\/wp-content\/uploads\/2019\/07\/NETGEAR_logo.jpg","contentUrl":"https:\/\/www.netgear.com\/fr\/hub\/wp-content\/uploads\/2019\/07\/NETGEAR_logo.jpg","width":1500,"height":501,"caption":"NETGEAR"},"image":{"@id":"https:\/\/frhub.netgear.com\/fr\/hub\/#\/schema\/logo\/image\/"},"sameAs":["https:\/\/www.facebook.com\/NetgearAU\/","https:\/\/x.com\/NETGEAR","https:\/\/www.linkedin.com\/company\/netgear"]}]}},"_links":{"self":[{"href":"https:\/\/frhub.netgear.com\/fr\/hub\/wp-json\/wp\/v2\/pages\/11469","targetHints":{"allow":["GET"]}}],"collection":[{"href":"https:\/\/frhub.netgear.com\/fr\/hub\/wp-json\/wp\/v2\/pages"}],"about":[{"href":"https:\/\/frhub.netgear.com\/fr\/hub\/wp-json\/wp\/v2\/types\/page"}],"author":[{"embeddable":true,"href":"https:\/\/frhub.netgear.com\/fr\/hub\/wp-json\/wp\/v2\/users\/97"}],"replies":[{"embeddable":true,"href":"https:\/\/frhub.netgear.com\/fr\/hub\/wp-json\/wp\/v2\/comments?post=11469"}],"version-history":[{"count":12,"href":"https:\/\/frhub.netgear.com\/fr\/hub\/wp-json\/wp\/v2\/pages\/11469\/revisions"}],"predecessor-version":[{"id":11494,"href":"https:\/\/frhub.netgear.com\/fr\/hub\/wp-json\/wp\/v2\/pages\/11469\/revisions\/11494"}],"up":[{"embeddable":true,"href":"https:\/\/frhub.netgear.com\/fr\/hub\/wp-json\/wp\/v2\/pages\/6754"}],"wp:featuredmedia":[{"embeddable":true,"href":"https:\/\/frhub.netgear.com\/fr\/hub\/wp-json\/wp\/v2\/media\/11467"}],"wp:attachment":[{"href":"https:\/\/frhub.netgear.com\/fr\/hub\/wp-json\/wp\/v2\/media?parent=11469"}],"curies":[{"name":"wp","href":"https:\/\/api.w.org\/{rel}","templated":true}]}}