{"id":11436,"date":"2025-10-30T10:58:03","date_gmt":"2025-10-30T09:58:03","guid":{"rendered":"https:\/\/frhub.netgear.com\/fr\/hub\/?page_id=11436"},"modified":"2025-10-30T11:34:24","modified_gmt":"2025-10-30T10:34:24","slug":"mr7450-enhanced-5g-performance-with-the-latest-firmware-update","status":"publish","type":"page","link":"https:\/\/frhub.netgear.com\/fr\/hub\/wifi\/mobile\/mr7450-enhanced-5g-performance-with-the-latest-firmware-update\/","title":{"rendered":"Nighthawk M7 Pro (MR7450-100EUS) \u2013 Performances 5G am\u00e9lior\u00e9es avec la derni\u00e8re mise \u00e0 jour du firmware"},"content":{"rendered":"<p><img loading=\"lazy\" decoding=\"async\" class=\"alignone size-full wp-image-10681\" style=\"border-radius: 1em;\" src=\"https:\/\/frhub.netgear.com\/fr\/hub\/wp-content\/uploads\/2025\/10\/M7_Straight_1920x1080.jpg\" alt=\"\" width=\"1048\" height=\"511\" \/><\/p>\n    <div class=\"table-of-content bg-gray\">\n        <p><strong>IN THIS ARTICLE<\/strong><\/p>\n        <ul>\n                        <li><a href=\"#topic1\">Pourquoi mettre \u00e0 jour ?<\/a><\/li>\n                        <li><a href=\"#topic2\">Comment mettre \u00e0 jour votre appareil<\/a><\/li>\n                        <li><a href=\"#topic3\">Au cas o\u00f9 vous auriez des difficult\u00e9s \u00e0 mettre \u00e0 jour<\/a><\/li>\n                        <li><a href=\"#topic4\">Restez connect\u00e9<\/a><\/li>\n                    <\/ul>\n    <\/div>\n        <div id=\"topic1\" class=\"skip-item\">\n                        <h2>Pourquoi mettre \u00e0 jour ?<\/h2>\n                <p>Ce micrologiciel inclut d&#8217;importantes am\u00e9liorations de la compatibilit\u00e9 et de la stabilit\u00e9 du r\u00e9seau 5G. En gardant votre M7 Pro \u00e0 jour, vous b\u00e9n\u00e9ficierez d&#8217;une connexion plus fluide et plus fiable o\u00f9 que vous soyez.<\/p>\n    <\/div>\n        <div id=\"topic2\" class=\"skip-item\">\n                        <h2>Comment mettre \u00e0 jour votre appareil<\/h2>\n                <p>Vous pouvez mettre \u00e0 jour votre M7 Pro rapidement et facilement \u00e0 l&#8217;aide de l&#8217;une des m\u00e9thodes suivantes :<\/p>\n<p>&nbsp;<\/p>\n<p><strong>Option 1 : Mise \u00e0 jour via les donn\u00e9es mobiles (recommand\u00e9)<\/strong><\/p>\n<p>1. Assurez-vous que votre appareil est allum\u00e9 et connect\u00e9 \u00e0 un r\u00e9seau mobile<br \/>\n2. Appuyez sur Param\u00e8tres &gt; logiciel &gt; v\u00e9rifier les mises \u00e0 jour<br \/>\n3. Si une nouvelle version du micrologiciel est disponible, suivez les instructions pour l&#8217;installer<\/p>\n    <\/div>\n        <div id=\"topic3\" class=\"skip-item\">\n                        <h2>Au cas o\u00f9 vous auriez des difficult\u00e9s \u00e0 mettre \u00e0 jour<\/h2>\n                <p>Si vous rencontrez des difficult\u00e9s pour mettre \u00e0 jour votre M7 Pro via les donn\u00e9es mobiles, essayez l&#8217;une des m\u00e9thodes ci-dessous pour rester connect\u00e9 et terminer la mise \u00e0 jour :<\/p>\n<p><strong>Option 2 : Passer en mode LTE uniquement<\/strong><\/p>\n<p>1. Allumez votre M7 Pro<br \/>\n2. Appuyez sur Param\u00e8tres &gt; la r\u00e9gion de la bande &gt; mobile<br \/>\n3. S\u00e9lectionnez LTE, puis appuyez sur OK<\/p>\n<p>Ce param\u00e8tre bascule temporairement votre connexion sur LTE, ce qui permet \u00e0 la mise \u00e0 jour de se terminer avec succ\u00e8s<\/p>\n<p>&nbsp;<\/p>\n<p><strong>Option 3 : Utiliser le d\u00e9chargement WiFi ou Ethernet<\/strong><\/p>\n<p>1. Connectez votre M7 Pro \u00e0 un r\u00e9seau WiFi ou \u00e0 un routeur \u00e0 l&#8217;aide d&#8217;un c\u00e2ble Ethernet<br \/>\n2. Appuyez sur Param\u00e8tres &gt; logiciel &gt; v\u00e9rifier les mises \u00e0 jour<br \/>\n3. Poursuivez l&#8217;installation si un nouveau firmware est disponible<\/p>\n    <\/div>\n        <div id=\"topic4\" class=\"skip-item\">\n                        <h2>Restez connect\u00e9<\/h2>\n                <p>En gardant votre Nighthawk M7 Pro \u00e0 jour, vous vous assurez de profiter des meilleures performances, de la s\u00e9curit\u00e9, de la fiabilit\u00e9 et de l&#8217; exp\u00e9rience 5G possibles. Merci d&#8217;avoir choisi NETGEAR, nous nous engageons \u00e0 vous garder connect\u00e9, de mani\u00e8re transparente et s\u00e9curis\u00e9e.<\/p>\n    <\/div>\n    \n","protected":false},"excerpt":{"rendered":"","protected":false},"author":68,"featured_media":11437,"parent":6701,"menu_order":0,"comment_status":"closed","ping_status":"closed","template":"templates\/blog-wifi.php","meta":{"_acf_changed":false,"content-type":"","footnotes":""},"class_list":["post-11436","page","type-page","status-publish","has-post-thumbnail","hentry"],"acf":[],"yoast_head":"<!-- This site is optimized with the Yoast SEO plugin v27.4 - https:\/\/yoast.com\/product\/yoast-seo-wordpress\/ -->\n<title>Nighthawk M7 Pro (MR7450-100EUS) \u2013 Performances 5G am\u00e9lior\u00e9es avec la derni\u00e8re mise \u00e0 jour du firmware - NETGEAR Blog<\/title>\n<meta name=\"description\" content=\"Nouvelle mise \u00e0 jour du micrologiciel disponible pour votre Nighthawk M7 Pro (MR7450). Am\u00e9liorez la connectivit\u00e9 5G et les performances globales.\" \/>\n<meta name=\"robots\" content=\"index, follow, max-snippet:-1, max-image-preview:large, max-video-preview:-1\" \/>\n<link rel=\"canonical\" href=\"https:\/\/frhub.netgear.com\/fr\/hub\/wifi\/mobile\/mr7450-enhanced-5g-performance-with-the-latest-firmware-update\/\" \/>\n<meta property=\"og:locale\" content=\"en_US\" \/>\n<meta property=\"og:type\" content=\"article\" \/>\n<meta property=\"og:title\" content=\"Nighthawk M7 Pro (MR7450-100EUS) \u2013 Performances 5G am\u00e9lior\u00e9es avec la derni\u00e8re mise \u00e0 jour du firmware - NETGEAR Blog\" \/>\n<meta property=\"og:description\" content=\"Nouvelle mise \u00e0 jour du micrologiciel disponible pour votre Nighthawk M7 Pro (MR7450). Am\u00e9liorez la connectivit\u00e9 5G et les performances globales.\" \/>\n<meta property=\"og:url\" content=\"https:\/\/frhub.netgear.com\/fr\/hub\/wifi\/mobile\/mr7450-enhanced-5g-performance-with-the-latest-firmware-update\/\" \/>\n<meta property=\"og:site_name\" content=\"NETGEAR Blog\" \/>\n<meta property=\"article:publisher\" content=\"https:\/\/www.facebook.com\/NetgearAU\/\" \/>\n<meta property=\"article:modified_time\" content=\"2025-10-30T10:34:24+00:00\" \/>\n<meta property=\"og:image\" content=\"https:\/\/frhub.netgear.com\/fr\/hub\/wp-content\/uploads\/2025\/10\/M7_Straight_1920x1080.jpg\" \/>\n\t<meta property=\"og:image:width\" content=\"1920\" \/>\n\t<meta property=\"og:image:height\" content=\"1080\" \/>\n\t<meta property=\"og:image:type\" content=\"image\/jpeg\" \/>\n<meta name=\"twitter:card\" content=\"summary_large_image\" \/>\n<meta name=\"twitter:site\" content=\"@NETGEAR\" \/>\n<script type=\"application\/ld+json\" class=\"yoast-schema-graph\">{\"@context\":\"https:\\\/\\\/schema.org\",\"@graph\":[{\"@type\":\"WebPage\",\"@id\":\"https:\\\/\\\/frhub.netgear.com\\\/fr\\\/hub\\\/wifi\\\/mobile\\\/mr7450-enhanced-5g-performance-with-the-latest-firmware-update\\\/\",\"url\":\"https:\\\/\\\/frhub.netgear.com\\\/fr\\\/hub\\\/wifi\\\/mobile\\\/mr7450-enhanced-5g-performance-with-the-latest-firmware-update\\\/\",\"name\":\"Nighthawk M7 Pro (MR7450-100EUS) \u2013 Performances 5G am\u00e9lior\u00e9es avec la derni\u00e8re mise \u00e0 jour du firmware - NETGEAR Blog\",\"isPartOf\":{\"@id\":\"https:\\\/\\\/frhub.netgear.com\\\/fr\\\/hub\\\/#website\"},\"primaryImageOfPage\":{\"@id\":\"https:\\\/\\\/frhub.netgear.com\\\/fr\\\/hub\\\/wifi\\\/mobile\\\/mr7450-enhanced-5g-performance-with-the-latest-firmware-update\\\/#primaryimage\"},\"image\":{\"@id\":\"https:\\\/\\\/frhub.netgear.com\\\/fr\\\/hub\\\/wifi\\\/mobile\\\/mr7450-enhanced-5g-performance-with-the-latest-firmware-update\\\/#primaryimage\"},\"thumbnailUrl\":\"https:\\\/\\\/frhub.netgear.com\\\/fr\\\/hub\\\/wp-content\\\/uploads\\\/2025\\\/10\\\/M7_Straight_1920x1080.jpg\",\"datePublished\":\"2025-10-30T09:58:03+00:00\",\"dateModified\":\"2025-10-30T10:34:24+00:00\",\"description\":\"Nouvelle mise \u00e0 jour du micrologiciel disponible pour votre Nighthawk M7 Pro (MR7450). Am\u00e9liorez la connectivit\u00e9 5G et les performances globales.\",\"breadcrumb\":{\"@id\":\"https:\\\/\\\/frhub.netgear.com\\\/fr\\\/hub\\\/wifi\\\/mobile\\\/mr7450-enhanced-5g-performance-with-the-latest-firmware-update\\\/#breadcrumb\"},\"inLanguage\":\"en-US\",\"potentialAction\":[{\"@type\":\"ReadAction\",\"target\":[\"https:\\\/\\\/frhub.netgear.com\\\/fr\\\/hub\\\/wifi\\\/mobile\\\/mr7450-enhanced-5g-performance-with-the-latest-firmware-update\\\/\"]}]},{\"@type\":\"ImageObject\",\"inLanguage\":\"en-US\",\"@id\":\"https:\\\/\\\/frhub.netgear.com\\\/fr\\\/hub\\\/wifi\\\/mobile\\\/mr7450-enhanced-5g-performance-with-the-latest-firmware-update\\\/#primaryimage\",\"url\":\"https:\\\/\\\/frhub.netgear.com\\\/fr\\\/hub\\\/wp-content\\\/uploads\\\/2025\\\/10\\\/M7_Straight_1920x1080.jpg\",\"contentUrl\":\"https:\\\/\\\/frhub.netgear.com\\\/fr\\\/hub\\\/wp-content\\\/uploads\\\/2025\\\/10\\\/M7_Straight_1920x1080.jpg\",\"width\":1920,\"height\":1080},{\"@type\":\"BreadcrumbList\",\"@id\":\"https:\\\/\\\/frhub.netgear.com\\\/fr\\\/hub\\\/wifi\\\/mobile\\\/mr7450-enhanced-5g-performance-with-the-latest-firmware-update\\\/#breadcrumb\",\"itemListElement\":[{\"@type\":\"ListItem\",\"position\":1,\"name\":\"Home\",\"item\":\"https:\\\/\\\/frhub.netgear.com\\\/fr\\\/hub\\\/\"},{\"@type\":\"ListItem\",\"position\":2,\"name\":\"WiFi Tech Articles Hub\",\"item\":\"https:\\\/\\\/frhub.netgear.com\\\/fr\\\/hub\\\/wifi\\\/\"},{\"@type\":\"ListItem\",\"position\":3,\"name\":\"WiFi Mobile 5G &#038; 4G\",\"item\":\"https:\\\/\\\/frhub.netgear.com\\\/fr\\\/hub\\\/wifi\\\/mobile\\\/\"},{\"@type\":\"ListItem\",\"position\":4,\"name\":\"Nighthawk M7 Pro (MR7450-100EUS) \u2013 Performances 5G am\u00e9lior\u00e9es avec la derni\u00e8re mise \u00e0 jour du firmware\"}]},{\"@type\":\"WebSite\",\"@id\":\"https:\\\/\\\/frhub.netgear.com\\\/fr\\\/hub\\\/#website\",\"url\":\"https:\\\/\\\/frhub.netgear.com\\\/fr\\\/hub\\\/\",\"name\":\"NETGEAR Hub France\",\"description\":\"Explorez les pages de notre blog et parcourez les articles pour en savoir plus sur les produits et la technologie NETGEAR.\",\"publisher\":{\"@id\":\"https:\\\/\\\/frhub.netgear.com\\\/fr\\\/hub\\\/#organization\"},\"potentialAction\":[{\"@type\":\"SearchAction\",\"target\":{\"@type\":\"EntryPoint\",\"urlTemplate\":\"https:\\\/\\\/frhub.netgear.com\\\/fr\\\/hub\\\/?s={search_term_string}\"},\"query-input\":{\"@type\":\"PropertyValueSpecification\",\"valueRequired\":true,\"valueName\":\"search_term_string\"}}],\"inLanguage\":\"en-US\"},{\"@type\":\"Organization\",\"@id\":\"https:\\\/\\\/frhub.netgear.com\\\/fr\\\/hub\\\/#organization\",\"name\":\"NETGEAR\",\"url\":\"https:\\\/\\\/frhub.netgear.com\\\/fr\\\/hub\\\/\",\"logo\":{\"@type\":\"ImageObject\",\"inLanguage\":\"en-US\",\"@id\":\"https:\\\/\\\/frhub.netgear.com\\\/fr\\\/hub\\\/#\\\/schema\\\/logo\\\/image\\\/\",\"url\":\"https:\\\/\\\/www.netgear.com\\\/fr\\\/hub\\\/wp-content\\\/uploads\\\/2019\\\/07\\\/NETGEAR_logo.jpg\",\"contentUrl\":\"https:\\\/\\\/www.netgear.com\\\/fr\\\/hub\\\/wp-content\\\/uploads\\\/2019\\\/07\\\/NETGEAR_logo.jpg\",\"width\":1500,\"height\":501,\"caption\":\"NETGEAR\"},\"image\":{\"@id\":\"https:\\\/\\\/frhub.netgear.com\\\/fr\\\/hub\\\/#\\\/schema\\\/logo\\\/image\\\/\"},\"sameAs\":[\"https:\\\/\\\/www.facebook.com\\\/NetgearAU\\\/\",\"https:\\\/\\\/x.com\\\/NETGEAR\",\"https:\\\/\\\/www.linkedin.com\\\/company\\\/netgear\"]}]}<\/script>\n<!-- \/ Yoast SEO plugin. -->","yoast_head_json":{"title":"Nighthawk M7 Pro (MR7450-100EUS) \u2013 Performances 5G am\u00e9lior\u00e9es avec la derni\u00e8re mise \u00e0 jour du firmware - NETGEAR Blog","description":"Nouvelle mise \u00e0 jour du micrologiciel disponible pour votre Nighthawk M7 Pro (MR7450). Am\u00e9liorez la connectivit\u00e9 5G et les performances globales.","robots":{"index":"index","follow":"follow","max-snippet":"max-snippet:-1","max-image-preview":"max-image-preview:large","max-video-preview":"max-video-preview:-1"},"canonical":"https:\/\/frhub.netgear.com\/fr\/hub\/wifi\/mobile\/mr7450-enhanced-5g-performance-with-the-latest-firmware-update\/","og_locale":"en_US","og_type":"article","og_title":"Nighthawk M7 Pro (MR7450-100EUS) \u2013 Performances 5G am\u00e9lior\u00e9es avec la derni\u00e8re mise \u00e0 jour du firmware - NETGEAR Blog","og_description":"Nouvelle mise \u00e0 jour du micrologiciel disponible pour votre Nighthawk M7 Pro (MR7450). Am\u00e9liorez la connectivit\u00e9 5G et les performances globales.","og_url":"https:\/\/frhub.netgear.com\/fr\/hub\/wifi\/mobile\/mr7450-enhanced-5g-performance-with-the-latest-firmware-update\/","og_site_name":"NETGEAR Blog","article_publisher":"https:\/\/www.facebook.com\/NetgearAU\/","article_modified_time":"2025-10-30T10:34:24+00:00","og_image":[{"width":1920,"height":1080,"url":"https:\/\/frhub.netgear.com\/fr\/hub\/wp-content\/uploads\/2025\/10\/M7_Straight_1920x1080.jpg","type":"image\/jpeg"}],"twitter_card":"summary_large_image","twitter_site":"@NETGEAR","schema":{"@context":"https:\/\/schema.org","@graph":[{"@type":"WebPage","@id":"https:\/\/frhub.netgear.com\/fr\/hub\/wifi\/mobile\/mr7450-enhanced-5g-performance-with-the-latest-firmware-update\/","url":"https:\/\/frhub.netgear.com\/fr\/hub\/wifi\/mobile\/mr7450-enhanced-5g-performance-with-the-latest-firmware-update\/","name":"Nighthawk M7 Pro (MR7450-100EUS) \u2013 Performances 5G am\u00e9lior\u00e9es avec la derni\u00e8re mise \u00e0 jour du firmware - NETGEAR Blog","isPartOf":{"@id":"https:\/\/frhub.netgear.com\/fr\/hub\/#website"},"primaryImageOfPage":{"@id":"https:\/\/frhub.netgear.com\/fr\/hub\/wifi\/mobile\/mr7450-enhanced-5g-performance-with-the-latest-firmware-update\/#primaryimage"},"image":{"@id":"https:\/\/frhub.netgear.com\/fr\/hub\/wifi\/mobile\/mr7450-enhanced-5g-performance-with-the-latest-firmware-update\/#primaryimage"},"thumbnailUrl":"https:\/\/frhub.netgear.com\/fr\/hub\/wp-content\/uploads\/2025\/10\/M7_Straight_1920x1080.jpg","datePublished":"2025-10-30T09:58:03+00:00","dateModified":"2025-10-30T10:34:24+00:00","description":"Nouvelle mise \u00e0 jour du micrologiciel disponible pour votre Nighthawk M7 Pro (MR7450). Am\u00e9liorez la connectivit\u00e9 5G et les performances globales.","breadcrumb":{"@id":"https:\/\/frhub.netgear.com\/fr\/hub\/wifi\/mobile\/mr7450-enhanced-5g-performance-with-the-latest-firmware-update\/#breadcrumb"},"inLanguage":"en-US","potentialAction":[{"@type":"ReadAction","target":["https:\/\/frhub.netgear.com\/fr\/hub\/wifi\/mobile\/mr7450-enhanced-5g-performance-with-the-latest-firmware-update\/"]}]},{"@type":"ImageObject","inLanguage":"en-US","@id":"https:\/\/frhub.netgear.com\/fr\/hub\/wifi\/mobile\/mr7450-enhanced-5g-performance-with-the-latest-firmware-update\/#primaryimage","url":"https:\/\/frhub.netgear.com\/fr\/hub\/wp-content\/uploads\/2025\/10\/M7_Straight_1920x1080.jpg","contentUrl":"https:\/\/frhub.netgear.com\/fr\/hub\/wp-content\/uploads\/2025\/10\/M7_Straight_1920x1080.jpg","width":1920,"height":1080},{"@type":"BreadcrumbList","@id":"https:\/\/frhub.netgear.com\/fr\/hub\/wifi\/mobile\/mr7450-enhanced-5g-performance-with-the-latest-firmware-update\/#breadcrumb","itemListElement":[{"@type":"ListItem","position":1,"name":"Home","item":"https:\/\/frhub.netgear.com\/fr\/hub\/"},{"@type":"ListItem","position":2,"name":"WiFi Tech Articles Hub","item":"https:\/\/frhub.netgear.com\/fr\/hub\/wifi\/"},{"@type":"ListItem","position":3,"name":"WiFi Mobile 5G &#038; 4G","item":"https:\/\/frhub.netgear.com\/fr\/hub\/wifi\/mobile\/"},{"@type":"ListItem","position":4,"name":"Nighthawk M7 Pro (MR7450-100EUS) \u2013 Performances 5G am\u00e9lior\u00e9es avec la derni\u00e8re mise \u00e0 jour du firmware"}]},{"@type":"WebSite","@id":"https:\/\/frhub.netgear.com\/fr\/hub\/#website","url":"https:\/\/frhub.netgear.com\/fr\/hub\/","name":"NETGEAR Hub France","description":"Explorez les pages de notre blog et parcourez les articles pour en savoir plus sur les produits et la technologie NETGEAR.","publisher":{"@id":"https:\/\/frhub.netgear.com\/fr\/hub\/#organization"},"potentialAction":[{"@type":"SearchAction","target":{"@type":"EntryPoint","urlTemplate":"https:\/\/frhub.netgear.com\/fr\/hub\/?s={search_term_string}"},"query-input":{"@type":"PropertyValueSpecification","valueRequired":true,"valueName":"search_term_string"}}],"inLanguage":"en-US"},{"@type":"Organization","@id":"https:\/\/frhub.netgear.com\/fr\/hub\/#organization","name":"NETGEAR","url":"https:\/\/frhub.netgear.com\/fr\/hub\/","logo":{"@type":"ImageObject","inLanguage":"en-US","@id":"https:\/\/frhub.netgear.com\/fr\/hub\/#\/schema\/logo\/image\/","url":"https:\/\/www.netgear.com\/fr\/hub\/wp-content\/uploads\/2019\/07\/NETGEAR_logo.jpg","contentUrl":"https:\/\/www.netgear.com\/fr\/hub\/wp-content\/uploads\/2019\/07\/NETGEAR_logo.jpg","width":1500,"height":501,"caption":"NETGEAR"},"image":{"@id":"https:\/\/frhub.netgear.com\/fr\/hub\/#\/schema\/logo\/image\/"},"sameAs":["https:\/\/www.facebook.com\/NetgearAU\/","https:\/\/x.com\/NETGEAR","https:\/\/www.linkedin.com\/company\/netgear"]}]}},"_links":{"self":[{"href":"https:\/\/frhub.netgear.com\/fr\/hub\/wp-json\/wp\/v2\/pages\/11436","targetHints":{"allow":["GET"]}}],"collection":[{"href":"https:\/\/frhub.netgear.com\/fr\/hub\/wp-json\/wp\/v2\/pages"}],"about":[{"href":"https:\/\/frhub.netgear.com\/fr\/hub\/wp-json\/wp\/v2\/types\/page"}],"author":[{"embeddable":true,"href":"https:\/\/frhub.netgear.com\/fr\/hub\/wp-json\/wp\/v2\/users\/68"}],"replies":[{"embeddable":true,"href":"https:\/\/frhub.netgear.com\/fr\/hub\/wp-json\/wp\/v2\/comments?post=11436"}],"version-history":[{"count":3,"href":"https:\/\/frhub.netgear.com\/fr\/hub\/wp-json\/wp\/v2\/pages\/11436\/revisions"}],"predecessor-version":[{"id":11442,"href":"https:\/\/frhub.netgear.com\/fr\/hub\/wp-json\/wp\/v2\/pages\/11436\/revisions\/11442"}],"up":[{"embeddable":true,"href":"https:\/\/frhub.netgear.com\/fr\/hub\/wp-json\/wp\/v2\/pages\/6701"}],"wp:featuredmedia":[{"embeddable":true,"href":"https:\/\/frhub.netgear.com\/fr\/hub\/wp-json\/wp\/v2\/media\/11437"}],"wp:attachment":[{"href":"https:\/\/frhub.netgear.com\/fr\/hub\/wp-json\/wp\/v2\/media?parent=11436"}],"curies":[{"name":"wp","href":"https:\/\/api.w.org\/{rel}","templated":true}]}}