{"id":10612,"date":"2025-08-18T18:06:57","date_gmt":"2025-08-18T16:06:57","guid":{"rendered":"https:\/\/frhub.netgear.com\/fr\/hub\/business\/av\/loreal-la-beauterencontre-la-technologie-2\/"},"modified":"2025-10-03T09:37:52","modified_gmt":"2025-10-03T07:37:52","slug":"netgear-engage-evolution-or-revolution","status":"publish","type":"page","link":"https:\/\/frhub.netgear.com\/fr\/hub\/business\/av\/netgear-engage-evolution-or-revolution\/","title":{"rendered":"NETGEAR Engage : \u00c9volution ou R\u00e9volution ?"},"content":{"rendered":"<p>Ou, formul\u00e9 autrement : Engage est-il simplement la prochaine \u00e9tape dans la gestion des r\u00e9seaux AV pour les int\u00e9grateurs, ou bien un v\u00e9ritable changement de paradigme ?<br \/>\nNous dirions un peu des deux \u2014 m\u00eame si, c\u2019est notre cr\u00e9ation.     <div class=\"table-of-content bg-gray\">\n        <p><strong>IN THIS ARTICLE<\/strong><\/p>\n        <ul>\n                        <li><a href=\"#topic1\">Des outils IT traditionnels aux interfaces adapt\u00e9es pour l\u2019AV<\/a><\/li>\n                        <li><a href=\"#topic2\">Voici NETGEAR Engage : un seul outil pour tout g\u00e9rer<\/a><\/li>\n                        <li><a href=\"#topic3\">Con\u00e7u par des pros de l\u2019AV, pour des pros de l\u2019AV<\/a><\/li>\n                        <li><a href=\"#topic4\">En constante \u00e9volution avec le support de nouveaux protocoles<\/a><\/li>\n                        <li><a href=\"#topic5\">Gratuit, puissant et pr\u00eat \u00e0 \u00eatre t\u00e9l\u00e9charg\u00e9<\/a><\/li>\n                        <li><a href=\"#topic6\">Plus d'informations<\/a><\/li>\n                    <\/ul>\n    <\/div>\n        <div id=\"topic1\" class=\"skip-item\">\n                        <h2>Des outils IT traditionnels aux interfaces adapt\u00e9es pour l\u2019AV<\/h2>\n                <p>Lorsque NETGEAR est entr\u00e9 dans le secteur ProAV en 2016, nous avons rapidement constat\u00e9 que les outils informatiques traditionnels ne r\u00e9pondaient pas aux besoins des professionnels de l\u2019audiovisuel. Bien que nos switches M4300 offrent d&#8217;excellentes performances pour les protocoles AV-over-IP comme SDVoE, leur fonctionnement &#8220;pr\u00eat \u00e0 l&#8217;emploi&#8221; reposait uniquement sur une configuration pr\u00e9alable des param\u00e8tres AV-over-IP. Utile, certes \u2014 mais insuffisant pour r\u00e9ellement combler le foss\u00e9 en termes de confort d\u2019utilisation. Beaucoup de techniciens AV trouvaient toujours la configuration des r\u00e9seaux intimidants. Il \u00e9tait clair que l\u2019innovation devait aller au-del\u00e0 de simples r\u00e9glages par d\u00e9faut.<\/p>\n<p><strong>Pr\u00e9sentation du M4250 : con\u00e7u pour l\u2019AV<\/strong><\/p>\n<p>En 2020, avec le lancement de la s\u00e9rie M4250, nous avons franchi une \u00e9tape majeure. Nous avons con\u00e7u une interface pens\u00e9e pour l\u2019AV. Fini les lignes de commande complexes : les int\u00e9grateurs pouvaient d\u00e9sormais configurer visuellement des protocoles \u2014 Dante, NDI, AES67, Q-SYS, AMX et NVX \u2014 en cliquant simplement sur le protocole souhait\u00e9 et en assignant les ports. C\u2019\u00e9tait intuitif, visuel, et pens\u00e9 pour tous \u2014 pas uniquement pour les ing\u00e9nieurs r\u00e9seau.<\/p>\n<p><strong>L\u2019extension de l\u2019AV-over-IP : Une complexit\u00e9 croissante<\/strong><\/p>\n<p>Avec l\u2019expansion des syst\u00e8mes AV-over-IP \u2014 sur des campus entiers avec de nombreux switches \u2014 la configuration manuelle de chaque appareil devenait longue, fastidieuse et sujette aux erreurs. R\u00e9p\u00e9ter les m\u00eames \u00e9tapes sur chaque switch \u00e9tait inefficace et risqu\u00e9. Ce dont les int\u00e9grateurs avaient besoin, c\u2019\u00e9tait d\u2019un contr\u00f4le centralis\u00e9 \u2014 mais sans le jargon technique complexe du monde IT.<\/p>\n    <\/div>\n        <div id=\"topic2\" class=\"skip-item\">\n                        <h2>Voici NETGEAR Engage : un seul outil pour tout g\u00e9rer<\/h2>\n                <p>C\u2019est l\u00e0 qu\u2019intervient le contr\u00f4leur NETGEAR Engage. D\u00e9sormais lib\u00e9r\u00e9 de la gestion individuelle de chaque appareil, Engage propose une solution centralis\u00e9e, portable, qui fonctionne sur les switches, routeurs et points d\u2019acc\u00e8s sans fil. Le plus beau ? Aucune installation n\u00e9cessaire. Que vous soyez sur Mac ou Windows, il suffit de le lancer depuis une cl\u00e9 USB pour g\u00e9rer l\u2019ensemble de votre r\u00e9seau AV, site par site, rendant les d\u00e9ploiements complexes plus rapides et fluides.<\/p>\n<p><strong>Ce qui distingue Engage<\/strong><\/p>\n<p>D\u00e8s son lancement, Engage a int\u00e9gr\u00e9 des fonctionnalit\u00e9s dont r\u00eavaient les int\u00e9grateurs :<\/p>\n<ul>\n<li>D\u00e9couverte automatique des switches AV NETGEAR pr\u00e9sents sur le r\u00e9seau<\/li>\n<li>Mises \u00e0 jour de firmware en un seul clic<\/li>\n<li>Application de profils de protocoles pr\u00e9configur\u00e9s pour l\u2019AV<\/li>\n<li>Visualisation instantan\u00e9e de la topologie r\u00e9seau<\/li>\n<li>Automatisation des t\u00e2ches r\u00e9seau courantes : r\u00e9glage IGMP, agr\u00e9gation de liens, propagation VLAN<\/li>\n<\/ul>\n<p>Ces fonctionnalit\u00e9s permettent de r\u00e9duire consid\u00e9rablement le temps de d\u00e9ploiement \u2014 passant de plusieurs jours \u00e0 seulement quelques heures \u2014 avec beaucoup moins d\u2019erreurs.<\/p>\n<p><strong>Engage 2.0 : une interface unifi\u00e9e pour l\u2019AV, le WiFi et le routage<\/strong><\/p>\n<p>Engage 2.0 va encore plus loin en int\u00e9grant la gestion du routage et du sans-fil dans une seule interface. Gr\u00e2ce au routeur Pro PR460X et aux points d\u2019acc\u00e8s WiFi 7 (WBE718 et WBE758) d\u00e9sormais manageables depuis l\u2019application, les int\u00e9grateurs peuvent g\u00e9rer les VLANs, le pontage multicast et la configuration des SSID \u2014 le tout \u00e0 partir d\u2019un flux de travail centralis\u00e9 et simplifi\u00e9. C\u2019est une v\u00e9ritable plateforme de gestion r\u00e9seau qui r\u00e9unit tous les aspects de l\u2019infrastructure AV.<\/p>\n    <\/div>\n        <div id=\"topic3\" class=\"skip-item\">\n                        <h2>Con\u00e7u par des pros de l\u2019AV, pour des pros de l\u2019AV<\/h2>\n                <p>Engage n\u2019a pas \u00e9t\u00e9 d\u00e9velopp\u00e9 en vase clos. Il a \u00e9t\u00e9 co-d\u00e9velopp\u00e9 avec des int\u00e9grateurs et fabricants sur le terrain, \u00e0 partir de cas d\u2019usage concrets. Que ce soit dans des si\u00e8ges sociaux, des salles de spectacle ou des lieux de culte, la portabilit\u00e9, le design centr\u00e9 sur l\u2019AV et l\u2019absence d\u2019installation font de Engage un outil fiable, \u00e0 chaque utilisation.<\/p>\n<p><strong>Votre filet de s\u00e9curit\u00e9 dans un environnement AV-over-IP en pleine expansion<\/strong><\/p>\n<p>\u00c0 mesure que les r\u00e9seaux AV deviennent plus complexes, Engage devient plus qu\u2019un simple outil : c\u2019est un v\u00e9ritable filet de s\u00e9curit\u00e9. Il aide les int\u00e9grateurs \u00e0 \u00e9viter les erreurs de configuration, acc\u00e9l\u00e8re les d\u00e9ploiements et garantit une fiabilit\u00e9 op\u00e9rationnelle d\u00e8s le premier jour. Et avec chaque mise \u00e0 jour, son adoption continue de cro\u00eetre, preuve de son importance dans les workflows AV modernes.<\/p>\n    <\/div>\n        <div id=\"topic4\" class=\"skip-item\">\n                        <h2>En constante \u00e9volution avec le support de nouveaux protocoles<\/h2>\n                <p>Notre derni\u00e8re mise \u00e0 jour a ajout\u00e9 la prise en charge de plus de 36 profils de protocoles AV, issus de 450+ marques, parmi lesquelles :<br \/>\nTelos Alliance Livewire+ AES67, Bosch\/Keenfinity DICENTIS Conference, Allen &amp; Heath gigaACE\/GX, Sennheiser TeamConnect Bar, HARMAN Professional AV, Nice Home Management, Pharos Lighting, et ETC Lighting.<\/p>\n<p>&nbsp;<\/p>\n<p><a style=\"background-color: #26e880;border: 0px none #000000;border-radius: 50px;color: #2c262d;font-size: 16px;font-family: Inter,sans-serif;font-style: normal;font-weight: 500;text-decoration: none;width: 100%;padding: 16px 24px 16px 24px\" href=\"https:\/\/cta-na2.hubspot.com\/web-interactives\/public\/v1\/track\/click?encryptedPayload=AVxigLIsZLesGStjN2wdPnxzVJ4InoOjDfLRkfpuY7uN85TAOdVLaaUA3i6JKTWNJ8hvIRfvjE8eINmWSl%2FI30rKq%2B2d50pv3Yxy5DbI9S7gz9zsmI2cA3MePoM7sp3deAx6%2BBl4%2BPgQT5eH1s93M6IS7kbM9Mj0pudA1TssiCg5t2qvWwiQsxf1mtW3UJ5gTOV7NMkMMc5d7yq%2FxSMKhu%2BrXZalTlvLoQafKGr7LdsBZ9Fo%2BRUkVXp9OFTRgOlc66cmhgTz1MVQcZ0XI9MoGNdbGQzZef2dcdqKP1m7QA%3D%3D&amp;portalId=242128791&amp;webInteractiveId=515111873238&amp;webInteractiveContentId=233404801746&amp;containerType=EMBEDDED&amp;campaignId=8342e614-59ae-4944-88b2-bce2d2a4ca05&amp;pageUrl=https%3A%2F%2Fwww.netgear.com%2Fhub%2Fbusiness%2Fav%2Fnetgear-engage-evolution-or-revolution%2F&amp;pageTitle=NETGEAR+Engage%3A+Evolution+or+Revolution%3F+-+NETGEAR+Blog&amp;referrer=&amp;userAgent=Mozilla%2F5.0+%28Windows+NT+10.0%3B+Win64%3B+x64%3B+rv%3A141.0%29+Gecko%2F20100101+Firefox%2F141.0&amp;hutk=4c3a0eb5d48b5af09b38e2cad6c84626&amp;hssc=83880585.3.1755529316520&amp;hstc=83880585.4c3a0eb5d48b5af09b38e2cad6c84626.1751974617378.1752561281467.1755529316520.5&amp;hsfp=3979290536&amp;contentType=standard-page\" target=\"_blank\" rel=\"noopener\"><strong>T\u00e9l\u00e9chargez la liste compl\u00e8te <\/strong><\/a><\/p>\n    <\/div>\n        <div id=\"topic5\" class=\"skip-item\">\n                        <h2>Gratuit, puissant et pr\u00eat \u00e0 \u00eatre t\u00e9l\u00e9charg\u00e9<\/h2>\n                <p data-start=\"5019\" data-end=\"5198\">Et le meilleur dans tout \u00e7a ? <em data-start=\"5049\" data-end=\"5065\">NETGEAR Engage<\/em> est enti\u00e8rement <strong data-start=\"5082\" data-end=\"5093\">gratuit<\/strong> \u2014 sans licence, sans abonnement, juste un puissant outil de gestion r\u00e9seau AV dans votre bo\u00eete \u00e0 outils.<\/p>\n<p data-start=\"5200\" data-end=\"5292\"><strong>T\u00e9l\u00e9chargez Engage d\u00e8s aujourd\u2019hui et transformez votre mani\u00e8re de g\u00e9rer les r\u00e9seaux AV.<\/strong><\/p>\n<p><a style=\"background-color: #26e880;border: 0px none #000000;border-radius: 50px;color: #2c262d;font-size: 16px;font-family: Inter,sans-serif;font-style: normal;font-weight: 500;text-decoration: none;width: 100%;padding: 16px 24px 16px 24px\" href=\"https:\/\/www.netgear.com\/support\/product\/engage-controller\/?hsCtaAttrib=234056334010#download\" target=\"_blank\" rel=\"noopener\"><strong>T\u00e9l\u00e9chargez Engage <\/strong><\/a><\/p>\n    <\/div>\n        <div id=\"topic6\" class=\"skip-item\">\n                        <h2>Plus d'informations<\/h2>\n                <p><!--SOLUTIONS NETGEAR AV --><\/p>\n<p>Plus d\u2019informations sur nos solutions audiovisuelles<\/p>\n<div class=\"hs-cta-embed hs-cta-simple-placeholder hs-cta-embed-241151160046\" style=\"max-width: 100%;max-height: 100%;width: 260px;height: 50.390625px\" data-hubspot-wrapper-cta-id=\"241151160046\"><a href=\"https:\/\/cta-na2.hubspot.com\/web-interactives\/public\/v1\/track\/redirect?encryptedPayload=AVxigLJf4HGLXU18h5HBrlQTZuKX4p21iriDX%2FD9Weo1E0jc26wgSp32sJpGF%2FrOb977gqk9Skq%2FVgamhq%2FXvCN0mPQ1dmrdARtcNUH8fV5cFOvngo8qJ8EuMyEq%2Fqu2y51zC2FZUVyu97opP5ixVGCiE%2Bg6BOgTVVDljEMF5hhhXUNpnikrl2UTN%2Bb3TA%3D%3D&amp;webInteractiveContentId=241151160046&amp;portalId=242128791\" target=\"_blank\" rel=\"noopener\"><br \/>\n<img decoding=\"async\" style=\"height: 100%;width: 100%;object-fit: fill\" src=\"https:\/\/hubspot-no-cache-na2-prod.s3.amazonaws.com\/cta\/default\/242128791\/interactive-241151160046.png\" alt=\"SOLUTIONS NETGEAR AV\" \/><br \/>\n<\/a><\/div>\n<p><!-- NETGEAR ACADEMY AV --><\/p>\n<p>Apprenez tout sur les r\u00e9seaux IP gr\u00e2ce \u00e0 la NETGEAR ACADEMY<\/p>\n<div class=\"hs-cta-embed hs-cta-simple-placeholder hs-cta-embed-241151160033\" style=\"max-width: 100%;max-height: 100%;width: 260px;height: 50.390625px\" data-hubspot-wrapper-cta-id=\"241151160033\"><a href=\"https:\/\/cta-na2.hubspot.com\/web-interactives\/public\/v1\/track\/redirect?encryptedPayload=AVxigLJ6zgXxrLVJLagOt9pyIXf5%2FGgh9lUupWJj49Nfcbq71eIrrvJQt9JGeaQwNkTAPTWhI2%2BXk56NQscWP4xOQ7iZrhk6rkBjyO4dBlJGP1gG3BpcrdlgLyF%2F850K2l3xn5kDj5H%2Fur8VO2zJH58QH7by4HFWliY25223Shr3sQx25aCmNBjCDkNwA2WRum67F9fGyQyzoYOn86wAq%2Brw3xzsBDMbyw%3D%3D&amp;webInteractiveContentId=241151160033&amp;portalId=242128791\" target=\"_blank\" rel=\"noopener\"><br \/>\n<img decoding=\"async\" style=\"height: 100%;width: 100%;object-fit: fill\" src=\"https:\/\/hubspot-no-cache-na2-prod.s3.amazonaws.com\/cta\/default\/242128791\/interactive-241151160033.png\" alt=\"NETGEAR ACADEMY\" \/><br \/>\n<\/a><\/div>\n<p><!--CONTACTEZ L'EQUIPE PROAV --><\/p>\n<p>Nos ing\u00e9nieurs vous accompagneront gratuitement dans la r\u00e9alisation de vos projets audiovisuels<\/p>\n<div class=\"hs-cta-embed hs-cta-simple-placeholder hs-cta-embed-241151160055\" style=\"max-width: 100%;max-height: 100%;width: 270px;height: 50.390625px\" data-hubspot-wrapper-cta-id=\"241151160055\"><a href=\"https:\/\/cta-na2.hubspot.com\/web-interactives\/public\/v1\/track\/redirect?encryptedPayload=AVxigLLUG9XShtF2ziGdRlpsMD%2BMJ39t1kFOE7VlHl2HmmlWzlJWH0rsV7f3eoQL53gclcWb0lliiDgK3EAMVvEOcIE7gW9aYOwk1uipv43pSUkBlDtiKJ%2BcB7fopWupnJbggqZWRkNERZkdh1dDGXHHDJX3V0sOA8mbXD%2Fd6QC2XK2OyVtrDNFDHbBoT6b15PyvF4Ca3b6JBNTYdAzYeH790XenlNKBP4OKZqw50t7IGx9DuADFMFlNdg6FWQ%3D%3D&amp;webInteractiveContentId=241151160055&amp;portalId=242128791\" target=\"_blank\" rel=\"noopener\"><br \/>\n<img decoding=\"async\" style=\"height: 100%;width: 100%;object-fit: fill\" src=\"https:\/\/hubspot-no-cache-na2-prod.s3.amazonaws.com\/cta\/default\/242128791\/interactive-241151160055.png\" alt=\"CONTACTEZ L'EQUIPE PROAV\" \/><br \/>\n<\/a><\/div>\n    <\/div>\n        <div id=\"topic7\" class=\"skip-item\">\n                        <p><iframe loading=\"lazy\" src=\"https:\/\/405nrr.share-na2.hsforms.com\/24AR2ZDSmQqWycFqf8q5-eg\" width=\"100%\" height=\"1200px\"><\/iframe><\/p>\n    <\/div>\n    <\/p>\n","protected":false},"excerpt":{"rendered":"<p>Ou, formul\u00e9 autrement : Engage est-il simplement la prochaine \u00e9tape dans la gestion des r\u00e9seaux AV pour les int\u00e9grateurs, ou bien un v\u00e9ritable changement de paradigme ? Nous dirions un peu des deux \u2014 m\u00eame si, c\u2019est notre cr\u00e9ation.<\/p>\n","protected":false},"author":92,"featured_media":10617,"parent":6754,"menu_order":0,"comment_status":"closed","ping_status":"closed","template":"templates\/blog-wifi.php","meta":{"_acf_changed":false,"content-type":"","footnotes":""},"class_list":["post-10612","page","type-page","status-publish","has-post-thumbnail","hentry"],"acf":[],"yoast_head":"<!-- This site is optimized with the Yoast SEO plugin v27.4 - https:\/\/yoast.com\/product\/yoast-seo-wordpress\/ -->\n<title>NETGEAR Engage : \u00c9volution ou R\u00e9volution ? - NETGEAR Blog<\/title>\n<meta name=\"description\" content=\"NETGEAR Engage : \u00c9volution ou R\u00e9volution ?\" \/>\n<meta name=\"robots\" content=\"index, follow, max-snippet:-1, max-image-preview:large, max-video-preview:-1\" \/>\n<link rel=\"canonical\" href=\"https:\/\/frhub.netgear.com\/fr\/hub\/business\/av\/netgear-engage-evolution-or-revolution\/\" \/>\n<meta property=\"og:locale\" content=\"en_US\" \/>\n<meta property=\"og:type\" content=\"article\" \/>\n<meta property=\"og:title\" content=\"NETGEAR Engage : \u00c9volution ou R\u00e9volution ? - NETGEAR Blog\" \/>\n<meta property=\"og:description\" content=\"NETGEAR Engage : \u00c9volution ou R\u00e9volution ?\" \/>\n<meta property=\"og:url\" content=\"https:\/\/frhub.netgear.com\/fr\/hub\/business\/av\/netgear-engage-evolution-or-revolution\/\" \/>\n<meta property=\"og:site_name\" content=\"NETGEAR Blog\" \/>\n<meta property=\"article:publisher\" content=\"https:\/\/www.facebook.com\/NetgearAU\/\" \/>\n<meta property=\"article:modified_time\" content=\"2025-10-03T07:37:52+00:00\" \/>\n<meta property=\"og:image\" content=\"https:\/\/frhub.netgear.com\/fr\/hub\/wp-content\/uploads\/2025\/08\/Engage-2.0_FR.png\" \/>\n\t<meta property=\"og:image:width\" content=\"1536\" \/>\n\t<meta property=\"og:image:height\" content=\"1024\" \/>\n\t<meta property=\"og:image:type\" content=\"image\/png\" \/>\n<meta name=\"twitter:card\" content=\"summary_large_image\" \/>\n<meta name=\"twitter:site\" content=\"@NETGEAR\" \/>\n<script type=\"application\/ld+json\" class=\"yoast-schema-graph\">{\"@context\":\"https:\\\/\\\/schema.org\",\"@graph\":[{\"@type\":\"WebPage\",\"@id\":\"https:\\\/\\\/frhub.netgear.com\\\/fr\\\/hub\\\/business\\\/av\\\/netgear-engage-evolution-or-revolution\\\/\",\"url\":\"https:\\\/\\\/frhub.netgear.com\\\/fr\\\/hub\\\/business\\\/av\\\/netgear-engage-evolution-or-revolution\\\/\",\"name\":\"NETGEAR Engage : \u00c9volution ou R\u00e9volution ? - NETGEAR Blog\",\"isPartOf\":{\"@id\":\"https:\\\/\\\/frhub.netgear.com\\\/fr\\\/hub\\\/#website\"},\"primaryImageOfPage\":{\"@id\":\"https:\\\/\\\/frhub.netgear.com\\\/fr\\\/hub\\\/business\\\/av\\\/netgear-engage-evolution-or-revolution\\\/#primaryimage\"},\"image\":{\"@id\":\"https:\\\/\\\/frhub.netgear.com\\\/fr\\\/hub\\\/business\\\/av\\\/netgear-engage-evolution-or-revolution\\\/#primaryimage\"},\"thumbnailUrl\":\"https:\\\/\\\/frhub.netgear.com\\\/fr\\\/hub\\\/wp-content\\\/uploads\\\/2025\\\/08\\\/Engage-2.0_FR.png\",\"datePublished\":\"2025-08-18T16:06:57+00:00\",\"dateModified\":\"2025-10-03T07:37:52+00:00\",\"description\":\"NETGEAR Engage : \u00c9volution ou R\u00e9volution ?\",\"breadcrumb\":{\"@id\":\"https:\\\/\\\/frhub.netgear.com\\\/fr\\\/hub\\\/business\\\/av\\\/netgear-engage-evolution-or-revolution\\\/#breadcrumb\"},\"inLanguage\":\"en-US\",\"potentialAction\":[{\"@type\":\"ReadAction\",\"target\":[\"https:\\\/\\\/frhub.netgear.com\\\/fr\\\/hub\\\/business\\\/av\\\/netgear-engage-evolution-or-revolution\\\/\"]}]},{\"@type\":\"ImageObject\",\"inLanguage\":\"en-US\",\"@id\":\"https:\\\/\\\/frhub.netgear.com\\\/fr\\\/hub\\\/business\\\/av\\\/netgear-engage-evolution-or-revolution\\\/#primaryimage\",\"url\":\"https:\\\/\\\/frhub.netgear.com\\\/fr\\\/hub\\\/wp-content\\\/uploads\\\/2025\\\/08\\\/Engage-2.0_FR.png\",\"contentUrl\":\"https:\\\/\\\/frhub.netgear.com\\\/fr\\\/hub\\\/wp-content\\\/uploads\\\/2025\\\/08\\\/Engage-2.0_FR.png\",\"width\":1536,\"height\":1024},{\"@type\":\"BreadcrumbList\",\"@id\":\"https:\\\/\\\/frhub.netgear.com\\\/fr\\\/hub\\\/business\\\/av\\\/netgear-engage-evolution-or-revolution\\\/#breadcrumb\",\"itemListElement\":[{\"@type\":\"ListItem\",\"position\":1,\"name\":\"Home\",\"item\":\"https:\\\/\\\/frhub.netgear.com\\\/fr\\\/hub\\\/\"},{\"@type\":\"ListItem\",\"position\":2,\"name\":\"Entreprises\",\"item\":\"https:\\\/\\\/frhub.netgear.com\\\/fr\\\/hub\\\/business\\\/\"},{\"@type\":\"ListItem\",\"position\":3,\"name\":\"Entreprise AV\",\"item\":\"https:\\\/\\\/frhub.netgear.com\\\/fr\\\/hub\\\/business\\\/av\\\/\"},{\"@type\":\"ListItem\",\"position\":4,\"name\":\"NETGEAR Engage : \u00c9volution ou R\u00e9volution ?\"}]},{\"@type\":\"WebSite\",\"@id\":\"https:\\\/\\\/frhub.netgear.com\\\/fr\\\/hub\\\/#website\",\"url\":\"https:\\\/\\\/frhub.netgear.com\\\/fr\\\/hub\\\/\",\"name\":\"NETGEAR Hub France\",\"description\":\"Explorez les pages de notre blog et parcourez les articles pour en savoir plus sur les produits et la technologie NETGEAR.\",\"publisher\":{\"@id\":\"https:\\\/\\\/frhub.netgear.com\\\/fr\\\/hub\\\/#organization\"},\"potentialAction\":[{\"@type\":\"SearchAction\",\"target\":{\"@type\":\"EntryPoint\",\"urlTemplate\":\"https:\\\/\\\/frhub.netgear.com\\\/fr\\\/hub\\\/?s={search_term_string}\"},\"query-input\":{\"@type\":\"PropertyValueSpecification\",\"valueRequired\":true,\"valueName\":\"search_term_string\"}}],\"inLanguage\":\"en-US\"},{\"@type\":\"Organization\",\"@id\":\"https:\\\/\\\/frhub.netgear.com\\\/fr\\\/hub\\\/#organization\",\"name\":\"NETGEAR\",\"url\":\"https:\\\/\\\/frhub.netgear.com\\\/fr\\\/hub\\\/\",\"logo\":{\"@type\":\"ImageObject\",\"inLanguage\":\"en-US\",\"@id\":\"https:\\\/\\\/frhub.netgear.com\\\/fr\\\/hub\\\/#\\\/schema\\\/logo\\\/image\\\/\",\"url\":\"https:\\\/\\\/www.netgear.com\\\/fr\\\/hub\\\/wp-content\\\/uploads\\\/2019\\\/07\\\/NETGEAR_logo.jpg\",\"contentUrl\":\"https:\\\/\\\/www.netgear.com\\\/fr\\\/hub\\\/wp-content\\\/uploads\\\/2019\\\/07\\\/NETGEAR_logo.jpg\",\"width\":1500,\"height\":501,\"caption\":\"NETGEAR\"},\"image\":{\"@id\":\"https:\\\/\\\/frhub.netgear.com\\\/fr\\\/hub\\\/#\\\/schema\\\/logo\\\/image\\\/\"},\"sameAs\":[\"https:\\\/\\\/www.facebook.com\\\/NetgearAU\\\/\",\"https:\\\/\\\/x.com\\\/NETGEAR\",\"https:\\\/\\\/www.linkedin.com\\\/company\\\/netgear\"]}]}<\/script>\n<!-- \/ Yoast SEO plugin. -->","yoast_head_json":{"title":"NETGEAR Engage : \u00c9volution ou R\u00e9volution ? - NETGEAR Blog","description":"NETGEAR Engage : \u00c9volution ou R\u00e9volution ?","robots":{"index":"index","follow":"follow","max-snippet":"max-snippet:-1","max-image-preview":"max-image-preview:large","max-video-preview":"max-video-preview:-1"},"canonical":"https:\/\/frhub.netgear.com\/fr\/hub\/business\/av\/netgear-engage-evolution-or-revolution\/","og_locale":"en_US","og_type":"article","og_title":"NETGEAR Engage : \u00c9volution ou R\u00e9volution ? - NETGEAR Blog","og_description":"NETGEAR Engage : \u00c9volution ou R\u00e9volution ?","og_url":"https:\/\/frhub.netgear.com\/fr\/hub\/business\/av\/netgear-engage-evolution-or-revolution\/","og_site_name":"NETGEAR Blog","article_publisher":"https:\/\/www.facebook.com\/NetgearAU\/","article_modified_time":"2025-10-03T07:37:52+00:00","og_image":[{"width":1536,"height":1024,"url":"https:\/\/frhub.netgear.com\/fr\/hub\/wp-content\/uploads\/2025\/08\/Engage-2.0_FR.png","type":"image\/png"}],"twitter_card":"summary_large_image","twitter_site":"@NETGEAR","schema":{"@context":"https:\/\/schema.org","@graph":[{"@type":"WebPage","@id":"https:\/\/frhub.netgear.com\/fr\/hub\/business\/av\/netgear-engage-evolution-or-revolution\/","url":"https:\/\/frhub.netgear.com\/fr\/hub\/business\/av\/netgear-engage-evolution-or-revolution\/","name":"NETGEAR Engage : \u00c9volution ou R\u00e9volution ? - NETGEAR Blog","isPartOf":{"@id":"https:\/\/frhub.netgear.com\/fr\/hub\/#website"},"primaryImageOfPage":{"@id":"https:\/\/frhub.netgear.com\/fr\/hub\/business\/av\/netgear-engage-evolution-or-revolution\/#primaryimage"},"image":{"@id":"https:\/\/frhub.netgear.com\/fr\/hub\/business\/av\/netgear-engage-evolution-or-revolution\/#primaryimage"},"thumbnailUrl":"https:\/\/frhub.netgear.com\/fr\/hub\/wp-content\/uploads\/2025\/08\/Engage-2.0_FR.png","datePublished":"2025-08-18T16:06:57+00:00","dateModified":"2025-10-03T07:37:52+00:00","description":"NETGEAR Engage : \u00c9volution ou R\u00e9volution ?","breadcrumb":{"@id":"https:\/\/frhub.netgear.com\/fr\/hub\/business\/av\/netgear-engage-evolution-or-revolution\/#breadcrumb"},"inLanguage":"en-US","potentialAction":[{"@type":"ReadAction","target":["https:\/\/frhub.netgear.com\/fr\/hub\/business\/av\/netgear-engage-evolution-or-revolution\/"]}]},{"@type":"ImageObject","inLanguage":"en-US","@id":"https:\/\/frhub.netgear.com\/fr\/hub\/business\/av\/netgear-engage-evolution-or-revolution\/#primaryimage","url":"https:\/\/frhub.netgear.com\/fr\/hub\/wp-content\/uploads\/2025\/08\/Engage-2.0_FR.png","contentUrl":"https:\/\/frhub.netgear.com\/fr\/hub\/wp-content\/uploads\/2025\/08\/Engage-2.0_FR.png","width":1536,"height":1024},{"@type":"BreadcrumbList","@id":"https:\/\/frhub.netgear.com\/fr\/hub\/business\/av\/netgear-engage-evolution-or-revolution\/#breadcrumb","itemListElement":[{"@type":"ListItem","position":1,"name":"Home","item":"https:\/\/frhub.netgear.com\/fr\/hub\/"},{"@type":"ListItem","position":2,"name":"Entreprises","item":"https:\/\/frhub.netgear.com\/fr\/hub\/business\/"},{"@type":"ListItem","position":3,"name":"Entreprise AV","item":"https:\/\/frhub.netgear.com\/fr\/hub\/business\/av\/"},{"@type":"ListItem","position":4,"name":"NETGEAR Engage : \u00c9volution ou R\u00e9volution ?"}]},{"@type":"WebSite","@id":"https:\/\/frhub.netgear.com\/fr\/hub\/#website","url":"https:\/\/frhub.netgear.com\/fr\/hub\/","name":"NETGEAR Hub France","description":"Explorez les pages de notre blog et parcourez les articles pour en savoir plus sur les produits et la technologie NETGEAR.","publisher":{"@id":"https:\/\/frhub.netgear.com\/fr\/hub\/#organization"},"potentialAction":[{"@type":"SearchAction","target":{"@type":"EntryPoint","urlTemplate":"https:\/\/frhub.netgear.com\/fr\/hub\/?s={search_term_string}"},"query-input":{"@type":"PropertyValueSpecification","valueRequired":true,"valueName":"search_term_string"}}],"inLanguage":"en-US"},{"@type":"Organization","@id":"https:\/\/frhub.netgear.com\/fr\/hub\/#organization","name":"NETGEAR","url":"https:\/\/frhub.netgear.com\/fr\/hub\/","logo":{"@type":"ImageObject","inLanguage":"en-US","@id":"https:\/\/frhub.netgear.com\/fr\/hub\/#\/schema\/logo\/image\/","url":"https:\/\/www.netgear.com\/fr\/hub\/wp-content\/uploads\/2019\/07\/NETGEAR_logo.jpg","contentUrl":"https:\/\/www.netgear.com\/fr\/hub\/wp-content\/uploads\/2019\/07\/NETGEAR_logo.jpg","width":1500,"height":501,"caption":"NETGEAR"},"image":{"@id":"https:\/\/frhub.netgear.com\/fr\/hub\/#\/schema\/logo\/image\/"},"sameAs":["https:\/\/www.facebook.com\/NetgearAU\/","https:\/\/x.com\/NETGEAR","https:\/\/www.linkedin.com\/company\/netgear"]}]}},"_links":{"self":[{"href":"https:\/\/frhub.netgear.com\/fr\/hub\/wp-json\/wp\/v2\/pages\/10612","targetHints":{"allow":["GET"]}}],"collection":[{"href":"https:\/\/frhub.netgear.com\/fr\/hub\/wp-json\/wp\/v2\/pages"}],"about":[{"href":"https:\/\/frhub.netgear.com\/fr\/hub\/wp-json\/wp\/v2\/types\/page"}],"author":[{"embeddable":true,"href":"https:\/\/frhub.netgear.com\/fr\/hub\/wp-json\/wp\/v2\/users\/92"}],"replies":[{"embeddable":true,"href":"https:\/\/frhub.netgear.com\/fr\/hub\/wp-json\/wp\/v2\/comments?post=10612"}],"version-history":[{"count":6,"href":"https:\/\/frhub.netgear.com\/fr\/hub\/wp-json\/wp\/v2\/pages\/10612\/revisions"}],"predecessor-version":[{"id":11011,"href":"https:\/\/frhub.netgear.com\/fr\/hub\/wp-json\/wp\/v2\/pages\/10612\/revisions\/11011"}],"up":[{"embeddable":true,"href":"https:\/\/frhub.netgear.com\/fr\/hub\/wp-json\/wp\/v2\/pages\/6754"}],"wp:featuredmedia":[{"embeddable":true,"href":"https:\/\/frhub.netgear.com\/fr\/hub\/wp-json\/wp\/v2\/media\/10617"}],"wp:attachment":[{"href":"https:\/\/frhub.netgear.com\/fr\/hub\/wp-json\/wp\/v2\/media?parent=10612"}],"curies":[{"name":"wp","href":"https:\/\/api.w.org\/{rel}","templated":true}]}}