{"id":10453,"date":"2025-06-05T12:11:09","date_gmt":"2025-06-05T10:11:37","guid":{"rendered":"https:\/\/frhub.netgear.com\/fr\/hub\/business\/av\/projet-gpa-episode-3-2\/"},"modified":"2025-10-03T09:43:32","modified_gmt":"2025-10-03T07:43:32","slug":"les-nouveaux-switches-m4350-redefinissent-les-installations-professionnelles","status":"publish","type":"page","link":"https:\/\/frhub.netgear.com\/fr\/hub\/business\/av\/les-nouveaux-switches-m4350-redefinissent-les-installations-professionnelles\/","title":{"rendered":"Les nouveaux switches M4350 red\u00e9finissent les installations professionnelles."},"content":{"rendered":"<p>Nous lan\u00e7ons quatre switches r\u00e9volutionnaires M4350 qui offrent des performances professionnelles, avec une utilisation intuitive attendue par les professionnels de l\u2019AV.     <div class=\"table-of-content bg-gray\">\n        <p><strong>IN THIS ARTICLE<\/strong><\/p>\n        <ul>\n                        <li><a href=\"#topic1\">LES NOUVEAUX SWITCHES M4350 RED\u00c9FINISSENT LES INSTALLATIONS PROFESSIONNELLES<\/a><\/li>\n                        <li><a href=\"#topic2\">AJOUT DE COULEUR<\/a><\/li>\n                        <li><a href=\"#topic3\">PR\u00c9CISION DE QUALIT\u00c9 BROADCAST<\/a><\/li>\n                        <li><a href=\"#topic4\">FONCTIONNALIT\u00c9S PROFESSIONNELLES SUPPL\u00c9MENTAIRES<\/a><\/li>\n                        <li><a href=\"#topic5\">LA GAMME COMPL\u00c8TE<\/a><\/li>\n                        <li><a href=\"#topic6\">AU-DEL\u00c0 DU MAT\u00c9RIEL<\/a><\/li>\n                        <li><a href=\"#topic7\">APPLICATIONS R\u00c9ELLES<\/a><\/li>\n                        <li><a href=\"#topic8\">PLUS D'INFORMATIONS<\/a><\/li>\n                    <\/ul>\n    <\/div>\n        <div id=\"topic1\" class=\"skip-item\">\n                        <h2>LES NOUVEAUX SWITCHES M4350 RED\u00c9FINISSENT LES INSTALLATIONS PROFESSIONNELLES<\/h2>\n                <p data-start=\"82\" data-end=\"265\"><img loading=\"lazy\" decoding=\"async\" class=\" wp-image-10450 alignleft\" src=\"https:\/\/frhub.netgear.com\/fr\/hub\/wp-content\/uploads\/2025\/06\/visuel-new-M3450-300x169.jpg\" alt=\"\" width=\"264\" height=\"149\" srcset=\"https:\/\/frhub.netgear.com\/fr\/hub\/wp-content\/uploads\/2025\/06\/visuel-new-M3450-300x169.jpg 300w, https:\/\/frhub.netgear.com\/fr\/hub\/wp-content\/uploads\/2025\/06\/visuel-new-M3450-768x432.jpg 768w, https:\/\/frhub.netgear.com\/fr\/hub\/wp-content\/uploads\/2025\/06\/visuel-new-M3450.jpg 1024w\" sizes=\"auto, (max-width: 264px) 100vw, 264px\" \/>Nous lan\u00e7ons quatre switches r\u00e9volutionnaires M4350 qui offrent des performances professionnelles, avec une utilisation intuitive attendue par les professionnels de l\u2019audiovisuel.<\/p>\n<p data-start=\"267\" data-end=\"344\" data-is-last-node=\"\" data-is-only-node=\"\"><strong data-start=\"267\" data-end=\"344\" data-is-last-node=\"\">Des fonctionnalit\u00e9s r\u00e9volutionnaires pour relever les d\u00e9fis du monde r\u00e9el<\/strong><\/p>\n    <\/div>\n        <div id=\"topic2\" class=\"skip-item\">\n                        <h2>AJOUT DE COULEUR<\/h2>\n                <p data-start=\"0\" data-end=\"81\"><strong data-start=\"0\" data-end=\"81\">Identification des ports par LED multicolores : une premi\u00e8re dans l\u2019industrie<\/strong><\/p>\n<p data-start=\"83\" data-end=\"454\" data-is-last-node=\"\" data-is-only-node=\"\">Notre nouveau syst\u00e8me de LED multicolores affiche, sur chaque port physique, des couleurs s\u00e9lectionn\u00e9es par l\u2019utilisateur, correspondant aux couleurs des profils dans le syst\u00e8me NETGEAR AV OS\u2122. Pour les techniciens AV qui g\u00e8rent des installations complexes, cela \u00e9limine les approximations, r\u00e9duit le temps de configuration et pr\u00e9vient les erreurs de connexion co\u00fbteuses.<\/p>\n    <\/div>\n        <div id=\"topic3\" class=\"skip-item\">\n                        <h2>PR\u00c9CISION DE QUALIT\u00c9 BROADCAST<\/h2>\n                <p data-start=\"0\" data-end=\"50\"><strong data-start=\"0\" data-end=\"50\">SMPTE ST 2110 : Pr\u00e9cision de qualit\u00e9 broadcast<\/strong><\/p>\n<p data-start=\"52\" data-end=\"438\" data-is-last-node=\"\" data-is-only-node=\"\">Les quatre mod\u00e8les int\u00e8grent des fonctionnalit\u00e9s de grandmaster clock et de boundary clock, faisant de ces switches des sources de synchronisation principales pour les r\u00e9seaux de diffusion. Que ce soit pour d\u00e9ployer des syst\u00e8mes audio AES67 ou des applications vid\u00e9o ST2059-2, ces switches offrent une base de synchronisation ultra-fiable, indispensable aux professionnels du broadcast.<\/p>\n    <\/div>\n        <div id=\"topic4\" class=\"skip-item\">\n                        <h2>FONCTIONNALIT\u00c9S PROFESSIONNELLES SUPPL\u00c9MENTAIRES<\/h2>\n                <ul>\n<li>Connexions d\u2019alimentation s\u00e9curis\u00e9es pour \u00e9viter les d\u00e9branchements accidentels lors d\u2019\u00e9v\u00e9nements en direct<\/li>\n<li>Conformit\u00e9 TAA pour les applications gouvernementales<\/li>\n<li>Budget PoE++ allant jusqu\u2019\u00e0 2 520 W pour alimenter des \u00e9quipements \u00e0 forte consommation<\/li>\n<li>Stack en ch\u00e2ssis virtuel pour une transmission ininterrompue<\/li>\n<\/ul>\n    <\/div>\n        <div id=\"topic5\" class=\"skip-item\">\n                        <h2>LA GAMME COMPL\u00c8TE<\/h2>\n                <ul>\n<li><strong>M4350-8M2V<\/strong> : 8 ports 2,5G PoE++ + 2 uplinks 25G, format demi-largeur<\/li>\n<li><strong>M4350-24M4X4V<\/strong> : 24 ports 2,5G + 4 ports 10G PoE++ + 4 uplinks 25G<\/li>\n<li><strong>M4350-24F4X<\/strong> : 24 ports SFP + 4 ports combo 10G<\/li>\n<li><strong>M4350-40F4C<\/strong> : 40 ports SFP+ 10G + 4 uplinks 100G<\/li>\n<\/ul>\n<p>Une gamme con\u00e7ue pour offrir puissance, \u00e9volutivit\u00e9 et fiabilit\u00e9 aux environnements AV les plus exigeants.<\/p>\n    <\/div>\n        <div id=\"topic6\" class=\"skip-item\">\n                        <h2>AU-DEL\u00c0 DU MAT\u00c9RIEL<\/h2>\n                <p data-start=\"0\" data-end=\"25\"><strong data-start=\"0\" data-end=\"25\">Un \u00e9cosyst\u00e8me complet<\/strong><\/p>\n<p data-start=\"27\" data-end=\"298\">Ces switches s\u2019int\u00e8grent parfaitement \u00e0 l\u2019\u00e9cosyst\u00e8me AV de NETGEAR \u2014 avec <strong data-start=\"101\" data-end=\"111\">AV OS\u2122<\/strong> pour une configuration simplifi\u00e9e, le <strong data-start=\"150\" data-end=\"171\">contr\u00f4leur Engage<\/strong> pour une gestion centralis\u00e9e, et les <strong data-start=\"209\" data-end=\"250\">services de conception ProAV gratuits<\/strong> pour un accompagnement partout dans le monde.<\/p>\n<p data-start=\"300\" data-end=\"437\" data-is-last-node=\"\" data-is-only-node=\"\">Le nouveau profil hybride <strong data-start=\"326\" data-end=\"341\">SMPTE AES67<\/strong> permet des d\u00e9ploiements d\u2019intercom en un clic, m\u00eame dans des environnements mixtes de switches.<\/p>\n<p><a style=\"background-color: #26e880;border: 0px none #000000;border-radius: 50px;color: #2c262d;font-size: 16px;font-family: Inter,sans-serif;font-style: normal;font-weight: 500;text-decoration: none;width: 100%;padding: 16px 24px 16px 24px\" href=\"https:\/\/www.netgear.com\/fr\/business\/wired\/switches\/fully-managed\/m4350\/\" target=\"_blank\" rel=\"noopener\"><strong>SWITCHES NETGEAR M4350 <\/strong><\/a><\/p>\n    <\/div>\n        <div id=\"topic7\" class=\"skip-item\">\n                        <h2>APPLICATIONS R\u00c9ELLES<\/h2>\n                <p><span class=\"HwtZe\" lang=\"fr\"><span class=\"jCAhz ChMk0b\"><span class=\"ryNqvb\"><strong>\u00c9v\u00e9nements en direct\u00a0:<\/strong> Le M4350-24M4X4V prend en charge plusieurs murs vid\u00e9o et le streaming, gr\u00e2ce \u00e0 des connexions d&#8217;alimentation s\u00e9curis\u00e9es qui pr\u00e9viennent les d\u00e9connexions critiques.<\/span><\/span> <\/span><\/p>\n<p><span class=\"HwtZe\" lang=\"fr\"><span class=\"jCAhz ChMk0b\"><span class=\"ryNqvb\"><strong>Studios de diffusion\u00a0:<\/strong> Le M4350-40F4C g\u00e8re une bande passante importante tout en servant d&#8217;horloge ma\u00eetre pour la synchronisation de l&#8217;ensemble du site.<\/span><\/span> <\/span><\/p>\n<p><span class=\"HwtZe\" lang=\"fr\"><span class=\"jCAhz ChMk0b\"><span class=\"ryNqvb\"><strong>AV d&#8217;entreprise\u00a0:<\/strong> Le M4350-8M2V, compact, s&#8217;int\u00e8gre parfaitement dans les armoires \u00e0 \u00e9quipements et alimente cam\u00e9ras, \u00e9crans et syst\u00e8mes de contr\u00f4le.<\/span><\/span> <\/span><\/p>\n<p><span class=\"HwtZe\" lang=\"fr\"><span class=\"jCAhz ChMk0b\"><span class=\"ryNqvb\">D\u00e9couvrez l&#8217;innovation <\/span><\/span><\/span><\/p>\n<p><span class=\"HwtZe\" lang=\"fr\"><span class=\"jCAhz ChMk0b\"><span class=\"ryNqvb\">Rendez-nous visite \u00e0 InfoComm 2025, stand 4401 (du 11 au 13\u00a0juin, Orlando), ou contactez notre \u00e9quipe ProAV Design \u00e0 l&#8217;adresse <a href=\"mailto:ProAVDesign@netgear.com\">ProAVDesign@netgear.com<\/a>.<\/span><\/span> <span class=\"jCAhz ChMk0b\"><span class=\"ryNqvb\">Avec leur garantie \u00e0 vie et leur remplacement le jour ouvr\u00e9 suivant, ces switches repr\u00e9sentent l&#8217;avenir des r\u00e9seaux audiovisuels professionnels : plus intuitifs, fiables et puissants que jamais.<\/span><\/span><\/span><\/p>\n<p>&nbsp;<\/p>\n<p><a style=\"background-color: #26e880;border: 0px none #000000;border-radius: 50px;color: #2c262d;font-size: 16px;font-family: Inter,sans-serif;font-style: normal;font-weight: 500;text-decoration: none;width: 100%;padding: 16px 24px 16px 24px\" href=\"https:\/\/www.netgear.com\/fr\/business\/av\/services\/proav-designsupport\/?hsCtaAttrib=207818050288#contactformsupport\" target=\"_blank\" rel=\"noopener\">CONTACTEZ LE SERVICE PROAV<\/a><\/p>\n<p>&nbsp;<\/p>\n<p><a style=\"background-color: #26e880;border: 0px none #000000;border-radius: 50px;color: #2c262d;font-size: 16px;font-family: Inter,sans-serif;font-style: normal;font-weight: 500;text-decoration: none;width: 100%;padding: 16px 24px 16px 24px\" href=\"https:\/\/academy.netgear.com\/course\/index.php?categoryid=2&amp;hsCtaAttrib=207830330055\" target=\"_blank\" rel=\"noopener\">NETGEAR ACADEMY<\/a><\/p>\n    <\/div>\n        <div id=\"topic8\" class=\"skip-item\">\n                        <h2>PLUS D'INFORMATIONS<\/h2>\n                <p>\n<!--SOLUTIONS NETGEAR AV --><\/p>\n<p> Plus d\u2019informations sur nos solutions audiovisuelles<\/p>\n<div class=\"hs-cta-embed hs-cta-simple-placeholder hs-cta-embed-241151160046\" style=\"max-width:100%;max-height:100%;width:260px;height:50.390625px\" data-hubspot-wrapper-cta-id=\"241151160046\"><br \/>\n  <a href=\"https:\/\/cta-na2.hubspot.com\/web-interactives\/public\/v1\/track\/redirect?encryptedPayload=AVxigLJf4HGLXU18h5HBrlQTZuKX4p21iriDX%2FD9Weo1E0jc26wgSp32sJpGF%2FrOb977gqk9Skq%2FVgamhq%2FXvCN0mPQ1dmrdARtcNUH8fV5cFOvngo8qJ8EuMyEq%2Fqu2y51zC2FZUVyu97opP5ixVGCiE%2Bg6BOgTVVDljEMF5hhhXUNpnikrl2UTN%2Bb3TA%3D%3D&#038;webInteractiveContentId=241151160046&#038;portalId=242128791\" target=\"_blank\" rel=\"noopener\"><br \/>\n    <img decoding=\"async\" alt=\"SOLUTIONS NETGEAR AV\" loading=\"lazy\" src=\"https:\/\/hubspot-no-cache-na2-prod.s3.amazonaws.com\/cta\/default\/242128791\/interactive-241151160046.png\" style=\"height: 100%;width: 100%;object-fit: fill\" \/><br \/>\n  <\/a>\n<\/div>\n<\/p>\n<p><!-- NETGEAR ACADEMY AV --><\/p>\n<p> Apprenez tout sur les r\u00e9seaux IP gr\u00e2ce \u00e0 la NETGEAR ACADEMY<\/p>\n<div class=\"hs-cta-embed hs-cta-simple-placeholder hs-cta-embed-241151160033\" style=\"max-width:100%;max-height:100%;width:260px;height:50.390625px\" data-hubspot-wrapper-cta-id=\"241151160033\"><br \/>\n  <a href=\"https:\/\/cta-na2.hubspot.com\/web-interactives\/public\/v1\/track\/redirect?encryptedPayload=AVxigLJ6zgXxrLVJLagOt9pyIXf5%2FGgh9lUupWJj49Nfcbq71eIrrvJQt9JGeaQwNkTAPTWhI2%2BXk56NQscWP4xOQ7iZrhk6rkBjyO4dBlJGP1gG3BpcrdlgLyF%2F850K2l3xn5kDj5H%2Fur8VO2zJH58QH7by4HFWliY25223Shr3sQx25aCmNBjCDkNwA2WRum67F9fGyQyzoYOn86wAq%2Brw3xzsBDMbyw%3D%3D&#038;webInteractiveContentId=241151160033&#038;portalId=242128791\" target=\"_blank\" rel=\"noopener\"><br \/>\n    <img decoding=\"async\" alt=\"NETGEAR ACADEMY\" loading=\"lazy\" src=\"https:\/\/hubspot-no-cache-na2-prod.s3.amazonaws.com\/cta\/default\/242128791\/interactive-241151160033.png\" style=\"height: 100%;width: 100%;object-fit: fill\" \/><br \/>\n  <\/a>\n<\/div>\n<\/p>\n<p><!--CONTACTEZ L'EQUIPE PROAV --><\/p>\n<p>Nos ing\u00e9nieurs vous accompagneront gratuitement dans la r\u00e9alisation de vos projets audiovisuels<\/p>\n<div class=\"hs-cta-embed hs-cta-simple-placeholder hs-cta-embed-241151160055\" style=\"max-width:100%;max-height:100%;width:270px;height:50.390625px\" data-hubspot-wrapper-cta-id=\"241151160055\"><br \/>\n  <a href=\"https:\/\/cta-na2.hubspot.com\/web-interactives\/public\/v1\/track\/redirect?encryptedPayload=AVxigLLUG9XShtF2ziGdRlpsMD%2BMJ39t1kFOE7VlHl2HmmlWzlJWH0rsV7f3eoQL53gclcWb0lliiDgK3EAMVvEOcIE7gW9aYOwk1uipv43pSUkBlDtiKJ%2BcB7fopWupnJbggqZWRkNERZkdh1dDGXHHDJX3V0sOA8mbXD%2Fd6QC2XK2OyVtrDNFDHbBoT6b15PyvF4Ca3b6JBNTYdAzYeH790XenlNKBP4OKZqw50t7IGx9DuADFMFlNdg6FWQ%3D%3D&#038;webInteractiveContentId=241151160055&#038;portalId=242128791\" target=\"_blank\" rel=\"noopener\"><br \/>\n    <img decoding=\"async\" alt=\"CONTACTEZ L'EQUIPE PROAV\" loading=\"lazy\" src=\"https:\/\/hubspot-no-cache-na2-prod.s3.amazonaws.com\/cta\/default\/242128791\/interactive-241151160055.png\" style=\"height: 100%;width: 100%;object-fit: fill\" \/><br \/>\n  <\/a>\n<\/div><\/p>\n    <\/div>\n        <div id=\"topic9\" class=\"skip-item\">\n                        <p><iframe loading=\"lazy\" src=\"https:\/\/405nrr.share-na2.hsforms.com\/24AR2ZDSmQqWycFqf8q5-eg\" width=\"100%\" height=\"1200px\"><\/iframe><\/p>\n    <\/div>\n    <\/p>\n","protected":false},"excerpt":{"rendered":"<p>Nous lan\u00e7ons quatre switches r\u00e9volutionnaires M4350 qui offrent des performances professionnelles, avec une utilisation intuitive attendue par les professionnels de l\u2019AV.<\/p>\n","protected":false},"author":83,"featured_media":10452,"parent":6754,"menu_order":19,"comment_status":"closed","ping_status":"closed","template":"templates\/blog-wifi.php","meta":{"_acf_changed":false,"content-type":"","footnotes":""},"class_list":["post-10453","page","type-page","status-publish","has-post-thumbnail","hentry"],"acf":[],"yoast_head":"<!-- This site is optimized with the Yoast SEO plugin v27.4 - https:\/\/yoast.com\/product\/yoast-seo-wordpress\/ -->\n<title>Les nouveaux switches M4350 red\u00e9finissent les installations professionnelles. - NETGEAR Blog<\/title>\n<meta name=\"description\" content=\"Les nouveaux switches M4350 red\u00e9finissent les installations professionnelles.\" \/>\n<meta name=\"robots\" content=\"index, follow, max-snippet:-1, max-image-preview:large, max-video-preview:-1\" \/>\n<link rel=\"canonical\" href=\"https:\/\/frhub.netgear.com\/fr\/hub\/business\/av\/les-nouveaux-switches-m4350-redefinissent-les-installations-professionnelles\/\" \/>\n<meta property=\"og:locale\" content=\"en_US\" \/>\n<meta property=\"og:type\" content=\"article\" \/>\n<meta property=\"og:title\" content=\"Les nouveaux switches M4350 red\u00e9finissent les installations professionnelles. - NETGEAR Blog\" \/>\n<meta property=\"og:description\" content=\"Les nouveaux switches M4350 red\u00e9finissent les installations professionnelles.\" \/>\n<meta property=\"og:url\" content=\"https:\/\/frhub.netgear.com\/fr\/hub\/business\/av\/les-nouveaux-switches-m4350-redefinissent-les-installations-professionnelles\/\" \/>\n<meta property=\"og:site_name\" content=\"NETGEAR Blog\" \/>\n<meta property=\"article:publisher\" content=\"https:\/\/www.facebook.com\/NetgearAU\/\" \/>\n<meta property=\"article:modified_time\" content=\"2025-10-03T07:43:32+00:00\" \/>\n<meta property=\"og:image\" content=\"https:\/\/frhub.netgear.com\/fr\/hub\/wp-content\/uploads\/2025\/06\/vignette-new-m4350.jpg\" \/>\n\t<meta property=\"og:image:width\" content=\"383\" \/>\n\t<meta property=\"og:image:height\" content=\"288\" \/>\n\t<meta property=\"og:image:type\" content=\"image\/jpeg\" \/>\n<meta name=\"twitter:card\" content=\"summary_large_image\" \/>\n<meta name=\"twitter:site\" content=\"@NETGEAR\" \/>\n<script type=\"application\/ld+json\" class=\"yoast-schema-graph\">{\"@context\":\"https:\\\/\\\/schema.org\",\"@graph\":[{\"@type\":\"WebPage\",\"@id\":\"https:\\\/\\\/frhub.netgear.com\\\/fr\\\/hub\\\/business\\\/av\\\/les-nouveaux-switches-m4350-redefinissent-les-installations-professionnelles\\\/\",\"url\":\"https:\\\/\\\/frhub.netgear.com\\\/fr\\\/hub\\\/business\\\/av\\\/les-nouveaux-switches-m4350-redefinissent-les-installations-professionnelles\\\/\",\"name\":\"Les nouveaux switches M4350 red\u00e9finissent les installations professionnelles. - NETGEAR Blog\",\"isPartOf\":{\"@id\":\"https:\\\/\\\/frhub.netgear.com\\\/fr\\\/hub\\\/#website\"},\"primaryImageOfPage\":{\"@id\":\"https:\\\/\\\/frhub.netgear.com\\\/fr\\\/hub\\\/business\\\/av\\\/les-nouveaux-switches-m4350-redefinissent-les-installations-professionnelles\\\/#primaryimage\"},\"image\":{\"@id\":\"https:\\\/\\\/frhub.netgear.com\\\/fr\\\/hub\\\/business\\\/av\\\/les-nouveaux-switches-m4350-redefinissent-les-installations-professionnelles\\\/#primaryimage\"},\"thumbnailUrl\":\"https:\\\/\\\/frhub.netgear.com\\\/fr\\\/hub\\\/wp-content\\\/uploads\\\/2025\\\/06\\\/vignette-new-m4350.jpg\",\"datePublished\":\"2025-06-05T10:11:37+00:00\",\"dateModified\":\"2025-10-03T07:43:32+00:00\",\"description\":\"Les nouveaux switches M4350 red\u00e9finissent les installations professionnelles.\",\"breadcrumb\":{\"@id\":\"https:\\\/\\\/frhub.netgear.com\\\/fr\\\/hub\\\/business\\\/av\\\/les-nouveaux-switches-m4350-redefinissent-les-installations-professionnelles\\\/#breadcrumb\"},\"inLanguage\":\"en-US\",\"potentialAction\":[{\"@type\":\"ReadAction\",\"target\":[\"https:\\\/\\\/frhub.netgear.com\\\/fr\\\/hub\\\/business\\\/av\\\/les-nouveaux-switches-m4350-redefinissent-les-installations-professionnelles\\\/\"]}]},{\"@type\":\"ImageObject\",\"inLanguage\":\"en-US\",\"@id\":\"https:\\\/\\\/frhub.netgear.com\\\/fr\\\/hub\\\/business\\\/av\\\/les-nouveaux-switches-m4350-redefinissent-les-installations-professionnelles\\\/#primaryimage\",\"url\":\"https:\\\/\\\/frhub.netgear.com\\\/fr\\\/hub\\\/wp-content\\\/uploads\\\/2025\\\/06\\\/vignette-new-m4350.jpg\",\"contentUrl\":\"https:\\\/\\\/frhub.netgear.com\\\/fr\\\/hub\\\/wp-content\\\/uploads\\\/2025\\\/06\\\/vignette-new-m4350.jpg\",\"width\":383,\"height\":288},{\"@type\":\"BreadcrumbList\",\"@id\":\"https:\\\/\\\/frhub.netgear.com\\\/fr\\\/hub\\\/business\\\/av\\\/les-nouveaux-switches-m4350-redefinissent-les-installations-professionnelles\\\/#breadcrumb\",\"itemListElement\":[{\"@type\":\"ListItem\",\"position\":1,\"name\":\"Home\",\"item\":\"https:\\\/\\\/frhub.netgear.com\\\/fr\\\/hub\\\/\"},{\"@type\":\"ListItem\",\"position\":2,\"name\":\"Entreprises\",\"item\":\"https:\\\/\\\/frhub.netgear.com\\\/fr\\\/hub\\\/business\\\/\"},{\"@type\":\"ListItem\",\"position\":3,\"name\":\"Entreprise AV\",\"item\":\"https:\\\/\\\/frhub.netgear.com\\\/fr\\\/hub\\\/business\\\/av\\\/\"},{\"@type\":\"ListItem\",\"position\":4,\"name\":\"Les nouveaux switches M4350 red\u00e9finissent les installations professionnelles.\"}]},{\"@type\":\"WebSite\",\"@id\":\"https:\\\/\\\/frhub.netgear.com\\\/fr\\\/hub\\\/#website\",\"url\":\"https:\\\/\\\/frhub.netgear.com\\\/fr\\\/hub\\\/\",\"name\":\"NETGEAR Hub France\",\"description\":\"Explorez les pages de notre blog et parcourez les articles pour en savoir plus sur les produits et la technologie NETGEAR.\",\"publisher\":{\"@id\":\"https:\\\/\\\/frhub.netgear.com\\\/fr\\\/hub\\\/#organization\"},\"potentialAction\":[{\"@type\":\"SearchAction\",\"target\":{\"@type\":\"EntryPoint\",\"urlTemplate\":\"https:\\\/\\\/frhub.netgear.com\\\/fr\\\/hub\\\/?s={search_term_string}\"},\"query-input\":{\"@type\":\"PropertyValueSpecification\",\"valueRequired\":true,\"valueName\":\"search_term_string\"}}],\"inLanguage\":\"en-US\"},{\"@type\":\"Organization\",\"@id\":\"https:\\\/\\\/frhub.netgear.com\\\/fr\\\/hub\\\/#organization\",\"name\":\"NETGEAR\",\"url\":\"https:\\\/\\\/frhub.netgear.com\\\/fr\\\/hub\\\/\",\"logo\":{\"@type\":\"ImageObject\",\"inLanguage\":\"en-US\",\"@id\":\"https:\\\/\\\/frhub.netgear.com\\\/fr\\\/hub\\\/#\\\/schema\\\/logo\\\/image\\\/\",\"url\":\"https:\\\/\\\/www.netgear.com\\\/fr\\\/hub\\\/wp-content\\\/uploads\\\/2019\\\/07\\\/NETGEAR_logo.jpg\",\"contentUrl\":\"https:\\\/\\\/www.netgear.com\\\/fr\\\/hub\\\/wp-content\\\/uploads\\\/2019\\\/07\\\/NETGEAR_logo.jpg\",\"width\":1500,\"height\":501,\"caption\":\"NETGEAR\"},\"image\":{\"@id\":\"https:\\\/\\\/frhub.netgear.com\\\/fr\\\/hub\\\/#\\\/schema\\\/logo\\\/image\\\/\"},\"sameAs\":[\"https:\\\/\\\/www.facebook.com\\\/NetgearAU\\\/\",\"https:\\\/\\\/x.com\\\/NETGEAR\",\"https:\\\/\\\/www.linkedin.com\\\/company\\\/netgear\"]}]}<\/script>\n<!-- \/ Yoast SEO plugin. -->","yoast_head_json":{"title":"Les nouveaux switches M4350 red\u00e9finissent les installations professionnelles. - NETGEAR Blog","description":"Les nouveaux switches M4350 red\u00e9finissent les installations professionnelles.","robots":{"index":"index","follow":"follow","max-snippet":"max-snippet:-1","max-image-preview":"max-image-preview:large","max-video-preview":"max-video-preview:-1"},"canonical":"https:\/\/frhub.netgear.com\/fr\/hub\/business\/av\/les-nouveaux-switches-m4350-redefinissent-les-installations-professionnelles\/","og_locale":"en_US","og_type":"article","og_title":"Les nouveaux switches M4350 red\u00e9finissent les installations professionnelles. - NETGEAR Blog","og_description":"Les nouveaux switches M4350 red\u00e9finissent les installations professionnelles.","og_url":"https:\/\/frhub.netgear.com\/fr\/hub\/business\/av\/les-nouveaux-switches-m4350-redefinissent-les-installations-professionnelles\/","og_site_name":"NETGEAR Blog","article_publisher":"https:\/\/www.facebook.com\/NetgearAU\/","article_modified_time":"2025-10-03T07:43:32+00:00","og_image":[{"width":383,"height":288,"url":"https:\/\/frhub.netgear.com\/fr\/hub\/wp-content\/uploads\/2025\/06\/vignette-new-m4350.jpg","type":"image\/jpeg"}],"twitter_card":"summary_large_image","twitter_site":"@NETGEAR","schema":{"@context":"https:\/\/schema.org","@graph":[{"@type":"WebPage","@id":"https:\/\/frhub.netgear.com\/fr\/hub\/business\/av\/les-nouveaux-switches-m4350-redefinissent-les-installations-professionnelles\/","url":"https:\/\/frhub.netgear.com\/fr\/hub\/business\/av\/les-nouveaux-switches-m4350-redefinissent-les-installations-professionnelles\/","name":"Les nouveaux switches M4350 red\u00e9finissent les installations professionnelles. - NETGEAR Blog","isPartOf":{"@id":"https:\/\/frhub.netgear.com\/fr\/hub\/#website"},"primaryImageOfPage":{"@id":"https:\/\/frhub.netgear.com\/fr\/hub\/business\/av\/les-nouveaux-switches-m4350-redefinissent-les-installations-professionnelles\/#primaryimage"},"image":{"@id":"https:\/\/frhub.netgear.com\/fr\/hub\/business\/av\/les-nouveaux-switches-m4350-redefinissent-les-installations-professionnelles\/#primaryimage"},"thumbnailUrl":"https:\/\/frhub.netgear.com\/fr\/hub\/wp-content\/uploads\/2025\/06\/vignette-new-m4350.jpg","datePublished":"2025-06-05T10:11:37+00:00","dateModified":"2025-10-03T07:43:32+00:00","description":"Les nouveaux switches M4350 red\u00e9finissent les installations professionnelles.","breadcrumb":{"@id":"https:\/\/frhub.netgear.com\/fr\/hub\/business\/av\/les-nouveaux-switches-m4350-redefinissent-les-installations-professionnelles\/#breadcrumb"},"inLanguage":"en-US","potentialAction":[{"@type":"ReadAction","target":["https:\/\/frhub.netgear.com\/fr\/hub\/business\/av\/les-nouveaux-switches-m4350-redefinissent-les-installations-professionnelles\/"]}]},{"@type":"ImageObject","inLanguage":"en-US","@id":"https:\/\/frhub.netgear.com\/fr\/hub\/business\/av\/les-nouveaux-switches-m4350-redefinissent-les-installations-professionnelles\/#primaryimage","url":"https:\/\/frhub.netgear.com\/fr\/hub\/wp-content\/uploads\/2025\/06\/vignette-new-m4350.jpg","contentUrl":"https:\/\/frhub.netgear.com\/fr\/hub\/wp-content\/uploads\/2025\/06\/vignette-new-m4350.jpg","width":383,"height":288},{"@type":"BreadcrumbList","@id":"https:\/\/frhub.netgear.com\/fr\/hub\/business\/av\/les-nouveaux-switches-m4350-redefinissent-les-installations-professionnelles\/#breadcrumb","itemListElement":[{"@type":"ListItem","position":1,"name":"Home","item":"https:\/\/frhub.netgear.com\/fr\/hub\/"},{"@type":"ListItem","position":2,"name":"Entreprises","item":"https:\/\/frhub.netgear.com\/fr\/hub\/business\/"},{"@type":"ListItem","position":3,"name":"Entreprise AV","item":"https:\/\/frhub.netgear.com\/fr\/hub\/business\/av\/"},{"@type":"ListItem","position":4,"name":"Les nouveaux switches M4350 red\u00e9finissent les installations professionnelles."}]},{"@type":"WebSite","@id":"https:\/\/frhub.netgear.com\/fr\/hub\/#website","url":"https:\/\/frhub.netgear.com\/fr\/hub\/","name":"NETGEAR Hub France","description":"Explorez les pages de notre blog et parcourez les articles pour en savoir plus sur les produits et la technologie NETGEAR.","publisher":{"@id":"https:\/\/frhub.netgear.com\/fr\/hub\/#organization"},"potentialAction":[{"@type":"SearchAction","target":{"@type":"EntryPoint","urlTemplate":"https:\/\/frhub.netgear.com\/fr\/hub\/?s={search_term_string}"},"query-input":{"@type":"PropertyValueSpecification","valueRequired":true,"valueName":"search_term_string"}}],"inLanguage":"en-US"},{"@type":"Organization","@id":"https:\/\/frhub.netgear.com\/fr\/hub\/#organization","name":"NETGEAR","url":"https:\/\/frhub.netgear.com\/fr\/hub\/","logo":{"@type":"ImageObject","inLanguage":"en-US","@id":"https:\/\/frhub.netgear.com\/fr\/hub\/#\/schema\/logo\/image\/","url":"https:\/\/www.netgear.com\/fr\/hub\/wp-content\/uploads\/2019\/07\/NETGEAR_logo.jpg","contentUrl":"https:\/\/www.netgear.com\/fr\/hub\/wp-content\/uploads\/2019\/07\/NETGEAR_logo.jpg","width":1500,"height":501,"caption":"NETGEAR"},"image":{"@id":"https:\/\/frhub.netgear.com\/fr\/hub\/#\/schema\/logo\/image\/"},"sameAs":["https:\/\/www.facebook.com\/NetgearAU\/","https:\/\/x.com\/NETGEAR","https:\/\/www.linkedin.com\/company\/netgear"]}]}},"_links":{"self":[{"href":"https:\/\/frhub.netgear.com\/fr\/hub\/wp-json\/wp\/v2\/pages\/10453","targetHints":{"allow":["GET"]}}],"collection":[{"href":"https:\/\/frhub.netgear.com\/fr\/hub\/wp-json\/wp\/v2\/pages"}],"about":[{"href":"https:\/\/frhub.netgear.com\/fr\/hub\/wp-json\/wp\/v2\/types\/page"}],"author":[{"embeddable":true,"href":"https:\/\/frhub.netgear.com\/fr\/hub\/wp-json\/wp\/v2\/users\/83"}],"replies":[{"embeddable":true,"href":"https:\/\/frhub.netgear.com\/fr\/hub\/wp-json\/wp\/v2\/comments?post=10453"}],"version-history":[{"count":5,"href":"https:\/\/frhub.netgear.com\/fr\/hub\/wp-json\/wp\/v2\/pages\/10453\/revisions"}],"predecessor-version":[{"id":11016,"href":"https:\/\/frhub.netgear.com\/fr\/hub\/wp-json\/wp\/v2\/pages\/10453\/revisions\/11016"}],"up":[{"embeddable":true,"href":"https:\/\/frhub.netgear.com\/fr\/hub\/wp-json\/wp\/v2\/pages\/6754"}],"wp:featuredmedia":[{"embeddable":true,"href":"https:\/\/frhub.netgear.com\/fr\/hub\/wp-json\/wp\/v2\/media\/10452"}],"wp:attachment":[{"href":"https:\/\/frhub.netgear.com\/fr\/hub\/wp-json\/wp\/v2\/media?parent=10453"}],"curies":[{"name":"wp","href":"https:\/\/api.w.org\/{rel}","templated":true}]}}