{"id":10320,"date":"2025-05-09T15:35:50","date_gmt":"2025-05-09T13:35:54","guid":{"rendered":"https:\/\/frhub.netgear.com\/fr\/hub\/?page_id=10320"},"modified":"2025-10-03T16:59:24","modified_gmt":"2025-10-03T14:59:24","slug":"m4350-white-paper","status":"publish","type":"page","link":"https:\/\/frhub.netgear.com\/fr\/hub\/business\/enterprise-it\/m4350-white-paper\/","title":{"rendered":"De la n\u00e9cessit\u00e9 de transformer les r\u00e9seaux dans l&#8217;Entreprise et l&#8217;Education"},"content":{"rendered":"<p>\u00c0 mesure que la transformation num\u00e9rique s&#8217;acc\u00e9l\u00e8re dans les diff\u00e9rents secteurs, les exigences en mati\u00e8re d&#8217;infrastructure informatique pour les entreprises de taille moyenne et les instances \u00e9ducatives augmentent de mani\u00e8re exponentielle.<br \/>\n    <div class=\"table-of-content bg-gray\">\n        <p><strong>IN THIS ARTICLE<\/strong><\/p>\n        <ul>\n                        <li><a href=\"#topic1\">De la n\u00e9cessit\u00e9 de transformer les r\u00e9seaux dans l'Entreprise et l'Education<\/a><\/li>\n                        <li><a href=\"#topic2\">Plus d'informations<\/a><\/li>\n                    <\/ul>\n    <\/div>\n        <div id=\"topic1\" class=\"skip-item\">\n                        <h2>De la n\u00e9cessit\u00e9 de transformer les r\u00e9seaux dans l'Entreprise et l'Education<\/h2>\n                <p style=\"text-align: left\"><img loading=\"lazy\" decoding=\"async\" class=\"size-medium wp-image-10317 alignright\" src=\"https:\/\/frhub.netgear.com\/fr\/hub\/wp-content\/uploads\/2025\/05\/visuel-inisght-white-paper-300x300.png\" alt=\"\" width=\"300\" height=\"300\" srcset=\"https:\/\/frhub.netgear.com\/fr\/hub\/wp-content\/uploads\/2025\/05\/visuel-inisght-white-paper-300x300.png 300w, https:\/\/frhub.netgear.com\/fr\/hub\/wp-content\/uploads\/2025\/05\/visuel-inisght-white-paper-1024x1029.png 1024w, https:\/\/frhub.netgear.com\/fr\/hub\/wp-content\/uploads\/2025\/05\/visuel-inisght-white-paper-150x150.png 150w, https:\/\/frhub.netgear.com\/fr\/hub\/wp-content\/uploads\/2025\/05\/visuel-inisght-white-paper-425x425.png 425w, https:\/\/frhub.netgear.com\/fr\/hub\/wp-content\/uploads\/2025\/05\/visuel-inisght-white-paper.png 1276w\" sizes=\"auto, (max-width: 300px) 100vw, 300px\" \/>\u00c0 mesure que la transformation num\u00e9rique s&#8217;acc\u00e9l\u00e8re dans les diff\u00e9rents secteurs, les exigences en mati\u00e8re d&#8217;infrastructure informatique pour les entreprises de taille moyenne et les instances \u00e9ducatives augmentent de mani\u00e8re exponentielle.<\/p>\n<p>Les solutions r\u00e9seau professionnelles trop anciennes \u00e9chouent souvent \u00e0 r\u00e9pondre aux exigences modernes en mati\u00e8re de bande passante, de disponibilit\u00e9, de s\u00e9curit\u00e9, de puissance PoE et de d\u00e9veloppement.<\/p>\n<p>Pour relever ces d\u00e9fis en constante \u00e9volution, NETGEAR a r\u00e9cemment introduit la s\u00e9rie des switches M4350, une plateforme robuste et riche en fonctionnalit\u00e9s, con\u00e7ue pour offrir des capacit\u00e9s professionnelles haut de gamme aux revendeurs informatiques.<\/p>\n<p>La s\u00e9rie M4350 est con\u00e7ue pour offrir des performances in\u00e9gal\u00e9es, une int\u00e9gration transparente et des fonctionnalit\u00e9s pr\u00eates pour l&#8217;avenir. Avec des ports multi-gigabits haute intensit\u00e9, une redondance intelligente, une s\u00e9curit\u00e9 avanc\u00e9e et une pr\u00e9paration pour le WIFI 7, le M4350 permet aux revendeurs d\u2019offrir des solutions r\u00e9seau \u00e9volutives, fiables et rentables aux entreprises et au secteur de l&#8217;\u00e9ducation.<\/p>\n<p>Ce White Paper sur la s\u00e9rie M4350 examine les 10 principales probl\u00e9matiques rencontr\u00e9es par les clients et vous am\u00e8ne des solutions par y pallier.<\/p>\n    <\/div>\n        <div id=\"topic2\" class=\"skip-item\">\n                        <h2>Plus d'informations<\/h2>\n                <p>\n<!--SOLUTIONS NETGEAR ENTERPRISE--><\/p>\n<p>Plus d\u2019informations sur nos solutions Business<\/p>\n<div class=\"hs-cta-embed hs-cta-simple-placeholder hs-cta-embed-241151168190\" style=\"max-width:100%;max-height:100%;width:310px;height:50.395835876464844px\" data-hubspot-wrapper-cta-id=\"241151168190\"><br \/>\n  <a href=\"https:\/\/cta-na2.hubspot.com\/web-interactives\/public\/v1\/track\/redirect?encryptedPayload=AVxigLLJWF%2FR9NCdRJZQ5KVHoS9cmTllDsgnRckWwZDoTJW93FYqIGm7y2jNQ4CGjjeyEntjB1Eh%2FcIvmOqeWKIuNi7jJ95TD1xOsd56OGsqZrwJYn2P4gpbjQJxBuk%2FcElRMomZ2nLAB1rUvsSFPpXbLLR0VoURWUj2oq%2BphOJeMWjoSz5dSBIDsA%3D%3D&#038;webInteractiveContentId=241151168190&#038;portalId=242128791\" target=\"_blank\" rel=\"noopener\"><br \/>\n    <img decoding=\"async\" alt=\"SOLUTIONS NETGEAR ENTERPRISE\" loading=\"lazy\" src=\"https:\/\/hubspot-no-cache-na2-prod.s3.amazonaws.com\/cta\/default\/242128791\/interactive-241151168190.png\" style=\"height: 100%;width: 100%;object-fit: fill\" \/><br \/>\n  <\/a>\n<\/div>\n<\/p>\n<p>\n<!--NETGEAR ACADEMY--><\/p>\n<p>Apprenez tout ce qu\u2019il faut savoir sur les r\u00e9seaux IP gr\u00e2ce \u00e0 notre NETGEAR ACADEMY<\/p>\n<div class=\"hs-cta-embed hs-cta-simple-placeholder hs-cta-embed-241151161035\" style=\"max-width:100%;max-height:100%;width:260px;height:50.390625px\" data-hubspot-wrapper-cta-id=\"241151161035\"><br \/>\n  <a href=\"https:\/\/cta-na2.hubspot.com\/web-interactives\/public\/v1\/track\/redirect?encryptedPayload=AVxigLJIgvHArQm4wTffTTUUJ%2F0ljCSNGcwj4PNLST8c9BdzGxqiACj%2Bz94HHc4mFPGtXF%2B%2F5wBeuQxMwTVaNhNVvj%2FrPoIwPhJXs1HyfD4geQMBkR1VuG%2BfPTfjyzB0ZZPS3Vs1DRegOuJZbqCiCvoqA4M8moDR4zNKVjZxPVGoUNOaIBrbKeHqgAhjG0PM1L1Yi66guE70DwgXJMTC7CAzvVrffriBmA%3D%3D&#038;webInteractiveContentId=241151161035&#038;portalId=242128791\" target=\"_blank\" rel=\"noopener\"><br \/>\n    <img decoding=\"async\" alt=\"NETGEAR ACADEMY\" loading=\"lazy\" src=\"https:\/\/hubspot-no-cache-na2-prod.s3.amazonaws.com\/cta\/default\/242128791\/interactive-241151161035.png\" style=\"height: 100%;width: 100%;object-fit: fill\" \/><br \/>\n  <\/a>\n<\/div>\n<\/p>\n<p><!--CONTACTEZ L'EQUIPE PRO-IT--><\/p>\n<p>Nos ing\u00e9nieurs vous accompagnent gratuitement dans la r\u00e9alisation de vos projets<\/p>\n<div class=\"hs-cta-embed hs-cta-simple-placeholder hs-cta-embed-245601455827\" style=\"max-width:100%;max-height:100%;width:287px;height:50.390625px\" data-hubspot-wrapper-cta-id=\"245601455827\"><br \/>\n  <a href=\"https:\/\/cta-na2.hubspot.com\/web-interactives\/public\/v1\/track\/redirect?encryptedPayload=AVxigLInaPY6CKjdDpPVYzjXnEGvPfbouzJx88Hc1CLeTaYRtnOO25E9XicF7pvzMQdle10f103Z%2F0L%2BbiJE2NwgOQVCpgxtwv3X4ZjoLQkEp5IHfzWjQzeN8Zq44UJQhsPMIst0b69UmgxZlIyrErVjJxyPRNNMsT41p87bUD9JAGKJ2ih7inbvBJTAWKny5YWUD0fN29FFl16U6g1urHYkE5vRzSSaFw%3D%3D&#038;webInteractiveContentId=245601455827&#038;portalId=242128791\" target=\"_blank\" rel=\"noopener\"><br \/>\n    <img decoding=\"async\" alt=\"CONTACTEZ L'EQUIPE PRO-IT\" loading=\"lazy\" src=\"https:\/\/hubspot-no-cache-na2-prod.s3.amazonaws.com\/cta\/default\/242128791\/interactive-245601455827.png\" style=\"height: 100%;width: 100%;object-fit: fill\" \/><br \/>\n  <\/a>\n<\/div>\n<\/p>\n<p><iframe loading=\"lazy\" src=\"https:\/\/405nrr.share-na2.hsforms.com\/24AR2ZDSmQqWycFqf8q5-eg\" width=\"100%\" height=\"1200px\"><\/iframe><\/p>\n    <\/div>\n    <\/p>\n","protected":false},"excerpt":{"rendered":"<p>\u00c0 mesure que la transformation num\u00e9rique s&#8217;acc\u00e9l\u00e8re dans les diff\u00e9rents secteurs, les exigences en mati\u00e8re d&#8217;infrastructure informatique pour les entreprises de taille moyenne et les instances \u00e9ducatives augmentent de mani\u00e8re exponentielle.<\/p>\n","protected":false},"author":97,"featured_media":10316,"parent":6714,"menu_order":3,"comment_status":"closed","ping_status":"closed","template":"templates\/best-reviews.php","meta":{"_acf_changed":false,"content-type":"","footnotes":""},"class_list":["post-10320","page","type-page","status-publish","has-post-thumbnail","hentry"],"acf":[],"yoast_head":"<!-- This site is optimized with the Yoast SEO plugin v27.4 - https:\/\/yoast.com\/product\/yoast-seo-wordpress\/ -->\n<title>De la n\u00e9cessit\u00e9 de transformer les r\u00e9seaux dans l&#039;Entreprise et l&#039;Education - NETGEAR Blog<\/title>\n<meta name=\"description\" content=\"Les solutions r\u00e9seau professionnelles trop anciennes \u00e9chouent souvent \u00e0 r\u00e9pondre aux exigences modernes en mati\u00e8re de bande passante, de disponibilit\u00e9, de s\u00e9curit\u00e9, de puissance PoE et de d\u00e9veloppement. D\u00e9couvrez comment NETGEAR propose de rem\u00e9dier \u00e0 ces d\u00e9fis.\" \/>\n<meta name=\"robots\" content=\"index, follow, max-snippet:-1, max-image-preview:large, max-video-preview:-1\" \/>\n<link rel=\"canonical\" href=\"https:\/\/frhub.netgear.com\/fr\/hub\/business\/enterprise-it\/m4350-white-paper\/\" \/>\n<meta property=\"og:locale\" content=\"en_US\" \/>\n<meta property=\"og:type\" content=\"article\" \/>\n<meta property=\"og:title\" content=\"De la n\u00e9cessit\u00e9 de transformer les r\u00e9seaux dans l&#039;Entreprise et l&#039;Education - NETGEAR Blog\" \/>\n<meta property=\"og:description\" content=\"Les solutions r\u00e9seau professionnelles trop anciennes \u00e9chouent souvent \u00e0 r\u00e9pondre aux exigences modernes en mati\u00e8re de bande passante, de disponibilit\u00e9, de s\u00e9curit\u00e9, de puissance PoE et de d\u00e9veloppement. D\u00e9couvrez comment NETGEAR propose de rem\u00e9dier \u00e0 ces d\u00e9fis.\" \/>\n<meta property=\"og:url\" content=\"https:\/\/frhub.netgear.com\/fr\/hub\/business\/enterprise-it\/m4350-white-paper\/\" \/>\n<meta property=\"og:site_name\" content=\"NETGEAR Blog\" \/>\n<meta property=\"article:publisher\" content=\"https:\/\/www.facebook.com\/NetgearAU\/\" \/>\n<meta property=\"article:modified_time\" content=\"2025-10-03T14:59:24+00:00\" \/>\n<meta property=\"og:image\" content=\"https:\/\/frhub.netgear.com\/fr\/hub\/wp-content\/uploads\/2025\/05\/vignette-whipe-paper-Insight.jpg\" \/>\n\t<meta property=\"og:image:width\" content=\"383\" \/>\n\t<meta property=\"og:image:height\" content=\"288\" \/>\n\t<meta property=\"og:image:type\" content=\"image\/jpeg\" \/>\n<meta name=\"twitter:card\" content=\"summary_large_image\" \/>\n<meta name=\"twitter:site\" content=\"@NETGEAR\" \/>\n<script type=\"application\/ld+json\" class=\"yoast-schema-graph\">{\"@context\":\"https:\\\/\\\/schema.org\",\"@graph\":[{\"@type\":\"WebPage\",\"@id\":\"https:\\\/\\\/frhub.netgear.com\\\/fr\\\/hub\\\/business\\\/enterprise-it\\\/m4350-white-paper\\\/\",\"url\":\"https:\\\/\\\/frhub.netgear.com\\\/fr\\\/hub\\\/business\\\/enterprise-it\\\/m4350-white-paper\\\/\",\"name\":\"De la n\u00e9cessit\u00e9 de transformer les r\u00e9seaux dans l'Entreprise et l'Education - NETGEAR Blog\",\"isPartOf\":{\"@id\":\"https:\\\/\\\/frhub.netgear.com\\\/fr\\\/hub\\\/#website\"},\"primaryImageOfPage\":{\"@id\":\"https:\\\/\\\/frhub.netgear.com\\\/fr\\\/hub\\\/business\\\/enterprise-it\\\/m4350-white-paper\\\/#primaryimage\"},\"image\":{\"@id\":\"https:\\\/\\\/frhub.netgear.com\\\/fr\\\/hub\\\/business\\\/enterprise-it\\\/m4350-white-paper\\\/#primaryimage\"},\"thumbnailUrl\":\"https:\\\/\\\/frhub.netgear.com\\\/fr\\\/hub\\\/wp-content\\\/uploads\\\/2025\\\/05\\\/vignette-whipe-paper-Insight.jpg\",\"datePublished\":\"2025-05-09T13:35:54+00:00\",\"dateModified\":\"2025-10-03T14:59:24+00:00\",\"description\":\"Les solutions r\u00e9seau professionnelles trop anciennes \u00e9chouent souvent \u00e0 r\u00e9pondre aux exigences modernes en mati\u00e8re de bande passante, de disponibilit\u00e9, de s\u00e9curit\u00e9, de puissance PoE et de d\u00e9veloppement. D\u00e9couvrez comment NETGEAR propose de rem\u00e9dier \u00e0 ces d\u00e9fis.\",\"breadcrumb\":{\"@id\":\"https:\\\/\\\/frhub.netgear.com\\\/fr\\\/hub\\\/business\\\/enterprise-it\\\/m4350-white-paper\\\/#breadcrumb\"},\"inLanguage\":\"en-US\",\"potentialAction\":[{\"@type\":\"ReadAction\",\"target\":[\"https:\\\/\\\/frhub.netgear.com\\\/fr\\\/hub\\\/business\\\/enterprise-it\\\/m4350-white-paper\\\/\"]}]},{\"@type\":\"ImageObject\",\"inLanguage\":\"en-US\",\"@id\":\"https:\\\/\\\/frhub.netgear.com\\\/fr\\\/hub\\\/business\\\/enterprise-it\\\/m4350-white-paper\\\/#primaryimage\",\"url\":\"https:\\\/\\\/frhub.netgear.com\\\/fr\\\/hub\\\/wp-content\\\/uploads\\\/2025\\\/05\\\/vignette-whipe-paper-Insight.jpg\",\"contentUrl\":\"https:\\\/\\\/frhub.netgear.com\\\/fr\\\/hub\\\/wp-content\\\/uploads\\\/2025\\\/05\\\/vignette-whipe-paper-Insight.jpg\",\"width\":383,\"height\":288},{\"@type\":\"BreadcrumbList\",\"@id\":\"https:\\\/\\\/frhub.netgear.com\\\/fr\\\/hub\\\/business\\\/enterprise-it\\\/m4350-white-paper\\\/#breadcrumb\",\"itemListElement\":[{\"@type\":\"ListItem\",\"position\":1,\"name\":\"Home\",\"item\":\"https:\\\/\\\/frhub.netgear.com\\\/fr\\\/hub\\\/\"},{\"@type\":\"ListItem\",\"position\":2,\"name\":\"Entreprises\",\"item\":\"https:\\\/\\\/frhub.netgear.com\\\/fr\\\/hub\\\/business\\\/\"},{\"@type\":\"ListItem\",\"position\":3,\"name\":\"Business Networking Articles Hub\",\"item\":\"https:\\\/\\\/frhub.netgear.com\\\/fr\\\/hub\\\/business\\\/enterprise-it\\\/\"},{\"@type\":\"ListItem\",\"position\":4,\"name\":\"De la n\u00e9cessit\u00e9 de transformer les r\u00e9seaux dans l&#8217;Entreprise et l&#8217;Education\"}]},{\"@type\":\"WebSite\",\"@id\":\"https:\\\/\\\/frhub.netgear.com\\\/fr\\\/hub\\\/#website\",\"url\":\"https:\\\/\\\/frhub.netgear.com\\\/fr\\\/hub\\\/\",\"name\":\"NETGEAR Hub France\",\"description\":\"Explorez les pages de notre blog et parcourez les articles pour en savoir plus sur les produits et la technologie NETGEAR.\",\"publisher\":{\"@id\":\"https:\\\/\\\/frhub.netgear.com\\\/fr\\\/hub\\\/#organization\"},\"potentialAction\":[{\"@type\":\"SearchAction\",\"target\":{\"@type\":\"EntryPoint\",\"urlTemplate\":\"https:\\\/\\\/frhub.netgear.com\\\/fr\\\/hub\\\/?s={search_term_string}\"},\"query-input\":{\"@type\":\"PropertyValueSpecification\",\"valueRequired\":true,\"valueName\":\"search_term_string\"}}],\"inLanguage\":\"en-US\"},{\"@type\":\"Organization\",\"@id\":\"https:\\\/\\\/frhub.netgear.com\\\/fr\\\/hub\\\/#organization\",\"name\":\"NETGEAR\",\"url\":\"https:\\\/\\\/frhub.netgear.com\\\/fr\\\/hub\\\/\",\"logo\":{\"@type\":\"ImageObject\",\"inLanguage\":\"en-US\",\"@id\":\"https:\\\/\\\/frhub.netgear.com\\\/fr\\\/hub\\\/#\\\/schema\\\/logo\\\/image\\\/\",\"url\":\"https:\\\/\\\/www.netgear.com\\\/fr\\\/hub\\\/wp-content\\\/uploads\\\/2019\\\/07\\\/NETGEAR_logo.jpg\",\"contentUrl\":\"https:\\\/\\\/www.netgear.com\\\/fr\\\/hub\\\/wp-content\\\/uploads\\\/2019\\\/07\\\/NETGEAR_logo.jpg\",\"width\":1500,\"height\":501,\"caption\":\"NETGEAR\"},\"image\":{\"@id\":\"https:\\\/\\\/frhub.netgear.com\\\/fr\\\/hub\\\/#\\\/schema\\\/logo\\\/image\\\/\"},\"sameAs\":[\"https:\\\/\\\/www.facebook.com\\\/NetgearAU\\\/\",\"https:\\\/\\\/x.com\\\/NETGEAR\",\"https:\\\/\\\/www.linkedin.com\\\/company\\\/netgear\"]}]}<\/script>\n<!-- \/ Yoast SEO plugin. -->","yoast_head_json":{"title":"De la n\u00e9cessit\u00e9 de transformer les r\u00e9seaux dans l'Entreprise et l'Education - NETGEAR Blog","description":"Les solutions r\u00e9seau professionnelles trop anciennes \u00e9chouent souvent \u00e0 r\u00e9pondre aux exigences modernes en mati\u00e8re de bande passante, de disponibilit\u00e9, de s\u00e9curit\u00e9, de puissance PoE et de d\u00e9veloppement. D\u00e9couvrez comment NETGEAR propose de rem\u00e9dier \u00e0 ces d\u00e9fis.","robots":{"index":"index","follow":"follow","max-snippet":"max-snippet:-1","max-image-preview":"max-image-preview:large","max-video-preview":"max-video-preview:-1"},"canonical":"https:\/\/frhub.netgear.com\/fr\/hub\/business\/enterprise-it\/m4350-white-paper\/","og_locale":"en_US","og_type":"article","og_title":"De la n\u00e9cessit\u00e9 de transformer les r\u00e9seaux dans l'Entreprise et l'Education - NETGEAR Blog","og_description":"Les solutions r\u00e9seau professionnelles trop anciennes \u00e9chouent souvent \u00e0 r\u00e9pondre aux exigences modernes en mati\u00e8re de bande passante, de disponibilit\u00e9, de s\u00e9curit\u00e9, de puissance PoE et de d\u00e9veloppement. D\u00e9couvrez comment NETGEAR propose de rem\u00e9dier \u00e0 ces d\u00e9fis.","og_url":"https:\/\/frhub.netgear.com\/fr\/hub\/business\/enterprise-it\/m4350-white-paper\/","og_site_name":"NETGEAR Blog","article_publisher":"https:\/\/www.facebook.com\/NetgearAU\/","article_modified_time":"2025-10-03T14:59:24+00:00","og_image":[{"width":383,"height":288,"url":"https:\/\/frhub.netgear.com\/fr\/hub\/wp-content\/uploads\/2025\/05\/vignette-whipe-paper-Insight.jpg","type":"image\/jpeg"}],"twitter_card":"summary_large_image","twitter_site":"@NETGEAR","schema":{"@context":"https:\/\/schema.org","@graph":[{"@type":"WebPage","@id":"https:\/\/frhub.netgear.com\/fr\/hub\/business\/enterprise-it\/m4350-white-paper\/","url":"https:\/\/frhub.netgear.com\/fr\/hub\/business\/enterprise-it\/m4350-white-paper\/","name":"De la n\u00e9cessit\u00e9 de transformer les r\u00e9seaux dans l'Entreprise et l'Education - NETGEAR Blog","isPartOf":{"@id":"https:\/\/frhub.netgear.com\/fr\/hub\/#website"},"primaryImageOfPage":{"@id":"https:\/\/frhub.netgear.com\/fr\/hub\/business\/enterprise-it\/m4350-white-paper\/#primaryimage"},"image":{"@id":"https:\/\/frhub.netgear.com\/fr\/hub\/business\/enterprise-it\/m4350-white-paper\/#primaryimage"},"thumbnailUrl":"https:\/\/frhub.netgear.com\/fr\/hub\/wp-content\/uploads\/2025\/05\/vignette-whipe-paper-Insight.jpg","datePublished":"2025-05-09T13:35:54+00:00","dateModified":"2025-10-03T14:59:24+00:00","description":"Les solutions r\u00e9seau professionnelles trop anciennes \u00e9chouent souvent \u00e0 r\u00e9pondre aux exigences modernes en mati\u00e8re de bande passante, de disponibilit\u00e9, de s\u00e9curit\u00e9, de puissance PoE et de d\u00e9veloppement. D\u00e9couvrez comment NETGEAR propose de rem\u00e9dier \u00e0 ces d\u00e9fis.","breadcrumb":{"@id":"https:\/\/frhub.netgear.com\/fr\/hub\/business\/enterprise-it\/m4350-white-paper\/#breadcrumb"},"inLanguage":"en-US","potentialAction":[{"@type":"ReadAction","target":["https:\/\/frhub.netgear.com\/fr\/hub\/business\/enterprise-it\/m4350-white-paper\/"]}]},{"@type":"ImageObject","inLanguage":"en-US","@id":"https:\/\/frhub.netgear.com\/fr\/hub\/business\/enterprise-it\/m4350-white-paper\/#primaryimage","url":"https:\/\/frhub.netgear.com\/fr\/hub\/wp-content\/uploads\/2025\/05\/vignette-whipe-paper-Insight.jpg","contentUrl":"https:\/\/frhub.netgear.com\/fr\/hub\/wp-content\/uploads\/2025\/05\/vignette-whipe-paper-Insight.jpg","width":383,"height":288},{"@type":"BreadcrumbList","@id":"https:\/\/frhub.netgear.com\/fr\/hub\/business\/enterprise-it\/m4350-white-paper\/#breadcrumb","itemListElement":[{"@type":"ListItem","position":1,"name":"Home","item":"https:\/\/frhub.netgear.com\/fr\/hub\/"},{"@type":"ListItem","position":2,"name":"Entreprises","item":"https:\/\/frhub.netgear.com\/fr\/hub\/business\/"},{"@type":"ListItem","position":3,"name":"Business Networking Articles Hub","item":"https:\/\/frhub.netgear.com\/fr\/hub\/business\/enterprise-it\/"},{"@type":"ListItem","position":4,"name":"De la n\u00e9cessit\u00e9 de transformer les r\u00e9seaux dans l&#8217;Entreprise et l&#8217;Education"}]},{"@type":"WebSite","@id":"https:\/\/frhub.netgear.com\/fr\/hub\/#website","url":"https:\/\/frhub.netgear.com\/fr\/hub\/","name":"NETGEAR Hub France","description":"Explorez les pages de notre blog et parcourez les articles pour en savoir plus sur les produits et la technologie NETGEAR.","publisher":{"@id":"https:\/\/frhub.netgear.com\/fr\/hub\/#organization"},"potentialAction":[{"@type":"SearchAction","target":{"@type":"EntryPoint","urlTemplate":"https:\/\/frhub.netgear.com\/fr\/hub\/?s={search_term_string}"},"query-input":{"@type":"PropertyValueSpecification","valueRequired":true,"valueName":"search_term_string"}}],"inLanguage":"en-US"},{"@type":"Organization","@id":"https:\/\/frhub.netgear.com\/fr\/hub\/#organization","name":"NETGEAR","url":"https:\/\/frhub.netgear.com\/fr\/hub\/","logo":{"@type":"ImageObject","inLanguage":"en-US","@id":"https:\/\/frhub.netgear.com\/fr\/hub\/#\/schema\/logo\/image\/","url":"https:\/\/www.netgear.com\/fr\/hub\/wp-content\/uploads\/2019\/07\/NETGEAR_logo.jpg","contentUrl":"https:\/\/www.netgear.com\/fr\/hub\/wp-content\/uploads\/2019\/07\/NETGEAR_logo.jpg","width":1500,"height":501,"caption":"NETGEAR"},"image":{"@id":"https:\/\/frhub.netgear.com\/fr\/hub\/#\/schema\/logo\/image\/"},"sameAs":["https:\/\/www.facebook.com\/NetgearAU\/","https:\/\/x.com\/NETGEAR","https:\/\/www.linkedin.com\/company\/netgear"]}]}},"_links":{"self":[{"href":"https:\/\/frhub.netgear.com\/fr\/hub\/wp-json\/wp\/v2\/pages\/10320","targetHints":{"allow":["GET"]}}],"collection":[{"href":"https:\/\/frhub.netgear.com\/fr\/hub\/wp-json\/wp\/v2\/pages"}],"about":[{"href":"https:\/\/frhub.netgear.com\/fr\/hub\/wp-json\/wp\/v2\/types\/page"}],"author":[{"embeddable":true,"href":"https:\/\/frhub.netgear.com\/fr\/hub\/wp-json\/wp\/v2\/users\/97"}],"replies":[{"embeddable":true,"href":"https:\/\/frhub.netgear.com\/fr\/hub\/wp-json\/wp\/v2\/comments?post=10320"}],"version-history":[{"count":10,"href":"https:\/\/frhub.netgear.com\/fr\/hub\/wp-json\/wp\/v2\/pages\/10320\/revisions"}],"predecessor-version":[{"id":11091,"href":"https:\/\/frhub.netgear.com\/fr\/hub\/wp-json\/wp\/v2\/pages\/10320\/revisions\/11091"}],"up":[{"embeddable":true,"href":"https:\/\/frhub.netgear.com\/fr\/hub\/wp-json\/wp\/v2\/pages\/6714"}],"wp:featuredmedia":[{"embeddable":true,"href":"https:\/\/frhub.netgear.com\/fr\/hub\/wp-json\/wp\/v2\/media\/10316"}],"wp:attachment":[{"href":"https:\/\/frhub.netgear.com\/fr\/hub\/wp-json\/wp\/v2\/media?parent=10320"}],"curies":[{"name":"wp","href":"https:\/\/api.w.org\/{rel}","templated":true}]}}