{"id":10190,"date":"2025-03-20T19:02:40","date_gmt":"2025-03-20T18:02:40","guid":{"rendered":"https:\/\/frhub.netgear.com\/fr\/hub\/?page_id=10190"},"modified":"2025-10-03T13:29:40","modified_gmt":"2025-10-03T11:29:40","slug":"battlebots-solutionsav","status":"publish","type":"page","link":"https:\/\/frhub.netgear.com\/fr\/hub\/business\/case-studies\/av-case-studies\/battlebots-solutionsav\/","title":{"rendered":"BattleBots | Solutions AV \u00e0 la pointe pour Live percutants"},"content":{"rendered":"    <div class=\"table-of-content bg-gray\">\n        <p><strong>IN THIS ARTICLE<\/strong><\/p>\n        <ul>\n                        <li><a href=\"#topic1\">LE CONTEXTE<\/a><\/li>\n                        <li><a href=\"#topic2\">LE CLIENT<\/a><\/li>\n                        <li><a href=\"#topic3\">LE BESOIN<\/a><\/li>\n                        <li><a href=\"#topic4\">LA SOLUTION<\/a><\/li>\n                        <li><a href=\"#topic5\">UNE ASSISTANCE R\u00c9SEAU DE NIVEAU PROFESSIONNEL<\/a><\/li>\n                        <li><a href=\"#topic6\">PLUS D'INFORMATIONS<\/a><\/li>\n                    <\/ul>\n    <\/div>\n        <div id=\"topic1\" class=\"skip-item\">\n                        <h2>LE CONTEXTE<\/h2>\n                <p><strong>BattleBots Destruct-a-Thon : comment NETGEAR aide l&#8217;\u00e9quipe de production en direct \u00e0 offrir une exp\u00e9rience AV gagnante<\/strong><\/p>\n<div style=\"background-color: #eeeeee;padding: 20px;width: 33%;float: right\">\n<p><strong>Soci\u00e9t\u00e9 : <\/strong><br \/>\nBattleBots Inc.<\/p>\n<p><strong>Secteur :<\/strong><br \/>\nM\u00e9dias et production<\/p>\n<p><strong>Site Web :<\/strong><br \/>\n<a href=\"https:\/\/battlebots.com\/\">battlebots.com<\/a><\/p>\n<p><strong>Lieu :<\/strong><br \/>\nN\u00e9vada, USA<\/p>\n<p><button style=\"font-size: 18px\"><a href=\"https:\/\/frhub.netgear.com\/fr\/hub\/wp-content\/uploads\/2025\/03\/Battlebots_CS_FR_17Jul24.pdf\" target=\"_blank\" rel=\"noopener\"><strong>T\u00e9l\u00e9chargez cette \u00e9tude de cas<\/strong><\/a><\/button><\/p>\n<\/div>\n<p>Inspir\u00e9 de la s\u00e9rie t\u00e9l\u00e9vis\u00e9e \u00e0 succ\u00e8s, Battlebots Destruct-A-Thon est un spectacle r\u00e9volutionnaire et dynamique qui attire des foules, d\u00e9sireuses de voir des robots connus dans le monde entier s&#8217;affronter dans la c\u00e9l\u00e8bre ar\u00e8ne Battle Box. Ce spectacle grandiose repose sur la cr\u00e9ation d&#8217;une exp\u00e9rience th\u00e9\u00e2trale passionnante, rendue possible par l&#8217;\u00e9quipe de production en direct hautement qualifi\u00e9e et l&#8217;aide d&#8217;un AV de qualit\u00e9 sup\u00e9rieure, qui \u00e0 son tour s&#8217;appuie sur les performances stables d&#8217;un switch r\u00e9seau AV NETGEAR.<\/p>\n    <\/div>\n        <div id=\"topic2\" class=\"skip-item\">\n                        <h2>LE CLIENT<\/h2>\n                <p>Avec plusieurs saisons diffus\u00e9es au fil du temps, la s\u00e9rie t\u00e9l\u00e9vis\u00e9e Battlebots est devenue un ph\u00e9nom\u00e8ne mondial, accessible \u00e0 des millions de spectateurs dans plus de 150 pays \u00e0 travers le monde. Aujourd&#8217;hui, ses cr\u00e9ateurs ont pr\u00e9sent\u00e9 \u00e0 Las Vegas le premier spectacle quotidien de combat de robots au monde, jou\u00e9 (pendant chaque saison) devant un public de jusqu&#8217;\u00e0 800 personnes. Ce \u00ab fight-fest \u00bb, un jeu de combat intense, rapide et familial, met en sc\u00e8ne des robots ayant diverti les fans du monde entier, comme Witch Doctor, Kraken, Mammoth, HyperShock et Whiplash, ainsi que plusieurs nouveaux robots cr\u00e9\u00e9s sp\u00e9cialement pour l&#8217;occasion. BattleBots Destruct-A-Thon est un incroyable spectacle dynamique de 75 minutes qui combine action en direct et replay instantan\u00e9. La cr\u00e9ation de ce spectacle captivant et de cette exp\u00e9rience immersive digne d&#8217;un \u00e9v\u00e9nement sportif repose sur une personne capable d&#8217;orchestrer ces \u00e9l\u00e9ments tout en garantissant les performances du syst\u00e8me AV sur lequel repose le spectacle. Fox Weitzel, responsable de la vid\u00e9o chez Battlebots Destruct-A-Thon, combine \u00e0 la perfection ces comp\u00e9tences gr\u00e2ce \u00e0 sa connaissance approfondie de la technologie informatique, de la production th\u00e9\u00e2trale et des \u00e9v\u00e9nements sportifs en direct.<\/p>\n<p>&nbsp;<\/p>\n    <\/div>\n        <div id=\"topic3\" class=\"skip-item\">\n                        <h2>LE BESOIN<\/h2>\n                <p><strong>Production ultra-rapide en direct<\/strong><\/p>\n<p>La vitesse \u00e0 laquelle Fox et son \u00e9quipe doivent travailler est incroyable. \u00ab Nous sommes en train de cr\u00e9er un spectacle en direct et avan\u00e7ons rapidement. Tout doit \u00eatre ultra rapide, et je dois \u00eatre s\u00fbr que tout fonctionnera exactement comme je le souhaite d\u00e8s que j&#8217;appuie sur un bouton. Nous devons imp\u00e9rativement avoir un contr\u00f4le total du spectacle et celui-ci doit \u00eatre fluide. S&#8217;il y a un probl\u00e8me, mon \u00e9quipe ou moi disposons d&#8217;une fen\u00eatre de 90 \u00e0 120 secondes pour le r\u00e9soudre. \u00bb Fox agit depuis la salle de contr\u00f4le des Battlebots afin de pouvoir g\u00e9rer simultan\u00e9ment les m\u00e9dias, le syst\u00e8me de replay et le switch, dans le pire des cas. Lors d&#8217;un spectacle normal, un technicien et une \u00e9quipe de cinq cam\u00e9ras sont en marche dans l&#8217;ar\u00e8ne. \u00ab Notre environnement est con\u00e7u pour limiter les d\u00e9g\u00e2ts et reprendre rapidement. En cas de probl\u00e8me, mon \u00e9quipe ou moi pouvons les r\u00e9soudre imm\u00e9diatement. \u00bb<\/p>\n<p><img loading=\"lazy\" decoding=\"async\" class=\"wp-image-10189 aligncenter\" src=\"https:\/\/frhub.netgear.com\/fr\/hub\/wp-content\/uploads\/2025\/03\/IMG_0640-300x225.jpg\" alt=\"\" width=\"683\" height=\"512\" srcset=\"https:\/\/frhub.netgear.com\/fr\/hub\/wp-content\/uploads\/2025\/03\/IMG_0640-300x225.jpg 300w, https:\/\/frhub.netgear.com\/fr\/hub\/wp-content\/uploads\/2025\/03\/IMG_0640-1024x768.jpg 1024w, https:\/\/frhub.netgear.com\/fr\/hub\/wp-content\/uploads\/2025\/03\/IMG_0640-768x576.jpg 768w, https:\/\/frhub.netgear.com\/fr\/hub\/wp-content\/uploads\/2025\/03\/IMG_0640-1536x1152.jpg 1536w, https:\/\/frhub.netgear.com\/fr\/hub\/wp-content\/uploads\/2025\/03\/IMG_0640-2048x1536.jpg 2048w, https:\/\/frhub.netgear.com\/fr\/hub\/wp-content\/uploads\/2025\/03\/IMG_0640-383x288.jpg 383w\" sizes=\"auto, (max-width: 683px) 100vw, 683px\" \/><\/p>\n    <\/div>\n        <div id=\"topic4\" class=\"skip-item\">\n                        <h2>LA SOLUTION<\/h2>\n                <p><strong>Le r\u00f4le central du switch M4250 de NETGEAR<\/strong><\/p>\n<p>L\u2019\u00e9l\u00e9ment essentiel pour garantir le bon fonctionnement de cette situation compliqu\u00e9e est le switch r\u00e9seau NETGEAR M4250-26G4F-PoE+ con\u00e7u sp\u00e9cifiquement pour l&#8217;AV auquel sont connect\u00e9s le switch de production Blackmagic et Video Hubs, toutes les cam\u00e9ras PTZ Panasonic, ainsi que tous les \u00e9quipements qui surveillent le spectacle. La fonctionnalit\u00e9 PoE du switch AV NETGEAR est \u00e9galement utilis\u00e9e pour alimenter trois des cam\u00e9ras PTZ. Fox, qui a d\u00e9j\u00e0 eu l\u2019occasion de collabor\u00e9 avec NETGEAR nous explique : \u00ab J&#8217;ai d\u00e9j\u00e0 travaill\u00e9 avec NETGEAR par le pass\u00e9 et ils ont toujours \u00e9t\u00e9 comp\u00e9tents. Cette fois-ci, le M4250 \u00e9tait l&#8217;outil id\u00e9al compte tenu de nos besoins, avec la puissance et le budget adapt\u00e9s. De plus, sa facilit\u00e9 d&#8217;utilisation signifie qu&#8217;il est facile de le configurer et de faire des sauvegardes. \u00bb<br \/>\n\u00ab NETGEAR a toujours tr\u00e8s bien fonctionn\u00e9 pour nous, car le switch dispose de tous les profils AV n\u00e9cessaires avec une int\u00e9gration native qui r\u00e9pond \u00e0 nos besoins. La fa\u00e7on dont l&#8217;assistant vous guide dans la configuration fait des profils AV une solution fantastique. Le processus supprime les probl\u00e8mes et garantit le fonctionnement une fois la configuration termin\u00e9e. \u00bb<\/p>\n    <\/div>\n        <div id=\"topic5\" class=\"skip-item\">\n                        <h2>UNE ASSISTANCE R\u00c9SEAU DE NIVEAU PROFESSIONNEL<\/h2>\n                <p>Malgr\u00e9 la simplicit\u00e9 du switch NETGEAR et le savoir-faire en mati\u00e8re de r\u00e9seau informatique de Fox, certaines questions restaient en suspens et il n&#8217;y avait pas de temps \u00e0 perdre avant le d\u00e9but du spectacle. C&#8217;est pourquoi l&#8217;\u00e9quipe de conception NETGEAR Pro AV a \u00e9t\u00e9 contact\u00e9e. \u00ab Nicole de chez NETGEAR a \u00e9t\u00e9 formidable. En seulement dix minutes, elle a su nous guider tout au long de la proc\u00e9dure et tout \u00e9tait op\u00e9rationnel. En un clin d&#8217;oeil tout \u00e9tait r\u00e9gl\u00e9 et nous pouvions passer \u00e0 d&#8217;autres probl\u00e8mes concernant notre configuration. \u00bb pr\u00e9cise Fox. \u00ab Depuis son installation, je n&#8217;ai eu aucun probl\u00e8me avec le switch. Ses fonctions de surveillance natives \u00e9liminent les t\u00e2tonnements lors du d\u00e9pannage et du diagnostic des probl\u00e8mes de flux de signal. \u00bb d\u00e9clare Fox.<\/p>\n<p>\u00ab Je peux affirmer que le switch AV NETGEAR est l&#8217;un des \u00e9quipements les plus robustes que nous avons install\u00e9s sans\u00a0 aucun probl\u00e8me, et qu&#8217;il r\u00e9pond parfaitement \u00e0 nos besoins. Nous veillons \u00e9galement \u00e0 ce qu&#8217;aucun robot n&#8217;envoie de pi\u00e8ces sur d&#8217;autres robots, ce qui n&#8217;est pas le cas pour nos cam\u00e9ras. Cependant, si j&#8217;\u00e9tais confront\u00e9 \u00e0 un probl\u00e8me que je ne parvenais pas r\u00e9soudre, je sais que je pourrais compter sur l&#8217;\u00e9quipe de NETGEAR Pro AV pour m&#8217;aider \u00bb conclut Fox. Nous sommes donc ravis de savoir que ce switch offre les performances et la fiabilit\u00e9 que ce spectacle exaltant et novateur m\u00e9rite, mais aussi qu&#8217;il joue un r\u00f4le dans l&#8217;excellente exp\u00e9rience th\u00e9\u00e2trale tout en aidant Fox et son \u00e9quipe.<\/p>\n    <\/div>\n        <div id=\"topic6\" class=\"skip-item\">\n                        <h2>PLUS D'INFORMATIONS<\/h2>\n                <p><!--SOLUTIONS NETGEAR AV --><\/p>\n<p>Plus d\u2019informations sur nos solutions audiovisuelles<\/p>\n<div class=\"hs-cta-embed hs-cta-simple-placeholder hs-cta-embed-241151160046\" style=\"max-width: 100%;max-height: 100%;width: 260px;height: 50.390625px\" data-hubspot-wrapper-cta-id=\"241151160046\"><a href=\"https:\/\/cta-na2.hubspot.com\/web-interactives\/public\/v1\/track\/redirect?encryptedPayload=AVxigLJf4HGLXU18h5HBrlQTZuKX4p21iriDX%2FD9Weo1E0jc26wgSp32sJpGF%2FrOb977gqk9Skq%2FVgamhq%2FXvCN0mPQ1dmrdARtcNUH8fV5cFOvngo8qJ8EuMyEq%2Fqu2y51zC2FZUVyu97opP5ixVGCiE%2Bg6BOgTVVDljEMF5hhhXUNpnikrl2UTN%2Bb3TA%3D%3D&amp;webInteractiveContentId=241151160046&amp;portalId=242128791\" target=\"_blank\" rel=\"noopener\"><br \/>\n<img decoding=\"async\" style=\"height: 100%;width: 100%;object-fit: fill\" src=\"https:\/\/hubspot-no-cache-na2-prod.s3.amazonaws.com\/cta\/default\/242128791\/interactive-241151160046.png\" alt=\"SOLUTIONS NETGEAR AV\" \/><br \/>\n<\/a><\/div>\n<p><!-- NETGEAR ACADEMY AV --><\/p>\n<p>Apprenez tout sur les r\u00e9seaux IP gr\u00e2ce \u00e0 la NETGEAR ACADEMY<\/p>\n<div class=\"hs-cta-embed hs-cta-simple-placeholder hs-cta-embed-241151160033\" style=\"max-width: 100%;max-height: 100%;width: 260px;height: 50.390625px\" data-hubspot-wrapper-cta-id=\"241151160033\"><a href=\"https:\/\/cta-na2.hubspot.com\/web-interactives\/public\/v1\/track\/redirect?encryptedPayload=AVxigLJ6zgXxrLVJLagOt9pyIXf5%2FGgh9lUupWJj49Nfcbq71eIrrvJQt9JGeaQwNkTAPTWhI2%2BXk56NQscWP4xOQ7iZrhk6rkBjyO4dBlJGP1gG3BpcrdlgLyF%2F850K2l3xn5kDj5H%2Fur8VO2zJH58QH7by4HFWliY25223Shr3sQx25aCmNBjCDkNwA2WRum67F9fGyQyzoYOn86wAq%2Brw3xzsBDMbyw%3D%3D&amp;webInteractiveContentId=241151160033&amp;portalId=242128791\" target=\"_blank\" rel=\"noopener\"><br \/>\n<img decoding=\"async\" style=\"height: 100%;width: 100%;object-fit: fill\" src=\"https:\/\/hubspot-no-cache-na2-prod.s3.amazonaws.com\/cta\/default\/242128791\/interactive-241151160033.png\" alt=\"NETGEAR ACADEMY\" \/><br \/>\n<\/a><\/div>\n<p><!--CONTACTEZ L'EQUIPE PROAV --><\/p>\n<p>Nos ing\u00e9nieurs vous accompagneront gratuitement dans la r\u00e9alisation de vos projets audiovisuels<\/p>\n<div class=\"hs-cta-embed hs-cta-simple-placeholder hs-cta-embed-241151160055\" style=\"max-width: 100%;max-height: 100%;width: 270px;height: 50.390625px\" data-hubspot-wrapper-cta-id=\"241151160055\"><a href=\"https:\/\/cta-na2.hubspot.com\/web-interactives\/public\/v1\/track\/redirect?encryptedPayload=AVxigLLUG9XShtF2ziGdRlpsMD%2BMJ39t1kFOE7VlHl2HmmlWzlJWH0rsV7f3eoQL53gclcWb0lliiDgK3EAMVvEOcIE7gW9aYOwk1uipv43pSUkBlDtiKJ%2BcB7fopWupnJbggqZWRkNERZkdh1dDGXHHDJX3V0sOA8mbXD%2Fd6QC2XK2OyVtrDNFDHbBoT6b15PyvF4Ca3b6JBNTYdAzYeH790XenlNKBP4OKZqw50t7IGx9DuADFMFlNdg6FWQ%3D%3D&amp;webInteractiveContentId=241151160055&amp;portalId=242128791\" target=\"_blank\" rel=\"noopener\"><br \/>\n<img decoding=\"async\" style=\"height: 100%;width: 100%;object-fit: fill\" src=\"https:\/\/hubspot-no-cache-na2-prod.s3.amazonaws.com\/cta\/default\/242128791\/interactive-241151160055.png\" alt=\"CONTACTEZ L'EQUIPE PROAV\" \/><br \/>\n<\/a><\/div>\n    <\/div>\n        <div id=\"topic7\" class=\"skip-item\">\n                        <p><iframe loading=\"lazy\" src=\"https:\/\/405nrr.share-na2.hsforms.com\/24AR2ZDSmQqWycFqf8q5-eg\" width=\"100%\" height=\"1200px\"><\/iframe><\/p>\n    <\/div>\n    \n","protected":false},"excerpt":{"rendered":"","protected":false},"author":92,"featured_media":10202,"parent":10498,"menu_order":29,"comment_status":"closed","ping_status":"closed","template":"templates\/blog-wifi.php","meta":{"_acf_changed":false,"content-type":"","footnotes":""},"class_list":["post-10190","page","type-page","status-publish","has-post-thumbnail","hentry"],"acf":[],"yoast_head":"<!-- This site is optimized with the Yoast SEO plugin v27.4 - https:\/\/yoast.com\/product\/yoast-seo-wordpress\/ -->\n<title>BattleBots | Solutions AV \u00e0 la pointe pour Live percutants - NETGEAR Blog<\/title>\n<meta name=\"description\" content=\"NETGEAR aide l&#039;\u00e9quipe de production de BattleBots \u00e0 offrir une exp\u00e9rience en direct percutante gr\u00e2ce \u00e0 ses solutions AV. Pour plus de d\u00e9tails, visitez NETGEAR.com\/fr.\" \/>\n<meta name=\"robots\" content=\"index, follow, max-snippet:-1, max-image-preview:large, max-video-preview:-1\" \/>\n<link rel=\"canonical\" href=\"https:\/\/frhub.netgear.com\/fr\/hub\/business\/case-studies\/av-case-studies\/battlebots-solutionsav\/\" \/>\n<meta property=\"og:locale\" content=\"en_US\" \/>\n<meta property=\"og:type\" content=\"article\" \/>\n<meta property=\"og:title\" content=\"BattleBots | Solutions AV \u00e0 la pointe pour Live percutants - NETGEAR Blog\" \/>\n<meta property=\"og:description\" content=\"NETGEAR aide l&#039;\u00e9quipe de production de BattleBots \u00e0 offrir une exp\u00e9rience en direct percutante gr\u00e2ce \u00e0 ses solutions AV. Pour plus de d\u00e9tails, visitez NETGEAR.com\/fr.\" \/>\n<meta property=\"og:url\" content=\"https:\/\/frhub.netgear.com\/fr\/hub\/business\/case-studies\/av-case-studies\/battlebots-solutionsav\/\" \/>\n<meta property=\"og:site_name\" content=\"NETGEAR Blog\" \/>\n<meta property=\"article:publisher\" content=\"https:\/\/www.facebook.com\/NetgearAU\/\" \/>\n<meta property=\"article:modified_time\" content=\"2025-10-03T11:29:40+00:00\" \/>\n<meta property=\"og:image\" content=\"https:\/\/frhub.netgear.com\/fr\/hub\/wp-content\/uploads\/2025\/03\/BattleBots-Visu.png\" \/>\n\t<meta property=\"og:image:width\" content=\"350\" \/>\n\t<meta property=\"og:image:height\" content=\"320\" \/>\n\t<meta property=\"og:image:type\" content=\"image\/png\" \/>\n<meta name=\"twitter:card\" content=\"summary_large_image\" \/>\n<meta name=\"twitter:site\" content=\"@NETGEAR\" \/>\n<script type=\"application\/ld+json\" class=\"yoast-schema-graph\">{\"@context\":\"https:\\\/\\\/schema.org\",\"@graph\":[{\"@type\":\"WebPage\",\"@id\":\"https:\\\/\\\/frhub.netgear.com\\\/fr\\\/hub\\\/business\\\/case-studies\\\/av-case-studies\\\/battlebots-solutionsav\\\/\",\"url\":\"https:\\\/\\\/frhub.netgear.com\\\/fr\\\/hub\\\/business\\\/case-studies\\\/av-case-studies\\\/battlebots-solutionsav\\\/\",\"name\":\"BattleBots | Solutions AV \u00e0 la pointe pour Live percutants - NETGEAR Blog\",\"isPartOf\":{\"@id\":\"https:\\\/\\\/frhub.netgear.com\\\/fr\\\/hub\\\/#website\"},\"primaryImageOfPage\":{\"@id\":\"https:\\\/\\\/frhub.netgear.com\\\/fr\\\/hub\\\/business\\\/case-studies\\\/av-case-studies\\\/battlebots-solutionsav\\\/#primaryimage\"},\"image\":{\"@id\":\"https:\\\/\\\/frhub.netgear.com\\\/fr\\\/hub\\\/business\\\/case-studies\\\/av-case-studies\\\/battlebots-solutionsav\\\/#primaryimage\"},\"thumbnailUrl\":\"https:\\\/\\\/frhub.netgear.com\\\/fr\\\/hub\\\/wp-content\\\/uploads\\\/2025\\\/03\\\/BattleBots-Visu.png\",\"datePublished\":\"2025-03-20T18:02:40+00:00\",\"dateModified\":\"2025-10-03T11:29:40+00:00\",\"description\":\"NETGEAR aide l'\u00e9quipe de production de BattleBots \u00e0 offrir une exp\u00e9rience en direct percutante gr\u00e2ce \u00e0 ses solutions AV. Pour plus de d\u00e9tails, visitez NETGEAR.com\\\/fr.\",\"breadcrumb\":{\"@id\":\"https:\\\/\\\/frhub.netgear.com\\\/fr\\\/hub\\\/business\\\/case-studies\\\/av-case-studies\\\/battlebots-solutionsav\\\/#breadcrumb\"},\"inLanguage\":\"en-US\",\"potentialAction\":[{\"@type\":\"ReadAction\",\"target\":[\"https:\\\/\\\/frhub.netgear.com\\\/fr\\\/hub\\\/business\\\/case-studies\\\/av-case-studies\\\/battlebots-solutionsav\\\/\"]}]},{\"@type\":\"ImageObject\",\"inLanguage\":\"en-US\",\"@id\":\"https:\\\/\\\/frhub.netgear.com\\\/fr\\\/hub\\\/business\\\/case-studies\\\/av-case-studies\\\/battlebots-solutionsav\\\/#primaryimage\",\"url\":\"https:\\\/\\\/frhub.netgear.com\\\/fr\\\/hub\\\/wp-content\\\/uploads\\\/2025\\\/03\\\/BattleBots-Visu.png\",\"contentUrl\":\"https:\\\/\\\/frhub.netgear.com\\\/fr\\\/hub\\\/wp-content\\\/uploads\\\/2025\\\/03\\\/BattleBots-Visu.png\",\"width\":350,\"height\":320},{\"@type\":\"BreadcrumbList\",\"@id\":\"https:\\\/\\\/frhub.netgear.com\\\/fr\\\/hub\\\/business\\\/case-studies\\\/av-case-studies\\\/battlebots-solutionsav\\\/#breadcrumb\",\"itemListElement\":[{\"@type\":\"ListItem\",\"position\":1,\"name\":\"Home\",\"item\":\"https:\\\/\\\/frhub.netgear.com\\\/fr\\\/hub\\\/\"},{\"@type\":\"ListItem\",\"position\":2,\"name\":\"Entreprises\",\"item\":\"https:\\\/\\\/frhub.netgear.com\\\/fr\\\/hub\\\/business\\\/\"},{\"@type\":\"ListItem\",\"position\":3,\"name\":\"All Case Studies &#8211; FR\",\"item\":\"https:\\\/\\\/frhub.netgear.com\\\/fr\\\/hub\\\/business\\\/case-studies\\\/\"},{\"@type\":\"ListItem\",\"position\":4,\"name\":\"Case Studies &#8211; AV &#8211; FR\",\"item\":\"https:\\\/\\\/frhub.netgear.com\\\/fr\\\/hub\\\/business\\\/case-studies\\\/av-case-studies\\\/\"},{\"@type\":\"ListItem\",\"position\":5,\"name\":\"BattleBots | Solutions AV \u00e0 la pointe pour Live percutants\"}]},{\"@type\":\"WebSite\",\"@id\":\"https:\\\/\\\/frhub.netgear.com\\\/fr\\\/hub\\\/#website\",\"url\":\"https:\\\/\\\/frhub.netgear.com\\\/fr\\\/hub\\\/\",\"name\":\"NETGEAR Hub France\",\"description\":\"Explorez les pages de notre blog et parcourez les articles pour en savoir plus sur les produits et la technologie NETGEAR.\",\"publisher\":{\"@id\":\"https:\\\/\\\/frhub.netgear.com\\\/fr\\\/hub\\\/#organization\"},\"potentialAction\":[{\"@type\":\"SearchAction\",\"target\":{\"@type\":\"EntryPoint\",\"urlTemplate\":\"https:\\\/\\\/frhub.netgear.com\\\/fr\\\/hub\\\/?s={search_term_string}\"},\"query-input\":{\"@type\":\"PropertyValueSpecification\",\"valueRequired\":true,\"valueName\":\"search_term_string\"}}],\"inLanguage\":\"en-US\"},{\"@type\":\"Organization\",\"@id\":\"https:\\\/\\\/frhub.netgear.com\\\/fr\\\/hub\\\/#organization\",\"name\":\"NETGEAR\",\"url\":\"https:\\\/\\\/frhub.netgear.com\\\/fr\\\/hub\\\/\",\"logo\":{\"@type\":\"ImageObject\",\"inLanguage\":\"en-US\",\"@id\":\"https:\\\/\\\/frhub.netgear.com\\\/fr\\\/hub\\\/#\\\/schema\\\/logo\\\/image\\\/\",\"url\":\"https:\\\/\\\/www.netgear.com\\\/fr\\\/hub\\\/wp-content\\\/uploads\\\/2019\\\/07\\\/NETGEAR_logo.jpg\",\"contentUrl\":\"https:\\\/\\\/www.netgear.com\\\/fr\\\/hub\\\/wp-content\\\/uploads\\\/2019\\\/07\\\/NETGEAR_logo.jpg\",\"width\":1500,\"height\":501,\"caption\":\"NETGEAR\"},\"image\":{\"@id\":\"https:\\\/\\\/frhub.netgear.com\\\/fr\\\/hub\\\/#\\\/schema\\\/logo\\\/image\\\/\"},\"sameAs\":[\"https:\\\/\\\/www.facebook.com\\\/NetgearAU\\\/\",\"https:\\\/\\\/x.com\\\/NETGEAR\",\"https:\\\/\\\/www.linkedin.com\\\/company\\\/netgear\"]}]}<\/script>\n<!-- \/ Yoast SEO plugin. -->","yoast_head_json":{"title":"BattleBots | Solutions AV \u00e0 la pointe pour Live percutants - NETGEAR Blog","description":"NETGEAR aide l'\u00e9quipe de production de BattleBots \u00e0 offrir une exp\u00e9rience en direct percutante gr\u00e2ce \u00e0 ses solutions AV. Pour plus de d\u00e9tails, visitez NETGEAR.com\/fr.","robots":{"index":"index","follow":"follow","max-snippet":"max-snippet:-1","max-image-preview":"max-image-preview:large","max-video-preview":"max-video-preview:-1"},"canonical":"https:\/\/frhub.netgear.com\/fr\/hub\/business\/case-studies\/av-case-studies\/battlebots-solutionsav\/","og_locale":"en_US","og_type":"article","og_title":"BattleBots | Solutions AV \u00e0 la pointe pour Live percutants - NETGEAR Blog","og_description":"NETGEAR aide l'\u00e9quipe de production de BattleBots \u00e0 offrir une exp\u00e9rience en direct percutante gr\u00e2ce \u00e0 ses solutions AV. Pour plus de d\u00e9tails, visitez NETGEAR.com\/fr.","og_url":"https:\/\/frhub.netgear.com\/fr\/hub\/business\/case-studies\/av-case-studies\/battlebots-solutionsav\/","og_site_name":"NETGEAR Blog","article_publisher":"https:\/\/www.facebook.com\/NetgearAU\/","article_modified_time":"2025-10-03T11:29:40+00:00","og_image":[{"width":350,"height":320,"url":"https:\/\/frhub.netgear.com\/fr\/hub\/wp-content\/uploads\/2025\/03\/BattleBots-Visu.png","type":"image\/png"}],"twitter_card":"summary_large_image","twitter_site":"@NETGEAR","schema":{"@context":"https:\/\/schema.org","@graph":[{"@type":"WebPage","@id":"https:\/\/frhub.netgear.com\/fr\/hub\/business\/case-studies\/av-case-studies\/battlebots-solutionsav\/","url":"https:\/\/frhub.netgear.com\/fr\/hub\/business\/case-studies\/av-case-studies\/battlebots-solutionsav\/","name":"BattleBots | Solutions AV \u00e0 la pointe pour Live percutants - NETGEAR Blog","isPartOf":{"@id":"https:\/\/frhub.netgear.com\/fr\/hub\/#website"},"primaryImageOfPage":{"@id":"https:\/\/frhub.netgear.com\/fr\/hub\/business\/case-studies\/av-case-studies\/battlebots-solutionsav\/#primaryimage"},"image":{"@id":"https:\/\/frhub.netgear.com\/fr\/hub\/business\/case-studies\/av-case-studies\/battlebots-solutionsav\/#primaryimage"},"thumbnailUrl":"https:\/\/frhub.netgear.com\/fr\/hub\/wp-content\/uploads\/2025\/03\/BattleBots-Visu.png","datePublished":"2025-03-20T18:02:40+00:00","dateModified":"2025-10-03T11:29:40+00:00","description":"NETGEAR aide l'\u00e9quipe de production de BattleBots \u00e0 offrir une exp\u00e9rience en direct percutante gr\u00e2ce \u00e0 ses solutions AV. Pour plus de d\u00e9tails, visitez NETGEAR.com\/fr.","breadcrumb":{"@id":"https:\/\/frhub.netgear.com\/fr\/hub\/business\/case-studies\/av-case-studies\/battlebots-solutionsav\/#breadcrumb"},"inLanguage":"en-US","potentialAction":[{"@type":"ReadAction","target":["https:\/\/frhub.netgear.com\/fr\/hub\/business\/case-studies\/av-case-studies\/battlebots-solutionsav\/"]}]},{"@type":"ImageObject","inLanguage":"en-US","@id":"https:\/\/frhub.netgear.com\/fr\/hub\/business\/case-studies\/av-case-studies\/battlebots-solutionsav\/#primaryimage","url":"https:\/\/frhub.netgear.com\/fr\/hub\/wp-content\/uploads\/2025\/03\/BattleBots-Visu.png","contentUrl":"https:\/\/frhub.netgear.com\/fr\/hub\/wp-content\/uploads\/2025\/03\/BattleBots-Visu.png","width":350,"height":320},{"@type":"BreadcrumbList","@id":"https:\/\/frhub.netgear.com\/fr\/hub\/business\/case-studies\/av-case-studies\/battlebots-solutionsav\/#breadcrumb","itemListElement":[{"@type":"ListItem","position":1,"name":"Home","item":"https:\/\/frhub.netgear.com\/fr\/hub\/"},{"@type":"ListItem","position":2,"name":"Entreprises","item":"https:\/\/frhub.netgear.com\/fr\/hub\/business\/"},{"@type":"ListItem","position":3,"name":"All Case Studies &#8211; FR","item":"https:\/\/frhub.netgear.com\/fr\/hub\/business\/case-studies\/"},{"@type":"ListItem","position":4,"name":"Case Studies &#8211; AV &#8211; FR","item":"https:\/\/frhub.netgear.com\/fr\/hub\/business\/case-studies\/av-case-studies\/"},{"@type":"ListItem","position":5,"name":"BattleBots | Solutions AV \u00e0 la pointe pour Live percutants"}]},{"@type":"WebSite","@id":"https:\/\/frhub.netgear.com\/fr\/hub\/#website","url":"https:\/\/frhub.netgear.com\/fr\/hub\/","name":"NETGEAR Hub France","description":"Explorez les pages de notre blog et parcourez les articles pour en savoir plus sur les produits et la technologie NETGEAR.","publisher":{"@id":"https:\/\/frhub.netgear.com\/fr\/hub\/#organization"},"potentialAction":[{"@type":"SearchAction","target":{"@type":"EntryPoint","urlTemplate":"https:\/\/frhub.netgear.com\/fr\/hub\/?s={search_term_string}"},"query-input":{"@type":"PropertyValueSpecification","valueRequired":true,"valueName":"search_term_string"}}],"inLanguage":"en-US"},{"@type":"Organization","@id":"https:\/\/frhub.netgear.com\/fr\/hub\/#organization","name":"NETGEAR","url":"https:\/\/frhub.netgear.com\/fr\/hub\/","logo":{"@type":"ImageObject","inLanguage":"en-US","@id":"https:\/\/frhub.netgear.com\/fr\/hub\/#\/schema\/logo\/image\/","url":"https:\/\/www.netgear.com\/fr\/hub\/wp-content\/uploads\/2019\/07\/NETGEAR_logo.jpg","contentUrl":"https:\/\/www.netgear.com\/fr\/hub\/wp-content\/uploads\/2019\/07\/NETGEAR_logo.jpg","width":1500,"height":501,"caption":"NETGEAR"},"image":{"@id":"https:\/\/frhub.netgear.com\/fr\/hub\/#\/schema\/logo\/image\/"},"sameAs":["https:\/\/www.facebook.com\/NetgearAU\/","https:\/\/x.com\/NETGEAR","https:\/\/www.linkedin.com\/company\/netgear"]}]}},"_links":{"self":[{"href":"https:\/\/frhub.netgear.com\/fr\/hub\/wp-json\/wp\/v2\/pages\/10190","targetHints":{"allow":["GET"]}}],"collection":[{"href":"https:\/\/frhub.netgear.com\/fr\/hub\/wp-json\/wp\/v2\/pages"}],"about":[{"href":"https:\/\/frhub.netgear.com\/fr\/hub\/wp-json\/wp\/v2\/types\/page"}],"author":[{"embeddable":true,"href":"https:\/\/frhub.netgear.com\/fr\/hub\/wp-json\/wp\/v2\/users\/92"}],"replies":[{"embeddable":true,"href":"https:\/\/frhub.netgear.com\/fr\/hub\/wp-json\/wp\/v2\/comments?post=10190"}],"version-history":[{"count":7,"href":"https:\/\/frhub.netgear.com\/fr\/hub\/wp-json\/wp\/v2\/pages\/10190\/revisions"}],"predecessor-version":[{"id":11050,"href":"https:\/\/frhub.netgear.com\/fr\/hub\/wp-json\/wp\/v2\/pages\/10190\/revisions\/11050"}],"up":[{"embeddable":true,"href":"https:\/\/frhub.netgear.com\/fr\/hub\/wp-json\/wp\/v2\/pages\/10498"}],"wp:featuredmedia":[{"embeddable":true,"href":"https:\/\/frhub.netgear.com\/fr\/hub\/wp-json\/wp\/v2\/media\/10202"}],"wp:attachment":[{"href":"https:\/\/frhub.netgear.com\/fr\/hub\/wp-json\/wp\/v2\/media?parent=10190"}],"curies":[{"name":"wp","href":"https:\/\/api.w.org\/{rel}","templated":true}]}}