{"id":9663,"date":"2024-10-19T05:12:40","date_gmt":"2024-10-19T03:12:40","guid":{"rendered":"https:\/\/www.dehub.netgear.com\/de\/hub\/?page_id=9663"},"modified":"2024-12-10T07:01:43","modified_gmt":"2024-12-10T06:01:43","slug":"router-login-page","status":"publish","type":"page","link":"https:\/\/dehub.netgear.com\/de\/hub\/technology\/router-login-page\/","title":{"rendered":"Router-Loginseite: So greifen Sie auf Ihren NETGEAR-Router zu"},"content":{"rendered":"<p>F\u00fcr die Anmeldung bei Ihrem NETGEAR-Router stehen zwei Methoden zur Verf\u00fcgung. Die einfachste Methode ist die <a style=\"text-decoration: underline;\" href=\"https:\/\/www.dehub.netgear.com\/de\/home\/services\/nighthawk-app\/\">Nighthawk-App<\/a>. Als Alternative kann auch eine Router-Anmeldeseite unter www.routerlogin.net mit einem Webbrowser aufgerufen werden. Mehr dazu erfahren Sie im Nachgang.<\/p>\n<p>Um sich bei Ihrem NETGEAR Nighthawk-Router anzumelden, stehen zwei Verfahren zur Auswahl. Das erste und einfachste ist die Verwendung der Nighthawk-App. Mit dieser App, die im App Store oder bei Google Play heruntergeladen werden kann, k\u00f6nnen Sie \u00fcber eine benutzerfreundliche Oberfl\u00e4che direkt von Ihrem Smartphone oder Tablet aus auf Ihren Router zugreifen und ihn steuern. Mehr Informationen zu den M\u00f6glichkeiten der Nighthawk-App finden Sie auf dieser Seite.<\/p>\n<p>Als Alternative kann die Anmeldeseite des Routers auch \u00fcber einen Webbrowser aufgerufen werden. Auf diese Weise k\u00f6nnen Sie Ihren Router konfigurieren, Ihr WLAN-Passwort und die Firmware aktualisieren oder die Kindersicherung einrichten. F\u00fcr den Zugriff auf die Anmeldeseite des Routers f\u00fchren Sie die nachfolgenden Schritte durch.<\/p>\n<h2>Schritte f\u00fcr den Router-Login:<\/h2>\n<p><img loading=\"lazy\" decoding=\"async\" class=\"alignright wp-image-10296 size-medium\" src=\"https:\/\/www.dehub.netgear.com\/hub\/wp-content\/uploads\/2023\/12\/routerlogin-featured-267x300.jpg\" alt=\"NETGEAR Nighthawk\" width=\"267\" height=\"300\" \/><\/p>\n<ul>\n<li style=\"list-style-type: none;\">\n<ul>\n<li>Verbinden Sie Ihr Ger\u00e4t: Dies kann sowohl drahtlos als auch \u00fcber ein Ethernet-Kabel erfolgen. Achten Sie darauf, dass die Verbindung mit dem WLAN-Netzwerk Ihres Routers erfolgt.<\/li>\n<li>Navigieren Sie zum Router-Login: Verwenden Sie Ihren Webbrowser, um zu <a style=\"text-decoration: underline;\" href=\"https:\/\/www.routerlogin.net\/\" rel=\"nofollow\">www.routerlogin.net<\/a> oder <a style=\"text-decoration: underline;\" href=\"https:\/\/www.routerlogin.com\/\" rel=\"nofollow\">www.routerlogin.com<\/a>. Sie k\u00f6nnen aber auch die IP-Adresse des Routers (in der Regel <a style=\"text-decoration: underline;\" href=\"https:\/\/192.168.1.1\" rel=\"nofollow\">192.168.1.1<\/a> oder <a style=\"text-decoration: underline;\" href=\"https:\/\/192.168.0.1\" rel=\"nofollow\">192.168.0.1<\/a>) verwenden.<\/li>\n<\/ul>\n<\/li>\n<\/ul>\n<p>&nbsp;<\/p>\n<p>Nun sollten Sie die Anmeldeseite Ihres Routers sehen, die Ihnen den Zugriff auf die Parameter und Funktionen Ihres Routers gew\u00e4hrt.<\/p>\n<h2>Router-Login f\u00fcr Orbi WLAN-Mesh-Systeme<\/h2>\n<p><img loading=\"lazy\" decoding=\"async\" class=\"alignright wp-image-9234 size-medium\" src=\"https:\/\/www.dehub.netgear.com\/hub\/wp-content\/uploads\/2023\/09\/choose-orbi-featured-266x300.jpg\" alt=\"NETGEAR Orbi WiFi\" width=\"266\" height=\"300\" \/>In Sachen WLAN-Spitzenleistung in Ihrem Zuhause ist Orbi eine Klasse f\u00fcr sich. Orbi Mesh-Systeme verf\u00fcgen zur Anmeldung und zum Zugriff ebenfalls \u00fcber zwei Methoden. Laden Sie die Orbi-App herunter, um auf Ihren Mesh-Router zuzugreifen und Mesh-Satelliten zu konfigurieren. Alternativ k\u00f6nnen Sie auch orbilogin.com besuchen, um \u00fcber einen Webbrowser auf Ihr Mesh-System zuzugreifen.<\/p>\n<h3>Tipps zur Fehlerbehebung beim Router-Login:<\/h3>\n<p>Bei Problemen mit der Anmeldung bei Ihrem Router finden Sie nachfolgend einige Tipps, die Ihnen helfen k\u00f6nnten:<\/p>\n<ul>\n<li>Leeren Sie den Cache und die Cookies Ihres Browsers. Diese Dateien k\u00f6nnten den Anmeldevorgang st\u00f6ren und Fehler sowie Zeit\u00fcberschreitungen verursachen.<\/li>\n<li>Versichern Sie sich, dass Ihr Ger\u00e4t mit dem richtigen Netzwerk verbunden ist. Falls mehrere Router oder Repeater in Ihrem Haus eingesetzt werden, stellen Sie eine Verbindung zu jenem Ger\u00e4t her, bei dem Sie sich anmelden m\u00f6chten.<\/li>\n<li>Pr\u00fcfen Sie auf IP-Adressenkonflikte. Hat ein anderes Ger\u00e4t in Ihrem Netzwerk die selbe IP-Adresse wie Ihr Router, k\u00f6nnen Sie m\u00f6glicherweise nicht auf die Webadresse des Routers zugreifen. Zur Behebung dieses Problems k\u00f6nnen Sie die IP-Adresse des Routers oder des anderen Ger\u00e4ts \u00e4ndern.<\/li>\n<li>Aktualisieren Sie Ihre Firmware. Veraltete Firmware kann Anmeldeprobleme verursachen oder verhindern, dass Sie auf einige Funktionen Ihres Routers zugreifen k\u00f6nnen. Sie k\u00f6nnen die Firmware Ihres Routers h\u00e4ufig \u00fcber die Nighthawk-App aktualisieren. Weitere Informationen zum Aktualisieren der NETGEAR-Firmware finden Sie in unserer Wissensdatenbank. Sie k\u00f6nnen die Firmware f\u00fcr Ihr Ger\u00e4t auch direkt \u00fcber das NETGEAR Download Center herunterladen.<\/li>\n<li>In einigen F\u00e4llen kann auch das Zur\u00fccksetzen auf die Werkseinstellung erforderlich sein, insbesondere wenn die Anmeldedaten verloren gegangen sind. Erfahren Sie mehr auf dieser Seite.<\/li>\n<\/ul>\n<p>Zus\u00e4tzliche Informationen zum Zugriff auf die Anmeldeseite Ihres NETGEAR Nighthawk-Routers finden Sie auf der Wissensdatenbank-Seite.<\/p>\n<h2>Nighthawk-App Router-Zugangsmethode<\/h2>\n<p><img loading=\"lazy\" decoding=\"async\" class=\"alignright wp-image-9611 size-medium\" src=\"https:\/\/www.dehub.netgear.com\/hub\/wp-content\/uploads\/2023\/10\/nighthawk-onlyarmor-mobile-v1-20220222_tcm148-1354651-300x222.jpg\" alt=\"Phone Screenshots of WiFi data\" width=\"300\" height=\"222\" \/>Die aktuellsten Nighthawk-Router unterst\u00fctzen allesamt den Zugriff \u00fcber die Nighthawk-App. Erfahren Sie, welche Produkte die NETGEAR Nighthawk-App unterst\u00fctzen.<\/p>\n<ol>\n<li>1. Laden Sie die Nighthawk-App unter nighthawk-app.com herunter.<\/li>\n<li>2. Stellen Sie sicher, dass Ihr mobiles Ger\u00e4t mit dem WLAN-Netzwerk Ihres NETGEAR-Routers verbunden ist.<\/li>\n<li>3. \u00d6ffnen Sie die Nighthawk-App, melden Sie sich mit Ihren NETGEAR-Kontodaten an und beginnen Sie mit der Konfiguration Ihrer Einstellungen.<\/li>\n<\/ol>\n<p><strong>Note: NETGEAR Genie app.<\/strong> Wird nicht unterst\u00fctzt. In einigen Produktdokumentationen wird die \u201cGenie-App\u201d f\u00fcr Firmware- und andere Routereinstellungen empfohlen. Sie wird jedoch nicht mehr unterst\u00fctzt und es empfiehlt sich, stattdessen die Nighthawk-App zu verwenden.<\/p>\n<p>Wir hoffen sehr, dass diese Anleitung Ihnen geholfen hat, sich reibungslos bei Ihrem NETGEAR-Router anzumelden. Sollten Sie Fragen oder Anregungen haben, k\u00f6nnen Sie uns \u00fcber diese Seite kontaktieren. Vielen Dank, dass Sie sich f\u00fcr NETGEAR entschieden haben!<\/p>\n<div class=\"explore-btn-area\"><a class=\"explore-btn\" href=\"https:\/\/www.netgear.com\/de\/home\/wifi\/routers\/\">JETZT KAUFEN ORBI 970<\/a><\/div>\n<p><!--StartAdSpot--><a href=\"https:\/\/www.dehub.netgear.com\/de\/home\/mobile-wifi\/hotspots\/mr6450\/\"><img loading=\"lazy\" decoding=\"async\" class=\"aligncenter wp-image-10709 size-full\" src=\"https:\/\/www.dehub.netgear.com\/hub\/wp-content\/uploads\/2024\/02\/M6-Pro-Ad-970x250-1.jpg\" alt=\"NETGEAR Nighthawk M6 Pro Ad Banner\" width=\"970\" height=\"250\" \/><\/a><!--EndAdSpot--><\/p>\n","protected":false},"excerpt":{"rendered":"<p>F\u00fcr die Anmeldung bei Ihrem NETGEAR-Router stehen zwei Methoden zur Verf\u00fcgung. Die einfachste Methode ist die Nighthawk-App. Als Alternative kann auch eine Router-Anmeldeseite unter www.routerlogin.net mit einem Webbrowser aufgerufen werden. Mehr dazu erfahren Sie im Nachgang. Um sich bei Ihrem NETGEAR Nighthawk-Router anzumelden, stehen zwei Verfahren zur Auswahl. Das erste und einfachste ist die Verwendung [&hellip;]<\/p>\n","protected":false},"author":68,"featured_media":8589,"parent":6678,"menu_order":6,"comment_status":"closed","ping_status":"closed","template":"templates\/tech.php","meta":{"_acf_changed":false,"footnotes":""},"class_list":["post-9663","page","type-page","status-publish","has-post-thumbnail","hentry"],"acf":[],"yoast_head":"<!-- This site is optimized with the Yoast SEO plugin v27.4 - https:\/\/yoast.com\/product\/yoast-seo-wordpress\/ -->\n<title>NETGEAR Router-Login: Einfacher Zugriff per App oder Browser<\/title>\n<meta name=\"description\" content=\"Erfahren Sie, wie Sie Ihren NETGEAR-Router mit der Nighthawk-App oder \u00fcber den Browser einrichten. Konfigurieren Sie Einstellungen und aktualisieren Sie die Firmware.\" \/>\n<meta name=\"robots\" content=\"index, follow, max-snippet:-1, max-image-preview:large, max-video-preview:-1\" \/>\n<link rel=\"canonical\" href=\"https:\/\/dehub.netgear.com\/de\/hub\/technology\/router-login-page\/\" \/>\n<meta property=\"og:locale\" content=\"de_DE\" \/>\n<meta property=\"og:type\" content=\"article\" \/>\n<meta property=\"og:title\" content=\"NETGEAR Router-Login: Einfacher Zugriff per App oder Browser\" \/>\n<meta property=\"og:description\" content=\"Erfahren Sie, wie Sie Ihren NETGEAR-Router mit der Nighthawk-App oder \u00fcber den Browser einrichten. Konfigurieren Sie Einstellungen und aktualisieren Sie die Firmware.\" \/>\n<meta property=\"og:url\" content=\"https:\/\/dehub.netgear.com\/de\/hub\/technology\/router-login-page\/\" \/>\n<meta property=\"og:site_name\" content=\"NETGEAR Hub\" \/>\n<meta property=\"article:publisher\" content=\"https:\/\/www.facebook.com\/NetgearAU\/\" \/>\n<meta property=\"article:modified_time\" content=\"2024-12-10T06:01:43+00:00\" \/>\n<meta property=\"og:image\" content=\"https:\/\/dehub.netgear.com\/de\/hub\/wp-content\/uploads\/2023\/07\/RAXE500_Streaming-1-1024x576_tcm148-135493.jpg\" \/>\n\t<meta property=\"og:image:width\" content=\"1024\" \/>\n\t<meta property=\"og:image:height\" content=\"576\" \/>\n\t<meta property=\"og:image:type\" content=\"image\/jpeg\" \/>\n<meta name=\"twitter:card\" content=\"summary_large_image\" \/>\n<meta name=\"twitter:site\" content=\"@NETGEAR\" \/>\n<meta name=\"twitter:label1\" content=\"Gesch\u00e4tzte Lesezeit\" \/>\n\t<meta name=\"twitter:data1\" content=\"3\u00a0Minuten\" \/>\n<script type=\"application\/ld+json\" class=\"yoast-schema-graph\">{\"@context\":\"https:\\\/\\\/schema.org\",\"@graph\":[{\"@type\":\"WebPage\",\"@id\":\"https:\\\/\\\/dehub.netgear.com\\\/de\\\/hub\\\/technology\\\/router-login-page\\\/\",\"url\":\"https:\\\/\\\/dehub.netgear.com\\\/de\\\/hub\\\/technology\\\/router-login-page\\\/\",\"name\":\"NETGEAR Router-Login: Einfacher Zugriff per App oder Browser\",\"isPartOf\":{\"@id\":\"https:\\\/\\\/dehub.netgear.com\\\/de\\\/hub\\\/#website\"},\"primaryImageOfPage\":{\"@id\":\"https:\\\/\\\/dehub.netgear.com\\\/de\\\/hub\\\/technology\\\/router-login-page\\\/#primaryimage\"},\"image\":{\"@id\":\"https:\\\/\\\/dehub.netgear.com\\\/de\\\/hub\\\/technology\\\/router-login-page\\\/#primaryimage\"},\"thumbnailUrl\":\"https:\\\/\\\/dehub.netgear.com\\\/de\\\/hub\\\/wp-content\\\/uploads\\\/2023\\\/07\\\/RAXE500_Streaming-1-1024x576_tcm148-135493.jpg\",\"datePublished\":\"2024-10-19T03:12:40+00:00\",\"dateModified\":\"2024-12-10T06:01:43+00:00\",\"description\":\"Erfahren Sie, wie Sie Ihren NETGEAR-Router mit der Nighthawk-App oder \u00fcber den Browser einrichten. Konfigurieren Sie Einstellungen und aktualisieren Sie die Firmware.\",\"breadcrumb\":{\"@id\":\"https:\\\/\\\/dehub.netgear.com\\\/de\\\/hub\\\/technology\\\/router-login-page\\\/#breadcrumb\"},\"inLanguage\":\"de\",\"potentialAction\":[{\"@type\":\"ReadAction\",\"target\":[\"https:\\\/\\\/dehub.netgear.com\\\/de\\\/hub\\\/technology\\\/router-login-page\\\/\"]}]},{\"@type\":\"ImageObject\",\"inLanguage\":\"de\",\"@id\":\"https:\\\/\\\/dehub.netgear.com\\\/de\\\/hub\\\/technology\\\/router-login-page\\\/#primaryimage\",\"url\":\"https:\\\/\\\/dehub.netgear.com\\\/de\\\/hub\\\/wp-content\\\/uploads\\\/2023\\\/07\\\/RAXE500_Streaming-1-1024x576_tcm148-135493.jpg\",\"contentUrl\":\"https:\\\/\\\/dehub.netgear.com\\\/de\\\/hub\\\/wp-content\\\/uploads\\\/2023\\\/07\\\/RAXE500_Streaming-1-1024x576_tcm148-135493.jpg\",\"width\":1024,\"height\":576,\"caption\":\"wifi router streaming\"},{\"@type\":\"BreadcrumbList\",\"@id\":\"https:\\\/\\\/dehub.netgear.com\\\/de\\\/hub\\\/technology\\\/router-login-page\\\/#breadcrumb\",\"itemListElement\":[{\"@type\":\"ListItem\",\"position\":1,\"name\":\"Home\",\"item\":\"https:\\\/\\\/dehub.netgear.com\\\/de\\\/hub\\\/\"},{\"@type\":\"ListItem\",\"position\":2,\"name\":\"Technology\",\"item\":\"https:\\\/\\\/dehub.netgear.com\\\/de\\\/hub\\\/technology\\\/\"},{\"@type\":\"ListItem\",\"position\":3,\"name\":\"Router-Loginseite: So greifen Sie auf Ihren NETGEAR-Router zu\"}]},{\"@type\":\"WebSite\",\"@id\":\"https:\\\/\\\/dehub.netgear.com\\\/de\\\/hub\\\/#website\",\"url\":\"https:\\\/\\\/dehub.netgear.com\\\/de\\\/hub\\\/\",\"name\":\"NETGEAR\",\"description\":\"Erkunden Sie unsere Hub-Seiten und st\u00f6bern Sie in Artikeln, um mehr \u00fcber NETGEAR Produkte und Technologien zu erfahren.\",\"publisher\":{\"@id\":\"https:\\\/\\\/dehub.netgear.com\\\/de\\\/hub\\\/#organization\"},\"potentialAction\":[{\"@type\":\"SearchAction\",\"target\":{\"@type\":\"EntryPoint\",\"urlTemplate\":\"https:\\\/\\\/dehub.netgear.com\\\/de\\\/hub\\\/?s={search_term_string}\"},\"query-input\":{\"@type\":\"PropertyValueSpecification\",\"valueRequired\":true,\"valueName\":\"search_term_string\"}}],\"inLanguage\":\"de\"},{\"@type\":\"Organization\",\"@id\":\"https:\\\/\\\/dehub.netgear.com\\\/de\\\/hub\\\/#organization\",\"name\":\"NETGEAR\",\"url\":\"https:\\\/\\\/dehub.netgear.com\\\/de\\\/hub\\\/\",\"logo\":{\"@type\":\"ImageObject\",\"inLanguage\":\"de\",\"@id\":\"https:\\\/\\\/dehub.netgear.com\\\/de\\\/hub\\\/#\\\/schema\\\/logo\\\/image\\\/\",\"url\":\"https:\\\/\\\/www.dehub.netgear.com\\\/de\\\/hub\\\/wp-content\\\/uploads\\\/2019\\\/07\\\/NETGEAR_logo.jpg\",\"contentUrl\":\"https:\\\/\\\/www.dehub.netgear.com\\\/de\\\/hub\\\/wp-content\\\/uploads\\\/2019\\\/07\\\/NETGEAR_logo.jpg\",\"width\":1500,\"height\":501,\"caption\":\"NETGEAR\"},\"image\":{\"@id\":\"https:\\\/\\\/dehub.netgear.com\\\/de\\\/hub\\\/#\\\/schema\\\/logo\\\/image\\\/\"},\"sameAs\":[\"https:\\\/\\\/www.facebook.com\\\/NetgearAU\\\/\",\"https:\\\/\\\/x.com\\\/NETGEAR\",\"https:\\\/\\\/www.linkedin.com\\\/company\\\/netgear\"]}]}<\/script>\n<!-- \/ Yoast SEO plugin. -->","yoast_head_json":{"title":"NETGEAR Router-Login: Einfacher Zugriff per App oder Browser","description":"Erfahren Sie, wie Sie Ihren NETGEAR-Router mit der Nighthawk-App oder \u00fcber den Browser einrichten. Konfigurieren Sie Einstellungen und aktualisieren Sie die Firmware.","robots":{"index":"index","follow":"follow","max-snippet":"max-snippet:-1","max-image-preview":"max-image-preview:large","max-video-preview":"max-video-preview:-1"},"canonical":"https:\/\/dehub.netgear.com\/de\/hub\/technology\/router-login-page\/","og_locale":"de_DE","og_type":"article","og_title":"NETGEAR Router-Login: Einfacher Zugriff per App oder Browser","og_description":"Erfahren Sie, wie Sie Ihren NETGEAR-Router mit der Nighthawk-App oder \u00fcber den Browser einrichten. Konfigurieren Sie Einstellungen und aktualisieren Sie die Firmware.","og_url":"https:\/\/dehub.netgear.com\/de\/hub\/technology\/router-login-page\/","og_site_name":"NETGEAR Hub","article_publisher":"https:\/\/www.facebook.com\/NetgearAU\/","article_modified_time":"2024-12-10T06:01:43+00:00","og_image":[{"width":1024,"height":576,"url":"https:\/\/dehub.netgear.com\/de\/hub\/wp-content\/uploads\/2023\/07\/RAXE500_Streaming-1-1024x576_tcm148-135493.jpg","type":"image\/jpeg"}],"twitter_card":"summary_large_image","twitter_site":"@NETGEAR","twitter_misc":{"Gesch\u00e4tzte Lesezeit":"3\u00a0Minuten"},"schema":{"@context":"https:\/\/schema.org","@graph":[{"@type":"WebPage","@id":"https:\/\/dehub.netgear.com\/de\/hub\/technology\/router-login-page\/","url":"https:\/\/dehub.netgear.com\/de\/hub\/technology\/router-login-page\/","name":"NETGEAR Router-Login: Einfacher Zugriff per App oder Browser","isPartOf":{"@id":"https:\/\/dehub.netgear.com\/de\/hub\/#website"},"primaryImageOfPage":{"@id":"https:\/\/dehub.netgear.com\/de\/hub\/technology\/router-login-page\/#primaryimage"},"image":{"@id":"https:\/\/dehub.netgear.com\/de\/hub\/technology\/router-login-page\/#primaryimage"},"thumbnailUrl":"https:\/\/dehub.netgear.com\/de\/hub\/wp-content\/uploads\/2023\/07\/RAXE500_Streaming-1-1024x576_tcm148-135493.jpg","datePublished":"2024-10-19T03:12:40+00:00","dateModified":"2024-12-10T06:01:43+00:00","description":"Erfahren Sie, wie Sie Ihren NETGEAR-Router mit der Nighthawk-App oder \u00fcber den Browser einrichten. Konfigurieren Sie Einstellungen und aktualisieren Sie die Firmware.","breadcrumb":{"@id":"https:\/\/dehub.netgear.com\/de\/hub\/technology\/router-login-page\/#breadcrumb"},"inLanguage":"de","potentialAction":[{"@type":"ReadAction","target":["https:\/\/dehub.netgear.com\/de\/hub\/technology\/router-login-page\/"]}]},{"@type":"ImageObject","inLanguage":"de","@id":"https:\/\/dehub.netgear.com\/de\/hub\/technology\/router-login-page\/#primaryimage","url":"https:\/\/dehub.netgear.com\/de\/hub\/wp-content\/uploads\/2023\/07\/RAXE500_Streaming-1-1024x576_tcm148-135493.jpg","contentUrl":"https:\/\/dehub.netgear.com\/de\/hub\/wp-content\/uploads\/2023\/07\/RAXE500_Streaming-1-1024x576_tcm148-135493.jpg","width":1024,"height":576,"caption":"wifi router streaming"},{"@type":"BreadcrumbList","@id":"https:\/\/dehub.netgear.com\/de\/hub\/technology\/router-login-page\/#breadcrumb","itemListElement":[{"@type":"ListItem","position":1,"name":"Home","item":"https:\/\/dehub.netgear.com\/de\/hub\/"},{"@type":"ListItem","position":2,"name":"Technology","item":"https:\/\/dehub.netgear.com\/de\/hub\/technology\/"},{"@type":"ListItem","position":3,"name":"Router-Loginseite: So greifen Sie auf Ihren NETGEAR-Router zu"}]},{"@type":"WebSite","@id":"https:\/\/dehub.netgear.com\/de\/hub\/#website","url":"https:\/\/dehub.netgear.com\/de\/hub\/","name":"NETGEAR","description":"Erkunden Sie unsere Hub-Seiten und st\u00f6bern Sie in Artikeln, um mehr \u00fcber NETGEAR Produkte und Technologien zu erfahren.","publisher":{"@id":"https:\/\/dehub.netgear.com\/de\/hub\/#organization"},"potentialAction":[{"@type":"SearchAction","target":{"@type":"EntryPoint","urlTemplate":"https:\/\/dehub.netgear.com\/de\/hub\/?s={search_term_string}"},"query-input":{"@type":"PropertyValueSpecification","valueRequired":true,"valueName":"search_term_string"}}],"inLanguage":"de"},{"@type":"Organization","@id":"https:\/\/dehub.netgear.com\/de\/hub\/#organization","name":"NETGEAR","url":"https:\/\/dehub.netgear.com\/de\/hub\/","logo":{"@type":"ImageObject","inLanguage":"de","@id":"https:\/\/dehub.netgear.com\/de\/hub\/#\/schema\/logo\/image\/","url":"https:\/\/www.dehub.netgear.com\/de\/hub\/wp-content\/uploads\/2019\/07\/NETGEAR_logo.jpg","contentUrl":"https:\/\/www.dehub.netgear.com\/de\/hub\/wp-content\/uploads\/2019\/07\/NETGEAR_logo.jpg","width":1500,"height":501,"caption":"NETGEAR"},"image":{"@id":"https:\/\/dehub.netgear.com\/de\/hub\/#\/schema\/logo\/image\/"},"sameAs":["https:\/\/www.facebook.com\/NetgearAU\/","https:\/\/x.com\/NETGEAR","https:\/\/www.linkedin.com\/company\/netgear"]}]}},"_links":{"self":[{"href":"https:\/\/dehub.netgear.com\/de\/hub\/wp-json\/wp\/v2\/pages\/9663","targetHints":{"allow":["GET"]}}],"collection":[{"href":"https:\/\/dehub.netgear.com\/de\/hub\/wp-json\/wp\/v2\/pages"}],"about":[{"href":"https:\/\/dehub.netgear.com\/de\/hub\/wp-json\/wp\/v2\/types\/page"}],"author":[{"embeddable":true,"href":"https:\/\/dehub.netgear.com\/de\/hub\/wp-json\/wp\/v2\/users\/68"}],"replies":[{"embeddable":true,"href":"https:\/\/dehub.netgear.com\/de\/hub\/wp-json\/wp\/v2\/comments?post=9663"}],"version-history":[{"count":7,"href":"https:\/\/dehub.netgear.com\/de\/hub\/wp-json\/wp\/v2\/pages\/9663\/revisions"}],"predecessor-version":[{"id":9950,"href":"https:\/\/dehub.netgear.com\/de\/hub\/wp-json\/wp\/v2\/pages\/9663\/revisions\/9950"}],"up":[{"embeddable":true,"href":"https:\/\/dehub.netgear.com\/de\/hub\/wp-json\/wp\/v2\/pages\/6678"}],"wp:featuredmedia":[{"embeddable":true,"href":"https:\/\/dehub.netgear.com\/de\/hub\/wp-json\/wp\/v2\/media\/8589"}],"wp:attachment":[{"href":"https:\/\/dehub.netgear.com\/de\/hub\/wp-json\/wp\/v2\/media?parent=9663"}],"curies":[{"name":"wp","href":"https:\/\/api.w.org\/{rel}","templated":true}]}}