{"id":9524,"date":"2024-07-09T03:36:53","date_gmt":"2024-07-09T01:36:53","guid":{"rendered":"https:\/\/www.dehub.netgear.com\/de\/hub\/?page_id=9524"},"modified":"2024-12-10T06:40:43","modified_gmt":"2024-12-10T05:40:43","slug":"tipps-zur-perfekten-workation","status":"publish","type":"page","link":"https:\/\/dehub.netgear.com\/de\/hub\/wifi\/mobile\/tipps-zur-perfekten-workation\/","title":{"rendered":"5 Tipps zur perfekten Workation"},"content":{"rendered":"    <div class=\"table-of-content bg-gray\">\n        <p><strong>IN THIS ARTICLE<\/strong><\/p>\n        <ul>\n                        <li><a href=\"#topic1\">Das richtige Reiseziel ist das A und O<\/a><\/li>\n                        <li><a href=\"#topic2\">Einrichtung eines dedizierten Arbeitsplatzes<\/a><\/li>\n                        <li><a href=\"#topic3\">Kein stabiles Internet? NETGEAR hilft aus<\/a><\/li>\n                        <li><a href=\"#topic4\">Packen Sie alles Wichtige ein<\/a><\/li>\n                        <li><a href=\"#topic5\">Fazit<\/a><\/li>\n                    <\/ul>\n    <\/div>\n        <div id=\"topic1\" class=\"skip-item\">\n                        <h2>Das richtige Reiseziel ist das A und O<\/h2>\n                <p><img loading=\"lazy\" decoding=\"async\" class=\"size-medium wp-image-9540 alignleft\" src=\"https:\/\/www.dehub.netgear.com\/de\/hub\/wp-content\/uploads\/2024\/07\/gettyimages-1985443197-612x612-1-300x200.jpg\" alt=\"\" width=\"300\" height=\"200\" srcset=\"https:\/\/dehub.netgear.com\/de\/hub\/wp-content\/uploads\/2024\/07\/gettyimages-1985443197-612x612-1-300x200.jpg 300w, https:\/\/dehub.netgear.com\/de\/hub\/wp-content\/uploads\/2024\/07\/gettyimages-1985443197-612x612-1.jpg 612w\" sizes=\"auto, (max-width: 300px) 100vw, 300px\" \/>Der entscheidende Faktor f\u00fcr eine erfolgreiche Workation ist die Auswahl des Reiseziels. Indem Sie einen auf Sie abgestimmten Standort w\u00e4hlen, schaffen Sie nicht nur Freiraum f\u00fcr eine entspannende Umgebung, sondern decken zus\u00e4tzlich die notwendigen Annehmlichkeiten f\u00fcr die Arbeit ab. F\u00fcr eine produktive Workation sind Reiseziele mit ruhigen Orten und einer guten Infrastruktur bestens geeignet. Auch kulturelle Angebote sollten gegeben sein, um Ihren Aufenthalt ereignisreicher zu gestalten. Indem Sie bei der Auswahl auf diese Faktoren achten, unterst\u00fctzen Sie Ihre Erholung und schaffen gleichzeitig ein angenehmes Arbeitsklima.<\/p>\n<p>Nachfolgend f\u00fchren wir einige beliebte und optimale Reiseziele auf, und f\u00fcr wen sie interessant sein k\u00f6nnten:<\/p>\n<ul>\n<li><strong>Bali:<\/strong> Perfekte Mischung aus entspannender Natur und moderner Infrastruktur. Ideal f\u00fcr digitale Nomaden, die sowohl arbeiten als auch die exotische Umgebung genie\u00dfen m\u00f6chten.<\/li>\n<li><strong>Barcelona:<\/strong> Lebendige Kultur und erstklassige Infrastruktur. Optimal f\u00fcr kreative Berufe und diejenigen, die sich von der inspirierenden Atmosph\u00e4re der Stadt befl\u00fcgeln lassen wollen.<\/li>\n<li><strong>Chiang Mai:<\/strong> Ruhige Umgebung mit kosteng\u00fcnstigem Lebensstil und zahlreichen Coworking-Spaces. Besonders geeignet f\u00fcr Freelancer und Start-up-Unternehmer, die in einer friedlichen, aber dennoch vernetzten Umgebung arbeiten m\u00f6chten.<\/li>\n<\/ul>\n<p><strong>F\u00fcr wen es sich am meisten eignet:<\/strong><\/p>\n<ul>\n<li><strong>Bali:<\/strong> Digitale Nomaden, die Natur und Abenteuer lieben.<\/li>\n<li><strong>Barcelona:<\/strong> Kreative Berufe, K\u00fcnstler, Designer.<\/li>\n<li><strong>Chiang Mai:<\/strong> Freelancer, Start-up-Gr\u00fcnder, Unternehmer.<\/li>\n<\/ul>\n<p>Auch die entsprechenden Zeitzonen sollten Sie in Betracht ziehen, falls es Sie an weiter entferntere Orte verschl\u00e4gt. Somit sichern Sie eine reibungslose Kommunikation mit Ihrem Team oder Projektteilnehmern.<\/p>\n    <\/div>\n        <div id=\"topic2\" class=\"skip-item\">\n                        <h2>Einrichtung eines dedizierten Arbeitsplatzes<\/h2>\n                <p><img loading=\"lazy\" decoding=\"async\" class=\" wp-image-9539 alignleft\" src=\"https:\/\/www.dehub.netgear.com\/de\/hub\/wp-content\/uploads\/2024\/07\/gettyimages-2150491508-612x612-1-300x200.jpg\" alt=\"\" width=\"386\" height=\"257\" srcset=\"https:\/\/dehub.netgear.com\/de\/hub\/wp-content\/uploads\/2024\/07\/gettyimages-2150491508-612x612-1-300x200.jpg 300w, https:\/\/dehub.netgear.com\/de\/hub\/wp-content\/uploads\/2024\/07\/gettyimages-2150491508-612x612-1.jpg 612w\" sizes=\"auto, (max-width: 386px) 100vw, 386px\" \/><\/p>\n<p>Um die Produktivit\u00e4t auf eine neue Ebene anzuheben, ist ein komfortabler Arbeitsplatz essenziell. W\u00e4hlen Sie im besten Fall einen Ort, in welchem Sie sich fokussieren k\u00f6nnen und nicht gest\u00f6rt werden. Das kann sowohl ein spezieller Raum in Ihrer Unterkunft sein, oder aber auch ein gem\u00fctliches Caf\u00e9 mit wenig Ablenkung.<\/p>\n<p>Ein gut ausgestatteter Arbeitsplatz beinhaltet unterschiedliche Gegenst\u00e4nde. Zu diesen z\u00e4hlenein ergonomische Stuhl, ein stabiler Tisch und ausreichend Beleuchtung. Richten Sie alles nach Ihrem Wunsch ein, sodass Sie sich in erster Linie wohl f\u00fchlen &#8211; was schlussendlich der Zweck einer Workation ist. Zudem k\u00f6nnen ger\u00e4uschereduzierende Kopfh\u00f6rer helfen, eine st\u00f6rungsfreie Arbeitsumgebung zu schaffen. Immerhin ist L\u00e4rm ein wesentlicher St\u00f6rfaktor im Bezug zur Produktivit\u00e4t am Arbeitsplatz. Lassen Sie Ihrer Kreativit\u00e4t freien Lauf und richtigen Sie Ihren Arbeitsplatz entsprechend Ihrer Bed\u00fcrfnisse ein.<\/p>\n    <\/div>\n        <div id=\"topic3\" class=\"skip-item\">\n                        <h2>Kein stabiles Internet? NETGEAR hilft aus<\/h2>\n                <p>Der mitunter wichtigste Punkt f\u00fcr eine erfolgreiche Workation ist stabiles und sicheres Internet f\u00fcr Remote-Arbeit. Um Ihre Projekte bearbeiten und absenden, Meetings halten oder Dateien bearbeiten zu k\u00f6nnen, ben\u00f6tigen Sie ganz klar ein zuverl\u00e4ssiges Netz. NETGEAR bietet hierf\u00fcr zuverl\u00e4ssige L\u00f6sungen. Der <a href=\"https:\/\/www.netgear.com\/de\/home\/mobile-wifi\/hotspots\/mr6150\/\">Nighthawk M6<\/a>, welcher als bester Router f\u00fcr Remote-Arbeit gilt, Bitte rausnehmen und nur auf Mobile Router fokussieren. Erreichen k\u00f6nnen, sind nur einige der vielen Beispiele, die NETGEAR Ihnen zur Verf\u00fcgung stellt. Diese Ger\u00e4te gew\u00e4hrleisten, dass Sie problemlos an Videokonferenzen teilnehmen, gro\u00dfe Dateien hochladen und Ihre t\u00e4glichen Aufgaben erledigen k\u00f6nnen &#8211; unabh\u00e4ngig davon, wo Sie sich befinden.<\/p>\n    <\/div>\n        <div id=\"topic4\" class=\"skip-item\">\n                        <h2>Packen Sie alles Wichtige ein<\/h2>\n                <p>Der Schl\u00fcssel einer erfolgreichen Workation Planung ist eine Checkliste aller Dinge, die Sie mit auf Ihre Reise nehmen m\u00f6chten. Diese kann wiefolgt aussehen:<\/p>\n<ul>\n<li><strong>Technische Ger\u00e4te:<\/strong> Zu diesen Ger\u00e4ten z\u00e4hlen Laptops, Smartphones, Tablets, Kopfh\u00f6rer oder ein mobiler Hotspot f\u00fcr Workation<\/li>\n<li><strong>Ladeger\u00e4te und Powerbanks:<\/strong> Akkus, Steckdosenadapter und auch Powerbanks d\u00fcrfen nicht fehlen. Mithilfe dieser Tools stellen Sie sicher, dass Ihre Ger\u00e4te auch bei l\u00e4ngeren Aufenthalten und in verschiedenen Reisezielen genutzt werden k\u00f6nnen<\/li>\n<li><strong>Komfortable Kleidung:<\/strong> Packen Sie Kleidung entsprechend des Anlasses ein. Achten Sie hierbei auch auf die unterschiedlichen Wetterbedingungen Ihres Reiseziels<\/li>\n<li><strong>Ergonomische Hilfsmittel:<\/strong> Eine Laptop-St\u00fctze oder ein externer Monitor k\u00f6nnen Ihnen als zus\u00e4tzliche Hilfestellung dienen<\/li>\n<li><strong>Arbeitsmaterialien:<\/strong> Auch Notizb\u00fccher, Stifte und wichtige Dokumente wie Ausweise oder Kreditkarten sollten Sie einpacken, um sich potenzielle Notizen zu machen.<\/li>\n<\/ul>\n<p>Komfortgegenst\u00e4nde denken. Diese k\u00f6nnen Ihnen helfen, sich w\u00e4hrend Ihrer Workation wohlzuf\u00fchlen. Darunter z\u00e4hlen beispielsweise eine wiederverwendbare Trinkflasche, Snacks f\u00fcr zwischendurch oder ein bequemes Kissen f\u00fcr l\u00e4ngere Arbeitssitzungen. Packen Sie alles Notwendige ein, um Ihre Reise leichter zu gestalten. Legen Sie Ihren Fokus auf Gegenst\u00e4nde, welche Ihr Konzentrationsverm\u00f6gen w\u00e4hrend der Arbeit anheben und zeitgleich Ihren Aufenthalt gem\u00fctlicher gestalten.<\/p>\n    <\/div>\n        <div id=\"topic5\" class=\"skip-item\">\n                        <h2>Fazit<\/h2>\n                <p>Die oben aufgef\u00fchrten Schritte f\u00fcr eine produktive Workation soll Ihnen als Hilfestellung dienen. W\u00e4hlen Sie das richtige Reiseziel, richten Sie einen geeigneten Arbeitsplatz ein und sorgen Sie f\u00fcr eine zuverl\u00e4ssige Internetverbindung mit NETGEAR-Produkten. Teilen Sie sich Ihre Zeit effektiv ein und nehmen Sie das N\u00f6tigste mit auf Ihre Reise. Die zuverl\u00e4ssigen NETGEAR-Produkte wie die mobilen Hotspots Nighthawknur M6 Pro, indem sie eine stabile und schnelle Internetverbindung gew\u00e4hrleisten. Somit k\u00f6nnen Sie vernetzt bleiben auf Workation und arbeiten von \u00fcberall aus, ohne Kompromisse bei der Internetqualit\u00e4t eingehen zu m\u00fcssen.<br \/>\nBesuchen Bitte hier hin linken: <a href=\"https:\/\/www.netgear.com\/de\/home\/mobile-wifi\/hotspots\/\">https:\/\/www.netgear.com\/de\/home\/mobile-wifi\/hotspots\/<\/a> f\u00fcr weitere Informationen und nutzen Sie aktuelle Angebote, um Ihr Internet f\u00fcr Remote-Arbeit zu optimieren. Jetzt ist der perfekte Zeitpunkt, um Ihre n\u00e4chste Workation zu planen und das Beste aus beiden Welten zu genie\u00dfen. Nutzen Sie NETGEAR als Ihren verl\u00e4sslichen Partner f\u00fcr eine erfolgreiche und produktive Workation.<\/p>\n<div class=\"explore-btn-area\"><a class=\"explore-btn\" href=\"https:\/\/www.netgear.com\/de\/home\/mobile-wifi\/hotspots\/\">MEHR ERFAHREN NIGHTHAWK WLAN-ROUTER<\/a><\/div>\n    <\/div>\n    \n","protected":false},"excerpt":{"rendered":"","protected":false},"author":68,"featured_media":9509,"parent":6701,"menu_order":3,"comment_status":"closed","ping_status":"closed","template":"templates\/blog-wifi.php","meta":{"_acf_changed":false,"footnotes":""},"class_list":["post-9524","page","type-page","status-publish","has-post-thumbnail","hentry"],"acf":[],"yoast_head":"<!-- This site is optimized with the Yoast SEO plugin v27.5 - https:\/\/yoast.com\/product\/yoast-seo-wordpress\/ -->\n<title>Tipps zur perfekten Workation | NETGEAR Deutschland<\/title>\n<meta name=\"description\" content=\"Erfahren Sie, wie Sie Ihre Workation optimal gestalten k\u00f6nnen. Bleiben Sie mit NETGEAR&#039;s L\u00f6sungen \u00fcberall produktiv und vernetzt.\" \/>\n<meta name=\"robots\" content=\"index, follow, max-snippet:-1, max-image-preview:large, max-video-preview:-1\" \/>\n<link rel=\"canonical\" href=\"https:\/\/dehub.netgear.com\/de\/hub\/wifi\/mobile\/tipps-zur-perfekten-workation\/\" \/>\n<meta property=\"og:locale\" content=\"de_DE\" \/>\n<meta property=\"og:type\" content=\"article\" \/>\n<meta property=\"og:title\" content=\"Tipps zur perfekten Workation | NETGEAR Deutschland\" \/>\n<meta property=\"og:description\" content=\"Erfahren Sie, wie Sie Ihre Workation optimal gestalten k\u00f6nnen. Bleiben Sie mit NETGEAR&#039;s L\u00f6sungen \u00fcberall produktiv und vernetzt.\" \/>\n<meta property=\"og:url\" content=\"https:\/\/dehub.netgear.com\/de\/hub\/wifi\/mobile\/tipps-zur-perfekten-workation\/\" \/>\n<meta property=\"og:site_name\" content=\"NETGEAR Hub\" \/>\n<meta property=\"article:publisher\" content=\"https:\/\/www.facebook.com\/NetgearAU\/\" \/>\n<meta property=\"article:modified_time\" content=\"2024-12-10T05:40:43+00:00\" \/>\n<meta property=\"og:image\" content=\"https:\/\/dehub.netgear.com\/de\/hub\/wp-content\/uploads\/2024\/06\/gettyimages-1385759503-612x612-1.jpg\" \/>\n\t<meta property=\"og:image:width\" content=\"612\" \/>\n\t<meta property=\"og:image:height\" content=\"408\" \/>\n\t<meta property=\"og:image:type\" content=\"image\/jpeg\" \/>\n<meta name=\"twitter:card\" content=\"summary_large_image\" \/>\n<meta name=\"twitter:site\" content=\"@NETGEAR\" \/>\n<script type=\"application\/ld+json\" class=\"yoast-schema-graph\">{\"@context\":\"https:\\\/\\\/schema.org\",\"@graph\":[{\"@type\":\"WebPage\",\"@id\":\"https:\\\/\\\/dehub.netgear.com\\\/de\\\/hub\\\/wifi\\\/mobile\\\/tipps-zur-perfekten-workation\\\/\",\"url\":\"https:\\\/\\\/dehub.netgear.com\\\/de\\\/hub\\\/wifi\\\/mobile\\\/tipps-zur-perfekten-workation\\\/\",\"name\":\"Tipps zur perfekten Workation | NETGEAR Deutschland\",\"isPartOf\":{\"@id\":\"https:\\\/\\\/dehub.netgear.com\\\/de\\\/hub\\\/#website\"},\"primaryImageOfPage\":{\"@id\":\"https:\\\/\\\/dehub.netgear.com\\\/de\\\/hub\\\/wifi\\\/mobile\\\/tipps-zur-perfekten-workation\\\/#primaryimage\"},\"image\":{\"@id\":\"https:\\\/\\\/dehub.netgear.com\\\/de\\\/hub\\\/wifi\\\/mobile\\\/tipps-zur-perfekten-workation\\\/#primaryimage\"},\"thumbnailUrl\":\"https:\\\/\\\/dehub.netgear.com\\\/de\\\/hub\\\/wp-content\\\/uploads\\\/2024\\\/06\\\/gettyimages-1385759503-612x612-1.jpg\",\"datePublished\":\"2024-07-09T01:36:53+00:00\",\"dateModified\":\"2024-12-10T05:40:43+00:00\",\"description\":\"Erfahren Sie, wie Sie Ihre Workation optimal gestalten k\u00f6nnen. Bleiben Sie mit NETGEAR's L\u00f6sungen \u00fcberall produktiv und vernetzt.\",\"breadcrumb\":{\"@id\":\"https:\\\/\\\/dehub.netgear.com\\\/de\\\/hub\\\/wifi\\\/mobile\\\/tipps-zur-perfekten-workation\\\/#breadcrumb\"},\"inLanguage\":\"de\",\"potentialAction\":[{\"@type\":\"ReadAction\",\"target\":[\"https:\\\/\\\/dehub.netgear.com\\\/de\\\/hub\\\/wifi\\\/mobile\\\/tipps-zur-perfekten-workation\\\/\"]}]},{\"@type\":\"ImageObject\",\"inLanguage\":\"de\",\"@id\":\"https:\\\/\\\/dehub.netgear.com\\\/de\\\/hub\\\/wifi\\\/mobile\\\/tipps-zur-perfekten-workation\\\/#primaryimage\",\"url\":\"https:\\\/\\\/dehub.netgear.com\\\/de\\\/hub\\\/wp-content\\\/uploads\\\/2024\\\/06\\\/gettyimages-1385759503-612x612-1.jpg\",\"contentUrl\":\"https:\\\/\\\/dehub.netgear.com\\\/de\\\/hub\\\/wp-content\\\/uploads\\\/2024\\\/06\\\/gettyimages-1385759503-612x612-1.jpg\",\"width\":612,\"height\":408,\"caption\":\"Photo of an open luggage filled with summer items ready to go on holidays, woman's black arms organizing it.\"},{\"@type\":\"BreadcrumbList\",\"@id\":\"https:\\\/\\\/dehub.netgear.com\\\/de\\\/hub\\\/wifi\\\/mobile\\\/tipps-zur-perfekten-workation\\\/#breadcrumb\",\"itemListElement\":[{\"@type\":\"ListItem\",\"position\":1,\"name\":\"Home\",\"item\":\"https:\\\/\\\/dehub.netgear.com\\\/de\\\/hub\\\/\"},{\"@type\":\"ListItem\",\"position\":2,\"name\":\"WiFi Tech Articles Hub\",\"item\":\"https:\\\/\\\/dehub.netgear.com\\\/de\\\/hub\\\/wifi\\\/\"},{\"@type\":\"ListItem\",\"position\":3,\"name\":\"Mobiler WLAN-Artikel-Hub\",\"item\":\"https:\\\/\\\/dehub.netgear.com\\\/de\\\/hub\\\/wifi\\\/mobile\\\/\"},{\"@type\":\"ListItem\",\"position\":4,\"name\":\"5 Tipps zur perfekten Workation\"}]},{\"@type\":\"WebSite\",\"@id\":\"https:\\\/\\\/dehub.netgear.com\\\/de\\\/hub\\\/#website\",\"url\":\"https:\\\/\\\/dehub.netgear.com\\\/de\\\/hub\\\/\",\"name\":\"NETGEAR\",\"description\":\"Erkunden Sie unsere Hub-Seiten und st\u00f6bern Sie in Artikeln, um mehr \u00fcber NETGEAR Produkte und Technologien zu erfahren.\",\"publisher\":{\"@id\":\"https:\\\/\\\/dehub.netgear.com\\\/de\\\/hub\\\/#organization\"},\"potentialAction\":[{\"@type\":\"SearchAction\",\"target\":{\"@type\":\"EntryPoint\",\"urlTemplate\":\"https:\\\/\\\/dehub.netgear.com\\\/de\\\/hub\\\/?s={search_term_string}\"},\"query-input\":{\"@type\":\"PropertyValueSpecification\",\"valueRequired\":true,\"valueName\":\"search_term_string\"}}],\"inLanguage\":\"de\"},{\"@type\":\"Organization\",\"@id\":\"https:\\\/\\\/dehub.netgear.com\\\/de\\\/hub\\\/#organization\",\"name\":\"NETGEAR\",\"url\":\"https:\\\/\\\/dehub.netgear.com\\\/de\\\/hub\\\/\",\"logo\":{\"@type\":\"ImageObject\",\"inLanguage\":\"de\",\"@id\":\"https:\\\/\\\/dehub.netgear.com\\\/de\\\/hub\\\/#\\\/schema\\\/logo\\\/image\\\/\",\"url\":\"https:\\\/\\\/www.dehub.netgear.com\\\/de\\\/hub\\\/wp-content\\\/uploads\\\/2019\\\/07\\\/NETGEAR_logo.jpg\",\"contentUrl\":\"https:\\\/\\\/www.dehub.netgear.com\\\/de\\\/hub\\\/wp-content\\\/uploads\\\/2019\\\/07\\\/NETGEAR_logo.jpg\",\"width\":1500,\"height\":501,\"caption\":\"NETGEAR\"},\"image\":{\"@id\":\"https:\\\/\\\/dehub.netgear.com\\\/de\\\/hub\\\/#\\\/schema\\\/logo\\\/image\\\/\"},\"sameAs\":[\"https:\\\/\\\/www.facebook.com\\\/NetgearAU\\\/\",\"https:\\\/\\\/x.com\\\/NETGEAR\",\"https:\\\/\\\/www.linkedin.com\\\/company\\\/netgear\"]}]}<\/script>\n<!-- \/ Yoast SEO plugin. -->","yoast_head_json":{"title":"Tipps zur perfekten Workation | NETGEAR Deutschland","description":"Erfahren Sie, wie Sie Ihre Workation optimal gestalten k\u00f6nnen. Bleiben Sie mit NETGEAR's L\u00f6sungen \u00fcberall produktiv und vernetzt.","robots":{"index":"index","follow":"follow","max-snippet":"max-snippet:-1","max-image-preview":"max-image-preview:large","max-video-preview":"max-video-preview:-1"},"canonical":"https:\/\/dehub.netgear.com\/de\/hub\/wifi\/mobile\/tipps-zur-perfekten-workation\/","og_locale":"de_DE","og_type":"article","og_title":"Tipps zur perfekten Workation | NETGEAR Deutschland","og_description":"Erfahren Sie, wie Sie Ihre Workation optimal gestalten k\u00f6nnen. Bleiben Sie mit NETGEAR's L\u00f6sungen \u00fcberall produktiv und vernetzt.","og_url":"https:\/\/dehub.netgear.com\/de\/hub\/wifi\/mobile\/tipps-zur-perfekten-workation\/","og_site_name":"NETGEAR Hub","article_publisher":"https:\/\/www.facebook.com\/NetgearAU\/","article_modified_time":"2024-12-10T05:40:43+00:00","og_image":[{"width":612,"height":408,"url":"https:\/\/dehub.netgear.com\/de\/hub\/wp-content\/uploads\/2024\/06\/gettyimages-1385759503-612x612-1.jpg","type":"image\/jpeg"}],"twitter_card":"summary_large_image","twitter_site":"@NETGEAR","schema":{"@context":"https:\/\/schema.org","@graph":[{"@type":"WebPage","@id":"https:\/\/dehub.netgear.com\/de\/hub\/wifi\/mobile\/tipps-zur-perfekten-workation\/","url":"https:\/\/dehub.netgear.com\/de\/hub\/wifi\/mobile\/tipps-zur-perfekten-workation\/","name":"Tipps zur perfekten Workation | NETGEAR Deutschland","isPartOf":{"@id":"https:\/\/dehub.netgear.com\/de\/hub\/#website"},"primaryImageOfPage":{"@id":"https:\/\/dehub.netgear.com\/de\/hub\/wifi\/mobile\/tipps-zur-perfekten-workation\/#primaryimage"},"image":{"@id":"https:\/\/dehub.netgear.com\/de\/hub\/wifi\/mobile\/tipps-zur-perfekten-workation\/#primaryimage"},"thumbnailUrl":"https:\/\/dehub.netgear.com\/de\/hub\/wp-content\/uploads\/2024\/06\/gettyimages-1385759503-612x612-1.jpg","datePublished":"2024-07-09T01:36:53+00:00","dateModified":"2024-12-10T05:40:43+00:00","description":"Erfahren Sie, wie Sie Ihre Workation optimal gestalten k\u00f6nnen. Bleiben Sie mit NETGEAR's L\u00f6sungen \u00fcberall produktiv und vernetzt.","breadcrumb":{"@id":"https:\/\/dehub.netgear.com\/de\/hub\/wifi\/mobile\/tipps-zur-perfekten-workation\/#breadcrumb"},"inLanguage":"de","potentialAction":[{"@type":"ReadAction","target":["https:\/\/dehub.netgear.com\/de\/hub\/wifi\/mobile\/tipps-zur-perfekten-workation\/"]}]},{"@type":"ImageObject","inLanguage":"de","@id":"https:\/\/dehub.netgear.com\/de\/hub\/wifi\/mobile\/tipps-zur-perfekten-workation\/#primaryimage","url":"https:\/\/dehub.netgear.com\/de\/hub\/wp-content\/uploads\/2024\/06\/gettyimages-1385759503-612x612-1.jpg","contentUrl":"https:\/\/dehub.netgear.com\/de\/hub\/wp-content\/uploads\/2024\/06\/gettyimages-1385759503-612x612-1.jpg","width":612,"height":408,"caption":"Photo of an open luggage filled with summer items ready to go on holidays, woman's black arms organizing it."},{"@type":"BreadcrumbList","@id":"https:\/\/dehub.netgear.com\/de\/hub\/wifi\/mobile\/tipps-zur-perfekten-workation\/#breadcrumb","itemListElement":[{"@type":"ListItem","position":1,"name":"Home","item":"https:\/\/dehub.netgear.com\/de\/hub\/"},{"@type":"ListItem","position":2,"name":"WiFi Tech Articles Hub","item":"https:\/\/dehub.netgear.com\/de\/hub\/wifi\/"},{"@type":"ListItem","position":3,"name":"Mobiler WLAN-Artikel-Hub","item":"https:\/\/dehub.netgear.com\/de\/hub\/wifi\/mobile\/"},{"@type":"ListItem","position":4,"name":"5 Tipps zur perfekten Workation"}]},{"@type":"WebSite","@id":"https:\/\/dehub.netgear.com\/de\/hub\/#website","url":"https:\/\/dehub.netgear.com\/de\/hub\/","name":"NETGEAR","description":"Erkunden Sie unsere Hub-Seiten und st\u00f6bern Sie in Artikeln, um mehr \u00fcber NETGEAR Produkte und Technologien zu erfahren.","publisher":{"@id":"https:\/\/dehub.netgear.com\/de\/hub\/#organization"},"potentialAction":[{"@type":"SearchAction","target":{"@type":"EntryPoint","urlTemplate":"https:\/\/dehub.netgear.com\/de\/hub\/?s={search_term_string}"},"query-input":{"@type":"PropertyValueSpecification","valueRequired":true,"valueName":"search_term_string"}}],"inLanguage":"de"},{"@type":"Organization","@id":"https:\/\/dehub.netgear.com\/de\/hub\/#organization","name":"NETGEAR","url":"https:\/\/dehub.netgear.com\/de\/hub\/","logo":{"@type":"ImageObject","inLanguage":"de","@id":"https:\/\/dehub.netgear.com\/de\/hub\/#\/schema\/logo\/image\/","url":"https:\/\/www.dehub.netgear.com\/de\/hub\/wp-content\/uploads\/2019\/07\/NETGEAR_logo.jpg","contentUrl":"https:\/\/www.dehub.netgear.com\/de\/hub\/wp-content\/uploads\/2019\/07\/NETGEAR_logo.jpg","width":1500,"height":501,"caption":"NETGEAR"},"image":{"@id":"https:\/\/dehub.netgear.com\/de\/hub\/#\/schema\/logo\/image\/"},"sameAs":["https:\/\/www.facebook.com\/NetgearAU\/","https:\/\/x.com\/NETGEAR","https:\/\/www.linkedin.com\/company\/netgear"]}]}},"_links":{"self":[{"href":"https:\/\/dehub.netgear.com\/de\/hub\/wp-json\/wp\/v2\/pages\/9524","targetHints":{"allow":["GET"]}}],"collection":[{"href":"https:\/\/dehub.netgear.com\/de\/hub\/wp-json\/wp\/v2\/pages"}],"about":[{"href":"https:\/\/dehub.netgear.com\/de\/hub\/wp-json\/wp\/v2\/types\/page"}],"author":[{"embeddable":true,"href":"https:\/\/dehub.netgear.com\/de\/hub\/wp-json\/wp\/v2\/users\/68"}],"replies":[{"embeddable":true,"href":"https:\/\/dehub.netgear.com\/de\/hub\/wp-json\/wp\/v2\/comments?post=9524"}],"version-history":[{"count":10,"href":"https:\/\/dehub.netgear.com\/de\/hub\/wp-json\/wp\/v2\/pages\/9524\/revisions"}],"predecessor-version":[{"id":9945,"href":"https:\/\/dehub.netgear.com\/de\/hub\/wp-json\/wp\/v2\/pages\/9524\/revisions\/9945"}],"up":[{"embeddable":true,"href":"https:\/\/dehub.netgear.com\/de\/hub\/wp-json\/wp\/v2\/pages\/6701"}],"wp:featuredmedia":[{"embeddable":true,"href":"https:\/\/dehub.netgear.com\/de\/hub\/wp-json\/wp\/v2\/media\/9509"}],"wp:attachment":[{"href":"https:\/\/dehub.netgear.com\/de\/hub\/wp-json\/wp\/v2\/media?parent=9524"}],"curies":[{"name":"wp","href":"https:\/\/api.w.org\/{rel}","templated":true}]}}