{"id":6646,"date":"2023-04-10T07:52:54","date_gmt":"2023-04-10T14:52:54","guid":{"rendered":"https:\/\/compareforex.com.au\/?page_id=6646"},"modified":"2024-11-18T07:05:48","modified_gmt":"2024-11-18T06:05:48","slug":"die-ultimativen-10-gbit-router","status":"publish","type":"page","link":"https:\/\/dehub.netgear.com\/de\/hub\/wifi\/routers\/die-ultimativen-10-gbit-router\/","title":{"rendered":"Die ultimativen 10-Gbit-Router mit WiFi 6 oder 6E"},"content":{"rendered":"<h2>Neue Multi-Gbit-Router<\/h2>\n<p>In einer Welt, in der wir weiterhin hybrid und remote leben und arbeiten, ist die Notwendigkeit der besten WLAN-Technologie zu Hause wichtiger denn je. Da Internet-Anbieter immer schnellere Multi-Gig-Internetgeschwindigkeiten von bis zu 5 GBit\/s erm\u00f6glichen, ben\u00f6tigen Verbraucher, die neue Netzwerkf\u00e4higkeiten nutzen und die n\u00e4chste Generation von WLAN voll aussch\u00f6pfen m\u00f6chten, einen leistungsstarken Multi-Gig-Router. Um diesen Bed\u00fcrfnissen gerecht zu werden, bieten wir jetzt zwei neue eigenst\u00e4ndige Orbi-Router an, die sich der Flaggschiff-Linie von <a href=\"https:\/\/www.dehub.netgear.com\/home\/wifi\/mesh\/orbi\/\">Orbi-Mesh-Systemen<\/a> von NETGEAR anschlie\u00dfen: Orbi RBR860S und RBRE960.<\/p>\n<h2>Leistungsstarke Router f\u00fcr Wohnungen und kleine H\u00e4user oder Upgrade auf Mesh<\/h2>\n<p>Orbi-Router sind ideal f\u00fcr diejenigen, die in kleineren H\u00e4usern oder Wohnungen leben und die \u00fcberlegene WiFi-Leistung von Orbi sowie die Flexibilit\u00e4t w\u00fcnschen, problemlos auf ein <a href=\"https:\/\/www.dehub.netgear.com\/de\/home\/wifi\/mesh\/\">Mesh-System<\/a> zu erweitern, wenn sich ihre Bed\u00fcrfnisse \u00e4ndern. Satelliten k\u00f6nnen per Knopfdruck zu diesen Routern hinzugef\u00fcgt werden, um das Netzwerk nach drau\u00dfen, zu einem neuen Anbau, zu einem neu umgebauten Dachb\u00fcro oder sogar zu einem neuen, gr\u00f6\u00dferen Haus zu erweitern. F\u00fcr diejenigen, die sofort ein Mesh-System suchen, sind beide 10-Gb-Router auch als Teil der Orbi 800er Serie (RBK863S) und 900er Serie (RBKE963) Mesh-Systeme erh\u00e4ltlich, die jeweils einen Router und zwei Satelliten umfassen.<\/p>\n<h2>Orbi 10-Gig-WiFi-6-Router RBR860S Funktionen<\/h2>\n<figure id=\"attachment_7247\" aria-describedby=\"caption-attachment-7247\" style=\"width: 300px\" class=\"wp-caption alignright\"><a href=\"https:\/\/www.dehub.netgear.com\/home\/wifi\/mesh\/rbr860s\/\"><img loading=\"lazy\" decoding=\"async\" class=\"wp-image-7247 size-medium\" src=\"https:\/\/www.dehub.netgear.com\/de\/hub\/wp-content\/uploads\/2023\/05\/orbi-860-300x225.jpg\" alt=\"10-Gig-Orbi-860-Router\" width=\"300\" height=\"225\" srcset=\"https:\/\/dehub.netgear.com\/de\/hub\/wp-content\/uploads\/2023\/05\/orbi-860-300x225.jpg 300w, https:\/\/dehub.netgear.com\/de\/hub\/wp-content\/uploads\/2023\/05\/orbi-860.jpg 714w\" sizes=\"auto, (max-width: 300px) 100vw, 300px\" \/><\/a><figcaption id=\"caption-attachment-7247\" class=\"wp-caption-text\">Orbi RBR860S 10Gb AX Router<\/figcaption><\/figure>\n<p>Der <a href=\"https:\/\/www.dehub.netgear.com\/de\/home\/wifi\/mesh\/rbr860s\/\">Orbi 860 Router<\/a> ist ein Tri-Band <a href=\"https:\/\/www.dehub.netgear.com\/de\/home\/discover\/wifi6\/\">WiFi 6<\/a> Mesh-Router, der 12 WLAN-Streams bietet, um maximale Durchsatzrate und Reichweite f\u00fcr neue und \u00e4ltere Ger\u00e4te zu gew\u00e4hrleisten. Er verf\u00fcgt auch \u00fcber einen 10-Gig-Internetport und vier 1-Gig-Ethernet-LAN-Ports sowie ein patentiertes Antennendesign, das die WiFi-Leistung seines Vorg\u00e4ngers um 20% \u00fcbertrifft und eine Abdeckung f\u00fcr mehrere Ger\u00e4te bis zu 180 QM bietet. Es gibt wirklich nichts Vergleichbares in Bezug auf Geschwindigkeit und Reichweite f\u00fcr einen einzelnen Router. Der Orbi 860 Router wird auch mit einem Jahr NETGEAR Armor\u2122-Software geliefert, um Ihre WLAN-verbundenen Ger\u00e4te mit einem Sicherheitsschild zu sch\u00fctzen.<\/p>\n<h2>Orbi 10-Gig-WiFi-6E-RBRE960-Funktionen<\/h2>\n<figure id=\"attachment_7443\" aria-describedby=\"caption-attachment-7443\" style=\"width: 300px\" class=\"wp-caption alignleft\"><a href=\"https:\/\/www.dehub.netgear.com\/home\/wifi\/mesh\/rbre960\/\"><img loading=\"lazy\" decoding=\"async\" class=\"wp-image-7443 size-medium\" src=\"https:\/\/www.dehub.netgear.com\/de\/hub\/wp-content\/uploads\/2023\/05\/orbi-rbre960_g2_779x536_tcm148-1423001-300x206.jpg\" alt=\"Orbi RBRE960 AXE Router\" width=\"300\" height=\"206\" srcset=\"https:\/\/dehub.netgear.com\/de\/hub\/wp-content\/uploads\/2023\/05\/orbi-rbre960_g2_779x536_tcm148-1423001-300x206.jpg 300w, https:\/\/dehub.netgear.com\/de\/hub\/wp-content\/uploads\/2023\/05\/orbi-rbre960_g2_779x536_tcm148-1423001-768x528.jpg 768w, https:\/\/dehub.netgear.com\/de\/hub\/wp-content\/uploads\/2023\/05\/orbi-rbre960_g2_779x536_tcm148-1423001.jpg 779w\" sizes=\"auto, (max-width: 300px) 100vw, 300px\" \/><\/a><figcaption id=\"caption-attachment-7443\" class=\"wp-caption-text\">Orbi RBRE960 10Gb AXE Router<\/figcaption><\/figure>\n<p>F\u00fcr diejenigen mit den neuesten Android-Telefonen oder Windows 11-PCs, die <a href=\"https:\/\/www.dehub.netgear.com\/de\/home\/wifi\/wifi6e\/\">WiFi 6E<\/a> unterst\u00fctzen und m\u00f6chten, dass diese Ger\u00e4te so schnell wie m\u00f6glich laufen, ist der <a href=\"https:\/\/www.dehub.netgear.com\/de\/home\/wifi\/mesh\/rbre960\/\">Orbi 960 Router<\/a> die richtige Wahl. Ausgestattet mit dem neuen 6-GHz-WLAN-Band bietet er Geschwindigkeiten von bis zu 10,8 GBit\/s f\u00fcr schnelleren Durchsatz und zuverl\u00e4ssigere Internetabdeckung f\u00fcr die kommenden Jahre, bis zu 200QM. Der Orbi 960 Router verf\u00fcgt auch \u00fcber mehrere Ports f\u00fcr eine \u00fcberlegene verkabelte Verbindung, einschlie\u00dflich eines 10-GBit\/s-Multi-Gig-Ethernet-WAN-Ports, eines 2,5-GBit\/s-Multi-Gig-Ethernet-LAN-Ports und drei 10\/100\/1000-MBit\/s-Gigabit-Ethernet-LAN-Ports. Um alle Ger\u00e4te, die mit Ihrem Orbi 960 Router verbunden sind, zu sch\u00fctzen, k\u00f6nnen Sie Armor gegen eine zus\u00e4tzliche Geb\u00fchr abonnieren.<\/p>\n<h2>Mit NETGEAR Armor &amp; Kindersicherungen<\/h2>\n<p>Beide Orbi-Router haben ein kompaktes und elegantes Design, das jede gew\u00fcnschte \u00c4sthetik eines Hauses erg\u00e4nzt. Sie sind einfach einzurichten und zu verwalten \u00fcber die <a href=\"https:\/\/www.dehub.netgear.com\/de\/home\/services\/orbi-app\/\">Orbi-App<\/a> und bieten ein Abonnement f\u00fcr <a href=\"https:\/\/www.dehub.netgear.com\/de\/home\/services\/smart-parental-controls\/\">Smart Parental Controls, um die Online-Zeit und den Zugang von Kindern zu verwalten<\/a>. Je nach Ihren WLAN-Bed\u00fcrfnissen w\u00e4re einer von beiden eine zukunftssichere Erg\u00e4nzung f\u00fcr Ihr Zuhause f\u00fcr die kommenden Jahre.<\/p>\n","protected":false},"excerpt":{"rendered":"<p>Neue Multi-Gbit-Router In einer Welt, in der wir weiterhin hybrid und remote leben und arbeiten, ist die Notwendigkeit der besten WLAN-Technologie zu Hause wichtiger denn je. Da Internet-Anbieter immer schnellere Multi-Gig-Internetgeschwindigkeiten von bis zu 5 GBit\/s erm\u00f6glichen, ben\u00f6tigen Verbraucher, die neue Netzwerkf\u00e4higkeiten nutzen und die n\u00e4chste Generation von WLAN voll aussch\u00f6pfen m\u00f6chten, einen leistungsstarken Multi-Gig-Router. [&hellip;]<\/p>\n","protected":false},"author":68,"featured_media":6613,"parent":6752,"menu_order":3,"comment_status":"closed","ping_status":"closed","template":"templates\/blog-wifi.php","meta":{"_acf_changed":false,"footnotes":""},"class_list":["post-6646","page","type-page","status-publish","has-post-thumbnail","hentry"],"acf":[],"yoast_head":"<!-- This site is optimized with the Yoast SEO plugin v27.4 - https:\/\/yoast.com\/product\/yoast-seo-wordpress\/ -->\n<title>Die ultimativen 10-Gig-Router - Schnelle Konnektivit\u00e4t entfesseln<\/title>\n<meta name=\"description\" content=\"Tauchen Sie ein in die Welt der Hochgeschwindigkeits-Konnektivit\u00e4t, geeignet f\u00fcr anspruchsvolle Anwendungen und datenintensive Aufgaben. Entdecken Sie erstklassige 10-Gigabit-Router bei NETGEAR.\" \/>\n<meta name=\"robots\" content=\"index, follow, max-snippet:-1, max-image-preview:large, max-video-preview:-1\" \/>\n<link rel=\"canonical\" href=\"https:\/\/dehub.netgear.com\/de\/hub\/wifi\/routers\/die-ultimativen-10-gbit-router\/\" \/>\n<meta property=\"og:locale\" content=\"de_DE\" \/>\n<meta property=\"og:type\" content=\"article\" \/>\n<meta property=\"og:title\" content=\"Die ultimativen 10-Gig-Router - Schnelle Konnektivit\u00e4t entfesseln\" \/>\n<meta property=\"og:description\" content=\"Tauchen Sie ein in die Welt der Hochgeschwindigkeits-Konnektivit\u00e4t, geeignet f\u00fcr anspruchsvolle Anwendungen und datenintensive Aufgaben. Entdecken Sie erstklassige 10-Gigabit-Router bei NETGEAR.\" \/>\n<meta property=\"og:url\" content=\"https:\/\/dehub.netgear.com\/de\/hub\/wifi\/routers\/die-ultimativen-10-gbit-router\/\" \/>\n<meta property=\"og:site_name\" content=\"NETGEAR Hub\" \/>\n<meta property=\"article:publisher\" content=\"https:\/\/www.facebook.com\/NetgearAU\/\" \/>\n<meta property=\"article:modified_time\" content=\"2024-11-18T06:05:48+00:00\" \/>\n<meta property=\"og:image\" content=\"https:\/\/dehub.netgear.com\/de\/hub\/wp-content\/uploads\/2023\/04\/four-col-img5.jpg\" \/>\n\t<meta property=\"og:image:width\" content=\"290\" \/>\n\t<meta property=\"og:image:height\" content=\"360\" \/>\n\t<meta property=\"og:image:type\" content=\"image\/jpeg\" \/>\n<meta name=\"twitter:card\" content=\"summary_large_image\" \/>\n<meta name=\"twitter:site\" content=\"@NETGEAR\" \/>\n<meta name=\"twitter:label1\" content=\"Gesch\u00e4tzte Lesezeit\" \/>\n\t<meta name=\"twitter:data1\" content=\"3\u00a0Minuten\" \/>\n<script type=\"application\/ld+json\" class=\"yoast-schema-graph\">{\"@context\":\"https:\\\/\\\/schema.org\",\"@graph\":[{\"@type\":\"WebPage\",\"@id\":\"https:\\\/\\\/dehub.netgear.com\\\/de\\\/hub\\\/wifi\\\/routers\\\/die-ultimativen-10-gbit-router\\\/\",\"url\":\"https:\\\/\\\/dehub.netgear.com\\\/de\\\/hub\\\/wifi\\\/routers\\\/die-ultimativen-10-gbit-router\\\/\",\"name\":\"Die ultimativen 10-Gig-Router - Schnelle Konnektivit\u00e4t entfesseln\",\"isPartOf\":{\"@id\":\"https:\\\/\\\/dehub.netgear.com\\\/de\\\/hub\\\/#website\"},\"primaryImageOfPage\":{\"@id\":\"https:\\\/\\\/dehub.netgear.com\\\/de\\\/hub\\\/wifi\\\/routers\\\/die-ultimativen-10-gbit-router\\\/#primaryimage\"},\"image\":{\"@id\":\"https:\\\/\\\/dehub.netgear.com\\\/de\\\/hub\\\/wifi\\\/routers\\\/die-ultimativen-10-gbit-router\\\/#primaryimage\"},\"thumbnailUrl\":\"https:\\\/\\\/dehub.netgear.com\\\/de\\\/hub\\\/wp-content\\\/uploads\\\/2023\\\/04\\\/four-col-img5.jpg\",\"datePublished\":\"2023-04-10T14:52:54+00:00\",\"dateModified\":\"2024-11-18T06:05:48+00:00\",\"description\":\"Tauchen Sie ein in die Welt der Hochgeschwindigkeits-Konnektivit\u00e4t, geeignet f\u00fcr anspruchsvolle Anwendungen und datenintensive Aufgaben. Entdecken Sie erstklassige 10-Gigabit-Router bei NETGEAR.\",\"breadcrumb\":{\"@id\":\"https:\\\/\\\/dehub.netgear.com\\\/de\\\/hub\\\/wifi\\\/routers\\\/die-ultimativen-10-gbit-router\\\/#breadcrumb\"},\"inLanguage\":\"de\",\"potentialAction\":[{\"@type\":\"ReadAction\",\"target\":[\"https:\\\/\\\/dehub.netgear.com\\\/de\\\/hub\\\/wifi\\\/routers\\\/die-ultimativen-10-gbit-router\\\/\"]}]},{\"@type\":\"ImageObject\",\"inLanguage\":\"de\",\"@id\":\"https:\\\/\\\/dehub.netgear.com\\\/de\\\/hub\\\/wifi\\\/routers\\\/die-ultimativen-10-gbit-router\\\/#primaryimage\",\"url\":\"https:\\\/\\\/dehub.netgear.com\\\/de\\\/hub\\\/wp-content\\\/uploads\\\/2023\\\/04\\\/four-col-img5.jpg\",\"contentUrl\":\"https:\\\/\\\/dehub.netgear.com\\\/de\\\/hub\\\/wp-content\\\/uploads\\\/2023\\\/04\\\/four-col-img5.jpg\",\"width\":290,\"height\":360},{\"@type\":\"BreadcrumbList\",\"@id\":\"https:\\\/\\\/dehub.netgear.com\\\/de\\\/hub\\\/wifi\\\/routers\\\/die-ultimativen-10-gbit-router\\\/#breadcrumb\",\"itemListElement\":[{\"@type\":\"ListItem\",\"position\":1,\"name\":\"Home\",\"item\":\"https:\\\/\\\/dehub.netgear.com\\\/de\\\/hub\\\/\"},{\"@type\":\"ListItem\",\"position\":2,\"name\":\"WiFi Tech Articles Hub\",\"item\":\"https:\\\/\\\/dehub.netgear.com\\\/de\\\/hub\\\/wifi\\\/\"},{\"@type\":\"ListItem\",\"position\":3,\"name\":\"WLAN-Router Artikel-Hub\",\"item\":\"https:\\\/\\\/dehub.netgear.com\\\/de\\\/hub\\\/wifi\\\/routers\\\/\"},{\"@type\":\"ListItem\",\"position\":4,\"name\":\"Die ultimativen 10-Gbit-Router mit WiFi 6 oder 6E\"}]},{\"@type\":\"WebSite\",\"@id\":\"https:\\\/\\\/dehub.netgear.com\\\/de\\\/hub\\\/#website\",\"url\":\"https:\\\/\\\/dehub.netgear.com\\\/de\\\/hub\\\/\",\"name\":\"NETGEAR\",\"description\":\"Erkunden Sie unsere Hub-Seiten und st\u00f6bern Sie in Artikeln, um mehr \u00fcber NETGEAR Produkte und Technologien zu erfahren.\",\"publisher\":{\"@id\":\"https:\\\/\\\/dehub.netgear.com\\\/de\\\/hub\\\/#organization\"},\"potentialAction\":[{\"@type\":\"SearchAction\",\"target\":{\"@type\":\"EntryPoint\",\"urlTemplate\":\"https:\\\/\\\/dehub.netgear.com\\\/de\\\/hub\\\/?s={search_term_string}\"},\"query-input\":{\"@type\":\"PropertyValueSpecification\",\"valueRequired\":true,\"valueName\":\"search_term_string\"}}],\"inLanguage\":\"de\"},{\"@type\":\"Organization\",\"@id\":\"https:\\\/\\\/dehub.netgear.com\\\/de\\\/hub\\\/#organization\",\"name\":\"NETGEAR\",\"url\":\"https:\\\/\\\/dehub.netgear.com\\\/de\\\/hub\\\/\",\"logo\":{\"@type\":\"ImageObject\",\"inLanguage\":\"de\",\"@id\":\"https:\\\/\\\/dehub.netgear.com\\\/de\\\/hub\\\/#\\\/schema\\\/logo\\\/image\\\/\",\"url\":\"https:\\\/\\\/www.dehub.netgear.com\\\/de\\\/hub\\\/wp-content\\\/uploads\\\/2019\\\/07\\\/NETGEAR_logo.jpg\",\"contentUrl\":\"https:\\\/\\\/www.dehub.netgear.com\\\/de\\\/hub\\\/wp-content\\\/uploads\\\/2019\\\/07\\\/NETGEAR_logo.jpg\",\"width\":1500,\"height\":501,\"caption\":\"NETGEAR\"},\"image\":{\"@id\":\"https:\\\/\\\/dehub.netgear.com\\\/de\\\/hub\\\/#\\\/schema\\\/logo\\\/image\\\/\"},\"sameAs\":[\"https:\\\/\\\/www.facebook.com\\\/NetgearAU\\\/\",\"https:\\\/\\\/x.com\\\/NETGEAR\",\"https:\\\/\\\/www.linkedin.com\\\/company\\\/netgear\"]}]}<\/script>\n<!-- \/ Yoast SEO plugin. -->","yoast_head_json":{"title":"Die ultimativen 10-Gig-Router - Schnelle Konnektivit\u00e4t entfesseln","description":"Tauchen Sie ein in die Welt der Hochgeschwindigkeits-Konnektivit\u00e4t, geeignet f\u00fcr anspruchsvolle Anwendungen und datenintensive Aufgaben. Entdecken Sie erstklassige 10-Gigabit-Router bei NETGEAR.","robots":{"index":"index","follow":"follow","max-snippet":"max-snippet:-1","max-image-preview":"max-image-preview:large","max-video-preview":"max-video-preview:-1"},"canonical":"https:\/\/dehub.netgear.com\/de\/hub\/wifi\/routers\/die-ultimativen-10-gbit-router\/","og_locale":"de_DE","og_type":"article","og_title":"Die ultimativen 10-Gig-Router - Schnelle Konnektivit\u00e4t entfesseln","og_description":"Tauchen Sie ein in die Welt der Hochgeschwindigkeits-Konnektivit\u00e4t, geeignet f\u00fcr anspruchsvolle Anwendungen und datenintensive Aufgaben. Entdecken Sie erstklassige 10-Gigabit-Router bei NETGEAR.","og_url":"https:\/\/dehub.netgear.com\/de\/hub\/wifi\/routers\/die-ultimativen-10-gbit-router\/","og_site_name":"NETGEAR Hub","article_publisher":"https:\/\/www.facebook.com\/NetgearAU\/","article_modified_time":"2024-11-18T06:05:48+00:00","og_image":[{"width":290,"height":360,"url":"https:\/\/dehub.netgear.com\/de\/hub\/wp-content\/uploads\/2023\/04\/four-col-img5.jpg","type":"image\/jpeg"}],"twitter_card":"summary_large_image","twitter_site":"@NETGEAR","twitter_misc":{"Gesch\u00e4tzte Lesezeit":"3\u00a0Minuten"},"schema":{"@context":"https:\/\/schema.org","@graph":[{"@type":"WebPage","@id":"https:\/\/dehub.netgear.com\/de\/hub\/wifi\/routers\/die-ultimativen-10-gbit-router\/","url":"https:\/\/dehub.netgear.com\/de\/hub\/wifi\/routers\/die-ultimativen-10-gbit-router\/","name":"Die ultimativen 10-Gig-Router - Schnelle Konnektivit\u00e4t entfesseln","isPartOf":{"@id":"https:\/\/dehub.netgear.com\/de\/hub\/#website"},"primaryImageOfPage":{"@id":"https:\/\/dehub.netgear.com\/de\/hub\/wifi\/routers\/die-ultimativen-10-gbit-router\/#primaryimage"},"image":{"@id":"https:\/\/dehub.netgear.com\/de\/hub\/wifi\/routers\/die-ultimativen-10-gbit-router\/#primaryimage"},"thumbnailUrl":"https:\/\/dehub.netgear.com\/de\/hub\/wp-content\/uploads\/2023\/04\/four-col-img5.jpg","datePublished":"2023-04-10T14:52:54+00:00","dateModified":"2024-11-18T06:05:48+00:00","description":"Tauchen Sie ein in die Welt der Hochgeschwindigkeits-Konnektivit\u00e4t, geeignet f\u00fcr anspruchsvolle Anwendungen und datenintensive Aufgaben. Entdecken Sie erstklassige 10-Gigabit-Router bei NETGEAR.","breadcrumb":{"@id":"https:\/\/dehub.netgear.com\/de\/hub\/wifi\/routers\/die-ultimativen-10-gbit-router\/#breadcrumb"},"inLanguage":"de","potentialAction":[{"@type":"ReadAction","target":["https:\/\/dehub.netgear.com\/de\/hub\/wifi\/routers\/die-ultimativen-10-gbit-router\/"]}]},{"@type":"ImageObject","inLanguage":"de","@id":"https:\/\/dehub.netgear.com\/de\/hub\/wifi\/routers\/die-ultimativen-10-gbit-router\/#primaryimage","url":"https:\/\/dehub.netgear.com\/de\/hub\/wp-content\/uploads\/2023\/04\/four-col-img5.jpg","contentUrl":"https:\/\/dehub.netgear.com\/de\/hub\/wp-content\/uploads\/2023\/04\/four-col-img5.jpg","width":290,"height":360},{"@type":"BreadcrumbList","@id":"https:\/\/dehub.netgear.com\/de\/hub\/wifi\/routers\/die-ultimativen-10-gbit-router\/#breadcrumb","itemListElement":[{"@type":"ListItem","position":1,"name":"Home","item":"https:\/\/dehub.netgear.com\/de\/hub\/"},{"@type":"ListItem","position":2,"name":"WiFi Tech Articles Hub","item":"https:\/\/dehub.netgear.com\/de\/hub\/wifi\/"},{"@type":"ListItem","position":3,"name":"WLAN-Router Artikel-Hub","item":"https:\/\/dehub.netgear.com\/de\/hub\/wifi\/routers\/"},{"@type":"ListItem","position":4,"name":"Die ultimativen 10-Gbit-Router mit WiFi 6 oder 6E"}]},{"@type":"WebSite","@id":"https:\/\/dehub.netgear.com\/de\/hub\/#website","url":"https:\/\/dehub.netgear.com\/de\/hub\/","name":"NETGEAR","description":"Erkunden Sie unsere Hub-Seiten und st\u00f6bern Sie in Artikeln, um mehr \u00fcber NETGEAR Produkte und Technologien zu erfahren.","publisher":{"@id":"https:\/\/dehub.netgear.com\/de\/hub\/#organization"},"potentialAction":[{"@type":"SearchAction","target":{"@type":"EntryPoint","urlTemplate":"https:\/\/dehub.netgear.com\/de\/hub\/?s={search_term_string}"},"query-input":{"@type":"PropertyValueSpecification","valueRequired":true,"valueName":"search_term_string"}}],"inLanguage":"de"},{"@type":"Organization","@id":"https:\/\/dehub.netgear.com\/de\/hub\/#organization","name":"NETGEAR","url":"https:\/\/dehub.netgear.com\/de\/hub\/","logo":{"@type":"ImageObject","inLanguage":"de","@id":"https:\/\/dehub.netgear.com\/de\/hub\/#\/schema\/logo\/image\/","url":"https:\/\/www.dehub.netgear.com\/de\/hub\/wp-content\/uploads\/2019\/07\/NETGEAR_logo.jpg","contentUrl":"https:\/\/www.dehub.netgear.com\/de\/hub\/wp-content\/uploads\/2019\/07\/NETGEAR_logo.jpg","width":1500,"height":501,"caption":"NETGEAR"},"image":{"@id":"https:\/\/dehub.netgear.com\/de\/hub\/#\/schema\/logo\/image\/"},"sameAs":["https:\/\/www.facebook.com\/NetgearAU\/","https:\/\/x.com\/NETGEAR","https:\/\/www.linkedin.com\/company\/netgear"]}]}},"_links":{"self":[{"href":"https:\/\/dehub.netgear.com\/de\/hub\/wp-json\/wp\/v2\/pages\/6646","targetHints":{"allow":["GET"]}}],"collection":[{"href":"https:\/\/dehub.netgear.com\/de\/hub\/wp-json\/wp\/v2\/pages"}],"about":[{"href":"https:\/\/dehub.netgear.com\/de\/hub\/wp-json\/wp\/v2\/types\/page"}],"author":[{"embeddable":true,"href":"https:\/\/dehub.netgear.com\/de\/hub\/wp-json\/wp\/v2\/users\/68"}],"replies":[{"embeddable":true,"href":"https:\/\/dehub.netgear.com\/de\/hub\/wp-json\/wp\/v2\/comments?post=6646"}],"version-history":[{"count":18,"href":"https:\/\/dehub.netgear.com\/de\/hub\/wp-json\/wp\/v2\/pages\/6646\/revisions"}],"predecessor-version":[{"id":9880,"href":"https:\/\/dehub.netgear.com\/de\/hub\/wp-json\/wp\/v2\/pages\/6646\/revisions\/9880"}],"up":[{"embeddable":true,"href":"https:\/\/dehub.netgear.com\/de\/hub\/wp-json\/wp\/v2\/pages\/6752"}],"wp:featuredmedia":[{"embeddable":true,"href":"https:\/\/dehub.netgear.com\/de\/hub\/wp-json\/wp\/v2\/media\/6613"}],"wp:attachment":[{"href":"https:\/\/dehub.netgear.com\/de\/hub\/wp-json\/wp\/v2\/media?parent=6646"}],"curies":[{"name":"wp","href":"https:\/\/api.w.org\/{rel}","templated":true}]}}