{"id":6132,"date":"2023-03-12T23:56:41","date_gmt":"2023-03-13T06:56:41","guid":{"rendered":"https:\/\/compareforex.com.au\/?page_id=6132"},"modified":"2024-11-18T07:02:13","modified_gmt":"2024-11-18T06:02:13","slug":"orbi-rbk853-vs-rbk863s","status":"publish","type":"page","link":"https:\/\/dehub.netgear.com\/de\/hub\/wifi\/mesh\/orbi-rbk853-vs-rbk863s\/","title":{"rendered":"Orbi RBK853 vs RBK863S"},"content":{"rendered":"    <div class=\"table-of-content bg-gray\">\n        <p><strong>IN THIS ARTICLE<\/strong><\/p>\n        <ul>\n                        <li><a href=\"#topic1\">Orbi 860 Serie: Was ist neu?<\/a><\/li>\n                        <li><a href=\"#topic2\">Orbi 860 Serie vs Orbi 850 Serie<\/a><\/li>\n                        <li><a href=\"#topic3\">\"S\" steht f\u00fcr Sicherheit<\/a><\/li>\n                        <li><a href=\"#topic4\">VERGLEICHEN SIE \u00c4HNLICHE PRODUKTE<\/a><\/li>\n                        <li><a href=\"#topic5\">Ein leistungsstarker 10-Gig-Router<\/a><\/li>\n                    <\/ul>\n    <\/div>\n        <div id=\"topic1\" class=\"skip-item\">\n                        <h2>Orbi 860 Serie: Was ist neu?<\/h2>\n                <p>Wir haben k\u00fcrzlich unsere neue Orbi 860 Serie angek\u00fcndigt, die n\u00e4chste Version unseres preisgekr\u00f6nten Tri-Band WiFi 6 Mesh-Systems. Sie baut auf einem unserer beliebtesten und meistverkauften Systeme, der Orbi 850 Serie, auf und bietet einige technologische Verbesserungen und Erg\u00e4nzungen, einschlie\u00dflich Unterst\u00fctzung f\u00fcr Multi-Gig-Verbindungen, verbessertes Antennendesign und ein inkludiertes Jahr <a href=\"https:\/\/www.dehub.netgear.com\/uk\/home\/services\/armor\/\">NETGEAR Armor<\/a>, um einen automatischen Sicherheitsschutz f\u00fcr verbundene Ger\u00e4te zu bieten.<\/p>\n    <\/div>\n        <div id=\"topic2\" class=\"skip-item\">\n                        <h2>Orbi 860 Serie vs Orbi 850 Serie<\/h2>\n                <p>Das <a href=\"https:\/\/www.dehub.netgear.com\/home\/wifi\/mesh\/rbk863s\/\">Orbi 860 3er-Pack (RBK863S)<\/a> ist ein leistungsstarkes <a href=\"https:\/\/www.dehub.netgear.com\/uk\/home\/wifi\/mesh\/\">Mesh-System f\u00fcr das ganze Zuhause<\/a>. Wie beim <a href=\"https:\/\/www.dehub.netgear.com\/uk\/home\/wifi\/mesh\/rbk853\/\">Orbi 850 Serie 3er-Pack RBK853<\/a> verf\u00fcgt es \u00fcber eine einzigartige <a href=\"https:\/\/www.dehub.netgear.com\/uk\/home\/wifi\/mesh\/tri-band-quad-band\/\">Tri-Band<\/a>-Architektur und unser patentiertes dediziertes Backhaul, das maximale Geschwindigkeiten f\u00fcr alle Ger\u00e4te im Haus sicherstellt. Mit einzigartiger WiFi-Optimierung und einem neuen, verbesserten Antennenarray bietet das Orbi 860 System mehr Reichweite und Geschwindigkeit, bis zu 20% mehr im Vergleich zur Orbi 850 Serie. Das RBK863S erreicht WiFi 6-Geschwindigkeiten von bis zu 6 Gbps f\u00fcr bis zu 100 verbundene Ger\u00e4te und eine Abdeckung von bis zu 8.000 Quadratfu\u00df, was 500 mehr als die 850 Serie ist.<\/p>\n<p>Zus\u00e4tzlich unterst\u00fctzt die Orbi 860 Serie einige der schnellsten Heim-Breitbandgeschwindigkeiten, die heute verf\u00fcgbar sind. Ein eingebauter 10-Gig-Ethernet-Port bedeutet, dass Sie sich mit den neuesten Kabel- oder Glasfaser-Internetdiensten verbinden k\u00f6nnen, mit bis zu 10 Gbps, was Ihr Netzwerk f\u00fcr die kommenden Jahre zukunftssicher macht. Die Orbi 850 Serie bietet einen 2,5-Gbps-Port, der nur 1 und 2,5 Gb unterst\u00fctzt.<\/p>\n    <\/div>\n        <div id=\"topic3\" class=\"skip-item\">\n                        <h2>\"S\" steht f\u00fcr Sicherheit<\/h2>\n                <p>F\u00fcr zus\u00e4tzliche Sicherheit beinhaltet die Orbi 860 Serie ein Jahr NETGEAR Armor, um <a>das vernetzte Zuhause vor Online-Bedrohungen zu sch\u00fctzen<\/a>. Im Gegensatz zu traditionellen Endpunkt-Antivirus-Produkten ist NETGEARs Armor in den Router integriert und bietet eine umfassende Sicherheitsl\u00f6sung, die die Aktivit\u00e4t, die ins und aus dem Internet geht, \u00fcberwacht und Computer, Sicherheitskameras, Babyphone und andere IoT-Ger\u00e4te sch\u00fctzt, externe Bedrohungen markiert und die Notwendigkeit mehrerer Sicherheitsabonnements oder Software eliminiert.<\/p>\n    <\/div>\n        <div id=\"topic4\" class=\"skip-item\">\n                        <h2>VERGLEICHEN SIE \u00c4HNLICHE PRODUKTE<\/h2>\n                <p><a href=\"https:\/\/www.dehub.netgear.com\/home\/wifi\/mesh\/rbk863sb\/\"><img loading=\"lazy\" decoding=\"async\" class=\"alignleft wp-image-7861 size-large\" src=\"https:\/\/www.dehub.netgear.com\/de\/hub\/wp-content\/uploads\/2023\/06\/rbk853-vs-rbk853sb-e1686326538776-1024x832.jpg\" alt=\"Orbi RBK853 vs RBK863S\" width=\"1024\" height=\"832\" srcset=\"https:\/\/dehub.netgear.com\/de\/hub\/wp-content\/uploads\/2023\/06\/rbk853-vs-rbk853sb-e1686326538776-1024x832.jpg 1024w, https:\/\/dehub.netgear.com\/de\/hub\/wp-content\/uploads\/2023\/06\/rbk853-vs-rbk853sb-e1686326538776-300x244.jpg 300w, https:\/\/dehub.netgear.com\/de\/hub\/wp-content\/uploads\/2023\/06\/rbk853-vs-rbk853sb-e1686326538776-768x624.jpg 768w, https:\/\/dehub.netgear.com\/de\/hub\/wp-content\/uploads\/2023\/06\/rbk853-vs-rbk853sb-e1686326538776.jpg 1400w\" sizes=\"auto, (max-width: 1024px) 100vw, 1024px\" \/><\/a><\/p>\n    <\/div>\n        <div id=\"topic5\" class=\"skip-item\">\n                        <h2>Ein leistungsstarker 10-Gig-Router<\/h2>\n                <p>Nicht verf\u00fcgbar in der 850 Serie, bieten wir einen <a href=\"https:\/\/www.dehub.netgear.com\/uk\/home\/wifi\/mesh\/rbr860s\/\">860 Serie Standalone-Router (RBR860S)<\/a>. Er ist ideal f\u00fcr diejenigen in kleineren H\u00e4usern, die die Leistung von Orbi wollen und die Option haben, bei Bedarf auf Mesh zu erweitern. Auch er kommt mit einem Jahr Armor.<\/p>\n<p>Alles in allem f\u00e4ngt die 860 Serie all das Gute der 850 Serie ein und aktualisiert es, um den sich \u00e4ndernden Bed\u00fcrfnissen der anspruchsvollsten Smart-Home-Besitzer von heute und morgen gerecht zu werden. Erfahren Sie mehr \u00fcber <a href=\"https:\/\/www.dehub.netgear.com\/uk\/home\/wifi\/mesh\/\">Orbi Mesh-Systeme<\/a>.<\/p>\n    <\/div>\n    \n","protected":false},"excerpt":{"rendered":"","protected":false},"author":68,"featured_media":7528,"parent":6707,"menu_order":2,"comment_status":"closed","ping_status":"closed","template":"templates\/mesh-vs-wifi.php","meta":{"_acf_changed":false,"footnotes":""},"class_list":["post-6132","page","type-page","status-publish","has-post-thumbnail","hentry"],"acf":[],"yoast_head":"<!-- This site is optimized with the Yoast SEO plugin v27.5 - https:\/\/yoast.com\/product\/yoast-seo-wordpress\/ -->\n<title>Navigieren Sie durch qualitativ hochwertige und leistungsstarke Optionen<\/title>\n<meta name=\"description\" content=\"Tauchen Sie ein in eine Analyse, die Ihnen hilft zu entscheiden, welches Orbi-System am besten zu Ihrem Zuhause oder B\u00fcro passt. Entdecken Sie Ihre besten Optionen f\u00fcr Konnektivit\u00e4t mit NETGEAR.\" \/>\n<meta name=\"robots\" content=\"index, follow, max-snippet:-1, max-image-preview:large, max-video-preview:-1\" \/>\n<link rel=\"canonical\" href=\"https:\/\/dehub.netgear.com\/de\/hub\/wifi\/mesh\/orbi-rbk853-vs-rbk863s\/\" \/>\n<meta property=\"og:locale\" content=\"de_DE\" \/>\n<meta property=\"og:type\" content=\"article\" \/>\n<meta property=\"og:title\" content=\"Navigieren Sie durch qualitativ hochwertige und leistungsstarke Optionen\" \/>\n<meta property=\"og:description\" content=\"Tauchen Sie ein in eine Analyse, die Ihnen hilft zu entscheiden, welches Orbi-System am besten zu Ihrem Zuhause oder B\u00fcro passt. Entdecken Sie Ihre besten Optionen f\u00fcr Konnektivit\u00e4t mit NETGEAR.\" \/>\n<meta property=\"og:url\" content=\"https:\/\/dehub.netgear.com\/de\/hub\/wifi\/mesh\/orbi-rbk853-vs-rbk863s\/\" \/>\n<meta property=\"og:site_name\" content=\"NETGEAR Hub\" \/>\n<meta property=\"article:publisher\" content=\"https:\/\/www.facebook.com\/NetgearAU\/\" \/>\n<meta property=\"article:modified_time\" content=\"2024-11-18T06:02:13+00:00\" \/>\n<meta property=\"og:image\" content=\"https:\/\/dehub.netgear.com\/de\/hub\/wp-content\/uploads\/2023\/05\/orb-850vs.jpg\" \/>\n\t<meta property=\"og:image:width\" content=\"287\" \/>\n\t<meta property=\"og:image:height\" content=\"360\" \/>\n\t<meta property=\"og:image:type\" content=\"image\/jpeg\" \/>\n<meta name=\"twitter:card\" content=\"summary_large_image\" \/>\n<meta name=\"twitter:site\" content=\"@NETGEAR\" \/>\n<script type=\"application\/ld+json\" class=\"yoast-schema-graph\">{\"@context\":\"https:\\\/\\\/schema.org\",\"@graph\":[{\"@type\":\"WebPage\",\"@id\":\"https:\\\/\\\/dehub.netgear.com\\\/de\\\/hub\\\/wifi\\\/mesh\\\/orbi-rbk853-vs-rbk863s\\\/\",\"url\":\"https:\\\/\\\/dehub.netgear.com\\\/de\\\/hub\\\/wifi\\\/mesh\\\/orbi-rbk853-vs-rbk863s\\\/\",\"name\":\"Navigieren Sie durch qualitativ hochwertige und leistungsstarke Optionen\",\"isPartOf\":{\"@id\":\"https:\\\/\\\/dehub.netgear.com\\\/de\\\/hub\\\/#website\"},\"primaryImageOfPage\":{\"@id\":\"https:\\\/\\\/dehub.netgear.com\\\/de\\\/hub\\\/wifi\\\/mesh\\\/orbi-rbk853-vs-rbk863s\\\/#primaryimage\"},\"image\":{\"@id\":\"https:\\\/\\\/dehub.netgear.com\\\/de\\\/hub\\\/wifi\\\/mesh\\\/orbi-rbk853-vs-rbk863s\\\/#primaryimage\"},\"thumbnailUrl\":\"https:\\\/\\\/dehub.netgear.com\\\/de\\\/hub\\\/wp-content\\\/uploads\\\/2023\\\/05\\\/orb-850vs.jpg\",\"datePublished\":\"2023-03-13T06:56:41+00:00\",\"dateModified\":\"2024-11-18T06:02:13+00:00\",\"description\":\"Tauchen Sie ein in eine Analyse, die Ihnen hilft zu entscheiden, welches Orbi-System am besten zu Ihrem Zuhause oder B\u00fcro passt. Entdecken Sie Ihre besten Optionen f\u00fcr Konnektivit\u00e4t mit NETGEAR.\",\"breadcrumb\":{\"@id\":\"https:\\\/\\\/dehub.netgear.com\\\/de\\\/hub\\\/wifi\\\/mesh\\\/orbi-rbk853-vs-rbk863s\\\/#breadcrumb\"},\"inLanguage\":\"de\",\"potentialAction\":[{\"@type\":\"ReadAction\",\"target\":[\"https:\\\/\\\/dehub.netgear.com\\\/de\\\/hub\\\/wifi\\\/mesh\\\/orbi-rbk853-vs-rbk863s\\\/\"]}]},{\"@type\":\"ImageObject\",\"inLanguage\":\"de\",\"@id\":\"https:\\\/\\\/dehub.netgear.com\\\/de\\\/hub\\\/wifi\\\/mesh\\\/orbi-rbk853-vs-rbk863s\\\/#primaryimage\",\"url\":\"https:\\\/\\\/dehub.netgear.com\\\/de\\\/hub\\\/wp-content\\\/uploads\\\/2023\\\/05\\\/orb-850vs.jpg\",\"contentUrl\":\"https:\\\/\\\/dehub.netgear.com\\\/de\\\/hub\\\/wp-content\\\/uploads\\\/2023\\\/05\\\/orb-850vs.jpg\",\"width\":287,\"height\":360},{\"@type\":\"BreadcrumbList\",\"@id\":\"https:\\\/\\\/dehub.netgear.com\\\/de\\\/hub\\\/wifi\\\/mesh\\\/orbi-rbk853-vs-rbk863s\\\/#breadcrumb\",\"itemListElement\":[{\"@type\":\"ListItem\",\"position\":1,\"name\":\"Home\",\"item\":\"https:\\\/\\\/dehub.netgear.com\\\/de\\\/hub\\\/\"},{\"@type\":\"ListItem\",\"position\":2,\"name\":\"WiFi Tech Articles Hub\",\"item\":\"https:\\\/\\\/dehub.netgear.com\\\/de\\\/hub\\\/wifi\\\/\"},{\"@type\":\"ListItem\",\"position\":3,\"name\":\"Mesh-WLAN\",\"item\":\"https:\\\/\\\/dehub.netgear.com\\\/de\\\/hub\\\/wifi\\\/mesh\\\/\"},{\"@type\":\"ListItem\",\"position\":4,\"name\":\"Orbi RBK853 vs RBK863S\"}]},{\"@type\":\"WebSite\",\"@id\":\"https:\\\/\\\/dehub.netgear.com\\\/de\\\/hub\\\/#website\",\"url\":\"https:\\\/\\\/dehub.netgear.com\\\/de\\\/hub\\\/\",\"name\":\"NETGEAR\",\"description\":\"Erkunden Sie unsere Hub-Seiten und st\u00f6bern Sie in Artikeln, um mehr \u00fcber NETGEAR Produkte und Technologien zu erfahren.\",\"publisher\":{\"@id\":\"https:\\\/\\\/dehub.netgear.com\\\/de\\\/hub\\\/#organization\"},\"potentialAction\":[{\"@type\":\"SearchAction\",\"target\":{\"@type\":\"EntryPoint\",\"urlTemplate\":\"https:\\\/\\\/dehub.netgear.com\\\/de\\\/hub\\\/?s={search_term_string}\"},\"query-input\":{\"@type\":\"PropertyValueSpecification\",\"valueRequired\":true,\"valueName\":\"search_term_string\"}}],\"inLanguage\":\"de\"},{\"@type\":\"Organization\",\"@id\":\"https:\\\/\\\/dehub.netgear.com\\\/de\\\/hub\\\/#organization\",\"name\":\"NETGEAR\",\"url\":\"https:\\\/\\\/dehub.netgear.com\\\/de\\\/hub\\\/\",\"logo\":{\"@type\":\"ImageObject\",\"inLanguage\":\"de\",\"@id\":\"https:\\\/\\\/dehub.netgear.com\\\/de\\\/hub\\\/#\\\/schema\\\/logo\\\/image\\\/\",\"url\":\"https:\\\/\\\/www.dehub.netgear.com\\\/de\\\/hub\\\/wp-content\\\/uploads\\\/2019\\\/07\\\/NETGEAR_logo.jpg\",\"contentUrl\":\"https:\\\/\\\/www.dehub.netgear.com\\\/de\\\/hub\\\/wp-content\\\/uploads\\\/2019\\\/07\\\/NETGEAR_logo.jpg\",\"width\":1500,\"height\":501,\"caption\":\"NETGEAR\"},\"image\":{\"@id\":\"https:\\\/\\\/dehub.netgear.com\\\/de\\\/hub\\\/#\\\/schema\\\/logo\\\/image\\\/\"},\"sameAs\":[\"https:\\\/\\\/www.facebook.com\\\/NetgearAU\\\/\",\"https:\\\/\\\/x.com\\\/NETGEAR\",\"https:\\\/\\\/www.linkedin.com\\\/company\\\/netgear\"]}]}<\/script>\n<!-- \/ Yoast SEO plugin. -->","yoast_head_json":{"title":"Navigieren Sie durch qualitativ hochwertige und leistungsstarke Optionen","description":"Tauchen Sie ein in eine Analyse, die Ihnen hilft zu entscheiden, welches Orbi-System am besten zu Ihrem Zuhause oder B\u00fcro passt. Entdecken Sie Ihre besten Optionen f\u00fcr Konnektivit\u00e4t mit NETGEAR.","robots":{"index":"index","follow":"follow","max-snippet":"max-snippet:-1","max-image-preview":"max-image-preview:large","max-video-preview":"max-video-preview:-1"},"canonical":"https:\/\/dehub.netgear.com\/de\/hub\/wifi\/mesh\/orbi-rbk853-vs-rbk863s\/","og_locale":"de_DE","og_type":"article","og_title":"Navigieren Sie durch qualitativ hochwertige und leistungsstarke Optionen","og_description":"Tauchen Sie ein in eine Analyse, die Ihnen hilft zu entscheiden, welches Orbi-System am besten zu Ihrem Zuhause oder B\u00fcro passt. Entdecken Sie Ihre besten Optionen f\u00fcr Konnektivit\u00e4t mit NETGEAR.","og_url":"https:\/\/dehub.netgear.com\/de\/hub\/wifi\/mesh\/orbi-rbk853-vs-rbk863s\/","og_site_name":"NETGEAR Hub","article_publisher":"https:\/\/www.facebook.com\/NetgearAU\/","article_modified_time":"2024-11-18T06:02:13+00:00","og_image":[{"width":287,"height":360,"url":"https:\/\/dehub.netgear.com\/de\/hub\/wp-content\/uploads\/2023\/05\/orb-850vs.jpg","type":"image\/jpeg"}],"twitter_card":"summary_large_image","twitter_site":"@NETGEAR","schema":{"@context":"https:\/\/schema.org","@graph":[{"@type":"WebPage","@id":"https:\/\/dehub.netgear.com\/de\/hub\/wifi\/mesh\/orbi-rbk853-vs-rbk863s\/","url":"https:\/\/dehub.netgear.com\/de\/hub\/wifi\/mesh\/orbi-rbk853-vs-rbk863s\/","name":"Navigieren Sie durch qualitativ hochwertige und leistungsstarke Optionen","isPartOf":{"@id":"https:\/\/dehub.netgear.com\/de\/hub\/#website"},"primaryImageOfPage":{"@id":"https:\/\/dehub.netgear.com\/de\/hub\/wifi\/mesh\/orbi-rbk853-vs-rbk863s\/#primaryimage"},"image":{"@id":"https:\/\/dehub.netgear.com\/de\/hub\/wifi\/mesh\/orbi-rbk853-vs-rbk863s\/#primaryimage"},"thumbnailUrl":"https:\/\/dehub.netgear.com\/de\/hub\/wp-content\/uploads\/2023\/05\/orb-850vs.jpg","datePublished":"2023-03-13T06:56:41+00:00","dateModified":"2024-11-18T06:02:13+00:00","description":"Tauchen Sie ein in eine Analyse, die Ihnen hilft zu entscheiden, welches Orbi-System am besten zu Ihrem Zuhause oder B\u00fcro passt. Entdecken Sie Ihre besten Optionen f\u00fcr Konnektivit\u00e4t mit NETGEAR.","breadcrumb":{"@id":"https:\/\/dehub.netgear.com\/de\/hub\/wifi\/mesh\/orbi-rbk853-vs-rbk863s\/#breadcrumb"},"inLanguage":"de","potentialAction":[{"@type":"ReadAction","target":["https:\/\/dehub.netgear.com\/de\/hub\/wifi\/mesh\/orbi-rbk853-vs-rbk863s\/"]}]},{"@type":"ImageObject","inLanguage":"de","@id":"https:\/\/dehub.netgear.com\/de\/hub\/wifi\/mesh\/orbi-rbk853-vs-rbk863s\/#primaryimage","url":"https:\/\/dehub.netgear.com\/de\/hub\/wp-content\/uploads\/2023\/05\/orb-850vs.jpg","contentUrl":"https:\/\/dehub.netgear.com\/de\/hub\/wp-content\/uploads\/2023\/05\/orb-850vs.jpg","width":287,"height":360},{"@type":"BreadcrumbList","@id":"https:\/\/dehub.netgear.com\/de\/hub\/wifi\/mesh\/orbi-rbk853-vs-rbk863s\/#breadcrumb","itemListElement":[{"@type":"ListItem","position":1,"name":"Home","item":"https:\/\/dehub.netgear.com\/de\/hub\/"},{"@type":"ListItem","position":2,"name":"WiFi Tech Articles Hub","item":"https:\/\/dehub.netgear.com\/de\/hub\/wifi\/"},{"@type":"ListItem","position":3,"name":"Mesh-WLAN","item":"https:\/\/dehub.netgear.com\/de\/hub\/wifi\/mesh\/"},{"@type":"ListItem","position":4,"name":"Orbi RBK853 vs RBK863S"}]},{"@type":"WebSite","@id":"https:\/\/dehub.netgear.com\/de\/hub\/#website","url":"https:\/\/dehub.netgear.com\/de\/hub\/","name":"NETGEAR","description":"Erkunden Sie unsere Hub-Seiten und st\u00f6bern Sie in Artikeln, um mehr \u00fcber NETGEAR Produkte und Technologien zu erfahren.","publisher":{"@id":"https:\/\/dehub.netgear.com\/de\/hub\/#organization"},"potentialAction":[{"@type":"SearchAction","target":{"@type":"EntryPoint","urlTemplate":"https:\/\/dehub.netgear.com\/de\/hub\/?s={search_term_string}"},"query-input":{"@type":"PropertyValueSpecification","valueRequired":true,"valueName":"search_term_string"}}],"inLanguage":"de"},{"@type":"Organization","@id":"https:\/\/dehub.netgear.com\/de\/hub\/#organization","name":"NETGEAR","url":"https:\/\/dehub.netgear.com\/de\/hub\/","logo":{"@type":"ImageObject","inLanguage":"de","@id":"https:\/\/dehub.netgear.com\/de\/hub\/#\/schema\/logo\/image\/","url":"https:\/\/www.dehub.netgear.com\/de\/hub\/wp-content\/uploads\/2019\/07\/NETGEAR_logo.jpg","contentUrl":"https:\/\/www.dehub.netgear.com\/de\/hub\/wp-content\/uploads\/2019\/07\/NETGEAR_logo.jpg","width":1500,"height":501,"caption":"NETGEAR"},"image":{"@id":"https:\/\/dehub.netgear.com\/de\/hub\/#\/schema\/logo\/image\/"},"sameAs":["https:\/\/www.facebook.com\/NetgearAU\/","https:\/\/x.com\/NETGEAR","https:\/\/www.linkedin.com\/company\/netgear"]}]}},"_links":{"self":[{"href":"https:\/\/dehub.netgear.com\/de\/hub\/wp-json\/wp\/v2\/pages\/6132","targetHints":{"allow":["GET"]}}],"collection":[{"href":"https:\/\/dehub.netgear.com\/de\/hub\/wp-json\/wp\/v2\/pages"}],"about":[{"href":"https:\/\/dehub.netgear.com\/de\/hub\/wp-json\/wp\/v2\/types\/page"}],"author":[{"embeddable":true,"href":"https:\/\/dehub.netgear.com\/de\/hub\/wp-json\/wp\/v2\/users\/68"}],"replies":[{"embeddable":true,"href":"https:\/\/dehub.netgear.com\/de\/hub\/wp-json\/wp\/v2\/comments?post=6132"}],"version-history":[{"count":12,"href":"https:\/\/dehub.netgear.com\/de\/hub\/wp-json\/wp\/v2\/pages\/6132\/revisions"}],"predecessor-version":[{"id":9873,"href":"https:\/\/dehub.netgear.com\/de\/hub\/wp-json\/wp\/v2\/pages\/6132\/revisions\/9873"}],"up":[{"embeddable":true,"href":"https:\/\/dehub.netgear.com\/de\/hub\/wp-json\/wp\/v2\/pages\/6707"}],"wp:featuredmedia":[{"embeddable":true,"href":"https:\/\/dehub.netgear.com\/de\/hub\/wp-json\/wp\/v2\/media\/7528"}],"wp:attachment":[{"href":"https:\/\/dehub.netgear.com\/de\/hub\/wp-json\/wp\/v2\/media?parent=6132"}],"curies":[{"name":"wp","href":"https:\/\/api.w.org\/{rel}","templated":true}]}}