{"id":11160,"date":"2025-12-16T14:20:09","date_gmt":"2026-01-05T13:20:24","guid":{"rendered":"https:\/\/dehub.netgear.com\/de\/hub\/?page_id=11160"},"modified":"2026-01-05T14:21:55","modified_gmt":"2026-01-05T13:21:55","slug":"wyrestorm-netgear-jpeg2000-av-over-ip-collaboration","status":"publish","type":"page","link":"https:\/\/dehub.netgear.com\/de\/hub\/business\/av\/wyrestorm-netgear-jpeg2000-av-over-ip-collaboration\/","title":{"rendered":"JPEG2000-Innovation treibt die Zusammenarbeit zwischen WyreStorm und NETGEAR AV voran"},"content":{"rendered":"<p><img loading=\"lazy\" decoding=\"async\" class=\"alignone size-full wp-image-10681\" style=\"border-radius: 1em;\" src=\"https:\/\/www.netgear.com\/hub\/wp-content\/uploads\/2025\/12\/Maclesfield_FC-33-1200x800-1.jpg\" alt=\"\" width=\"1048\" height=\"511\" \/><\/p>\n    <div class=\"table-of-content bg-gray\">\n        <p><strong>IN THIS ARTICLE<\/strong><\/p>\n        <ul>\n                        <li><a href=\"#topic1\">AV EVOLVED \u2013 Partnerschaften der n\u00e4chsten Generation f\u00fcr AV der n\u00e4chsten Generation<\/a><\/li>\n                        <li><a href=\"#topic2\">Leistungsstarke Signalverteilung mit NetworkHD 500<\/a><\/li>\n                        <li><a href=\"#topic3\">NETGEAR AV Line Switching f\u00fcr maximale Performance<\/a><\/li>\n                        <li><a href=\"#topic4\">Umfassende USB-over-IP-Integration<\/a><\/li>\n                        <li><a href=\"#topic5\">Skalierbare Enterprise-Leistung<\/a><\/li>\n                        <li><a href=\"#topic6\">Intelligentes Routing und Netzwerkintegration<\/a><\/li>\n                        <li><a href=\"#topic7\">Strategische Kanal-Ausrichtung<\/a><\/li>\n                        <li><a href=\"#topic8\">Mehr Informationen<\/a><\/li>\n                    <\/ul>\n    <\/div>\n        <div id=\"topic1\" class=\"skip-item\">\n                        <h2>AV EVOLVED \u2013 Partnerschaften der n\u00e4chsten Generation f\u00fcr AV der n\u00e4chsten Generation<\/h2>\n                <p>Die professionelle AV-Branche verlagert sich zunehmend hin zu netzwerkbasierter Signalverteilung, was die Nachfrage nach Systemen schafft, die herausragende visuelle Leistung bieten und gleichzeitig die Installation in unterschiedlichsten Umgebungen vereinfachen.<\/p>\n<p>Die strategische Partnerschaft zwischen WyreStorm und NETGEAR zeigt, wie fortschrittliche JPEG2000-Kodierungstechnologie mit intelligentem Netzwerk-Switching zusammenkommt. Das Ergebnis? Skalierbare, sofort einsatzbereite Installationen, die ultra-niedrige Latenzen, flexible Transportm\u00f6glichkeiten und umfassende Steuerung in Unternehmens-, Bildungs-, Regierungs- und Kontrollraumumgebungen liefern.<\/p>\n    <\/div>\n        <div id=\"topic2\" class=\"skip-item\">\n                        <h2>Leistungsstarke Signalverteilung mit NetworkHD 500<\/h2>\n                <p data-start=\"823\" data-end=\"1244\">Die <strong data-start=\"827\" data-end=\"850\">NetworkHD 500-Serie<\/strong> von WyreStorm bietet herausragende Signalverteilung durch fortschrittliche JPEG2000-Kodierung und unterst\u00fctzt 4K60 4:4:4-Inhalte einschlie\u00dflich <strong data-start=\"995\" data-end=\"1026\">Dolby Vision, HDR10 und HLG<\/strong>. Dieser Ansatz beseitigt die Komplexit\u00e4t traditioneller AV-Installationen, w\u00e4hrend die professionelle Bildqualit\u00e4t erhalten bleibt \u2013 mit Latenzen von nur <strong data-start=\"1181\" data-end=\"1189\">4 ms<\/strong>, was ultra-reaktive, Echtzeit-Leistung sicherstellt.<\/p>\n<p data-start=\"1246\" data-end=\"1711\">Die Encoder <strong data-start=\"1258\" data-end=\"1275\">NHD-500-TX v2<\/strong> und Decoder <strong data-start=\"1288\" data-end=\"1305\">NHD-500-RX v2<\/strong> unterst\u00fctzen sowohl <strong data-start=\"1326\" data-end=\"1370\">Ethernet- als auch Glasfaserverbindungen<\/strong>, was maximale Installationsflexibilit\u00e4t bietet: Ethernet erm\u00f6glicht \u00dcbertragungen bis zu 100 m, Glasfaser bis zu 10 km (abh\u00e4ngig vom gew\u00e4hlten Modul). Zus\u00e4tzlich verf\u00fcgen sie \u00fcber einen Ethernet-Port, der die <strong data-start=\"1580\" data-end=\"1614\">Dante AV-A-Netzwerkintegration<\/strong> oder die direkte Anbindung lokaler Ger\u00e4te unterst\u00fctzt, was die Einsatzm\u00f6glichkeiten erweitert.<\/p>\n<p data-start=\"1713\" data-end=\"2254\">Der <strong data-start=\"1717\" data-end=\"1731\">NHD-510-TX<\/strong> repr\u00e4sentiert die neueste Evolution der NetworkHD 500-Familie. Er verf\u00fcgt \u00fcber <strong data-start=\"1811\" data-end=\"1839\">HDMI- und USB-C-Eing\u00e4nge<\/strong> mit intelligenter Auto-Switching-Funktion, die automatisch die aktive Quelle ausw\u00e4hlt, um nahtlose \u00dcberg\u00e4nge bei Pr\u00e4sentationen und kollaborativen Sessions zu gew\u00e4hrleisten. Der Encoder unterst\u00fctzt <strong data-start=\"2038\" data-end=\"2052\">Dante AV-A<\/strong> mit dedizierten 2\u00d72-Audiokan\u00e4len, einen HDMI-Loop-Out f\u00fcr lokale Displays und ultra-schnelles Switching von unter einer Sekunde zwischen Quellen \u2013 entscheidend f\u00fcr dynamische Pr\u00e4sentationsumgebungen.<\/p>\n<p data-start=\"1713\" data-end=\"2254\"><img loading=\"lazy\" decoding=\"async\" class=\"aligncenter size-medium wp-image-22610\" src=\"https:\/\/www.netgear.com\/hub\/wp-content\/uploads\/2025\/12\/NHD-500-TX-v2_Stacked_FrntTilt_Ang_BG-300x163.jpg\" alt=\"\" width=\"300\" height=\"163\" \/><\/p>\n    <\/div>\n        <div id=\"topic3\" class=\"skip-item\">\n                        <h2>NETGEAR AV Line Switching f\u00fcr maximale Performance<\/h2>\n                <p data-start=\"2317\" data-end=\"2668\">Die <strong data-start=\"2321\" data-end=\"2358\">AV Line M4250- und M4300-Switches<\/strong> von NETGEAR bilden das Fundament f\u00fcr NetworkHD-Technologie. Vorgefertigte Profile gew\u00e4hrleisten sofort optimale Leistung f\u00fcr WyreStorm-Systeme. Die NETGEAR-Infrastruktur liefert Bandbreite, pr\u00e4zise Timing-Funktionen und Quality-of-Service-Features, die f\u00fcr professionellen JPEG2000-Transport notwendig sind.<\/p>\n<p data-start=\"2670\" data-end=\"2959\">Diese Kombination erm\u00f6glicht Integratoren, komplexe Matrix-Switching-Systeme zu erstellen, bei denen jeder Encoder und Decoder <strong data-start=\"2797\" data-end=\"2869\">unabh\u00e4ngig gesteuert und \u00fcber die NetworkHD Touch-Anwendung geroutet<\/strong> werden kann \u2013 und gleichzeitig von NETGEARs zuverl\u00e4ssigem Netzwerk-Backbone profitiert.<\/p>\n    <\/div>\n        <div id=\"topic4\" class=\"skip-item\">\n                        <h2>Umfassende USB-over-IP-Integration<\/h2>\n                <p data-start=\"3006\" data-end=\"3370\">Das NetworkHD-\u00d6kosystem geht \u00fcber Audio- und Videotransport hinaus und umfasst <strong data-start=\"3085\" data-end=\"3106\">USB-Konnektivit\u00e4t<\/strong> \u00fcber den <strong data-start=\"3116\" data-end=\"3143\">NHD-USB-TRX-Transceiver<\/strong>. Dieses leistungsstarke Ger\u00e4t erm\u00f6glicht die nahtlose Erweiterung von USB-2.0-Ger\u00e4ten \u2013 Kameras, Tastaturen, M\u00e4use und Touchdisplays \u2013 \u00fcber Standard-IP-Netzwerke, mit Unterst\u00fctzung von bis zu 7 USB-Ger\u00e4ten und 21 Endpunkten.<\/p>\n<p data-start=\"3372\" data-end=\"3896\">Die flexible Bereitstellung erfolgt \u00fcber eine einfache DIP-Schalter-Konfiguration, die den Betrieb als <strong data-start=\"3475\" data-end=\"3500\">Sender oder Empf\u00e4nger<\/strong> erlaubt. Mit Unterst\u00fctzung f\u00fcr <strong data-start=\"3532\" data-end=\"3539\">PoE<\/strong> und <strong data-start=\"3544\" data-end=\"3561\">SFP-Glasfaser<\/strong> bietet der Transceiver USB-Extension \u00fcber lange Strecken bei minimaler Latenz \u2013 ideal f\u00fcr Tastatur-\/Maussteuerung und interaktive Anwendungen. Er l\u00e4sst sich nahtlos in die NetworkHD 500-Serie integrieren und erm\u00f6glicht Integratoren, bestehende AV-over-IP-Systeme um USB-Funktionalit\u00e4t zu erweitern, ohne die Infrastruktur zu \u00e4ndern.<\/p>\n    <\/div>\n        <div id=\"topic5\" class=\"skip-item\">\n                        <h2>Skalierbare Enterprise-Leistung<\/h2>\n                <p data-start=\"3940\" data-end=\"4339\">NetworkHD 500-L\u00f6sungen k\u00f6nnen frei kombiniert werden \u2013 von einfacher Punkt-zu-Punkt-Verteilung bis hin zu komplexen Multi-Room-Installationen mit <strong data-start=\"4086\" data-end=\"4129\">fortschrittlicher Videowandverarbeitung<\/strong>. Der NHD-500-RX-Decoder unterst\u00fctzt Videow\u00e4nde bis <strong data-start=\"4181\" data-end=\"4190\">16\u00d716<\/strong> mit vollst\u00e4ndiger Blendenkompensation und Mosaik-Konfigurationen \u2013 ideal f\u00fcr beeindruckende Gro\u00dfformat-Displays in Kontrollr\u00e4umen und Leitstellen.<\/p>\n<p data-start=\"4341\" data-end=\"4724\">Die Partnerschaft liefert <strong data-start=\"4367\" data-end=\"4413\">konstante 4-ms-Latenz im Passthrough-Modus<\/strong>, wodurch Inhalte ohne wahrnehmbare Verz\u00f6gerung verteilt werden. Ob f\u00fcr einen einzelnen Konferenzraum oder campusweite Installationen mit hunderten Endpunkten \u2013 jede Implementierung profitiert von professioneller Bildqualit\u00e4t und intelligenten Managementfunktionen \u00fcber NetworkHD Touch, inklusive HD-Vorschau.<\/p>\n    <\/div>\n        <div id=\"topic6\" class=\"skip-item\">\n                        <h2>Intelligentes Routing und Netzwerkintegration<\/h2>\n                <p>NetworkHD nutzt leistungsstarke <strong data-start=\"4814\" data-end=\"4833\">Routing-Engines<\/strong>, die Audio-, Video-, USB- und Steuersignale <strong data-start=\"4878\" data-end=\"4904\">diskret und unabh\u00e4ngig<\/strong> zwischen Encodern und Decodern routen. In Kombination mit <strong data-start=\"4963\" data-end=\"4984\">NETGEAR IGMP Plus<\/strong> f\u00fcr automatisches Multicast-Management und r\u00fcckseitigen Ports f\u00fcr saubere Rack-Integration entsteht ein komplettes \u00d6kosystem: Netzwerk-Infrastruktur und Signalverteilung arbeiten zusammen, um h\u00f6chste Performance bei minimaler Konfigurationskomplexit\u00e4t zu gew\u00e4hrleisten.<\/p>\n    <\/div>\n        <div id=\"topic7\" class=\"skip-item\">\n                        <h2>Strategische Kanal-Ausrichtung<\/h2>\n                <p data-start=\"5299\" data-end=\"5642\">WyreStorm f\u00fchrt nun <strong data-start=\"5319\" data-end=\"5376\">NETGEAR-Switches vorinstalliert f\u00fcr NetworkHD-Systeme<\/strong>, sodass Kunden AV-over-IP-L\u00f6sungen nahtlos mit vollst\u00e4ndig kompatiblen Switches integrieren k\u00f6nnen. Diese Partnerschaft unterstreicht das gemeinsame Engagement, professionelle AV-Installationen durch validierte Technologie und umfassenden Support zu vereinfachen.<\/p>\n<p data-start=\"5644\" data-end=\"5890\" data-is-last-node=\"\" data-is-only-node=\"\">Integratoren k\u00f6nnen komplette AV-over-IP-L\u00f6sungen mit Zuversicht implementieren, da die Netzwerk-Infrastruktur explizit f\u00fcr WyreStorm-Endpunkte validiert wurde \u2013 durch umfangreiche Tests und Optimierungen der Engineering-Teams beider Unternehmen.<\/p>\n    <\/div>\n        <div id=\"topic8\" class=\"skip-item\">\n                        <h2>Mehr Informationen<\/h2>\n                <p><!-- IT NETGEAR BUSINESS-L\u00d6SUNGEN--><br \/>\nMehr \u00fcber unsere Business-Produkte erfahren<\/p>\n<div class=\"hs-cta-embed hs-cta-simple-placeholder hs-cta-embed-243392275167\" style=\"max-width: 100%;max-height: 100%;width: 260px;height: 50.390625px\" data-hubspot-wrapper-cta-id=\"243392275167\"><a href=\"https:\/\/cta-na2.hubspot.com\/web-interactives\/public\/v1\/track\/redirect?encryptedPayload=AVxigLI%2Fu8J7nFnep8w0CfLqqlWixXySh0cANLn7TQ3MtLEGeFdfhQxw3AVxVzYlZOkZoVB4gdslqY4il1pZTz7RSKy0mNw%2BF1Y6bdIwWiFAFfgtF%2FkXW%2Fmq0JFY6OQExFSwjiafSp97IxwGv6iNNhiT9X6MQziOnjaAnh9UsXCYR2VD1S791%2F7MVwT1TQ%3D%3D&amp;webInteractiveContentId=243392275167&amp;portalId=242128791\" target=\"_blank\" rel=\"noopener\"><br \/>\n<img decoding=\"async\" style=\"height: 100%;width: 100%;object-fit: fill\" src=\"https:\/\/hubspot-no-cache-na2-prod.s3.amazonaws.com\/cta\/default\/242128791\/interactive-243392275167.png\" alt=\"NETGEAR AV-L\u00d6SUNGEN\" \/><br \/>\n<\/a><\/div>\n<p><!-- IT ACADEMY --><br \/>\nAlles \u00fcber IP-Netzwerke lernen \u2013 in der NETGEAR ACADEMY<\/p>\n<div class=\"hs-cta-embed hs-cta-simple-placeholder hs-cta-embed-243357267644\" style=\"max-width: 100%;max-height: 100%;width: 260px;height: 50.390625px\" data-hubspot-wrapper-cta-id=\"243357267644\"><a href=\"https:\/\/cta-na2.hubspot.com\/web-interactives\/public\/v1\/track\/redirect?encryptedPayload=AVxigLKW9uCCU9FL7iPOCpU%2BvA8Z1UfLRQT8691iSSqh%2BqLrpD%2FITlt6RGXTdhci0W5DkR0wb%2FpK%2BWToDj8Qf0HaQwR0kyzZgK35i%2BhitHvCmHPH8BmXutiugzeYtEHOY6aYTSXoNxDjJJwwtUXAzSqnxQuhx5jjnWcHl4zUp4Dt1tTG2PymP7esgNCNHKHECJ76tda5x0hFMo8JQo6UwGGb9CBw4fyYnA%3D%3D&amp;webInteractiveContentId=243357267644&amp;portalId=242128791\" target=\"_blank\" rel=\"noopener\"><br \/>\n<img decoding=\"async\" style=\"height: 100%;width: 100%;object-fit: fill\" src=\"https:\/\/hubspot-no-cache-na2-prod.s3.amazonaws.com\/cta\/default\/242128791\/interactive-243357267644.png\" alt=\"NETGEAR ACADEMY\" \/><br \/>\n<\/a><\/div>\n<p><!-- KONTAKT PRO-IT-TEAM --><br \/>\nUnsere Ingenieure unterst\u00fctzen Sie kostenlos bei Ihrem Projekt<\/p>\n<div class=\"hs-cta-embed hs-cta-simple-placeholder hs-cta-embed-243357266676\" style=\"max-width: 100%;max-height: 100%;width: 270px;height: 50.390625px\" data-hubspot-wrapper-cta-id=\"243357266676\"><a href=\"https:\/\/cta-na2.hubspot.com\/web-interactives\/public\/v1\/track\/redirect?encryptedPayload=AVxigLL9MaHliYSOIHWsJvXrVuyffxSFGu%2FOD4neANfzotKQLgtjDgnA0CFJQWLPGl5hkjLPFJf7A76nk1yWw939l8y7nc4NGJ1%2Fa58epF2QbqIhW7KyV%2Fr75%2B8GCI%2FfEXyeGuic8buAEe%2F8pDQ63tT6ExQvwvvuG%2BeK5mOqM%2FlNsZUaeR4q5pghXZB3yAUIu7WWwKynlh9Y3Ug9ymAN6sNjHEzXMCgwSYmLqMh7eixTsrgTswO85eLb8rCODQ%3D%3D&amp;webInteractiveContentId=243357266676&amp;portalId=242128791\" target=\"_blank\" rel=\"noopener\"><br \/>\n<img decoding=\"async\" style=\"height: 100%;width: 100%;object-fit: fill\" src=\"https:\/\/hubspot-no-cache-na2-prod.s3.amazonaws.com\/cta\/default\/242128791\/interactive-243357266676.png\" alt=\"KONTAKT PROAV-TEAM\" \/><br \/>\n<\/a><\/div>\n<p style=\"margin-top: 50px\"><iframe loading=\"lazy\" src=\"https:\/\/405nrr.share-na2.hsforms.com\/25w_D-U5iS-e5KaSaP86jnQ\" width=\"100%\" height=\"1200px\"><\/iframe><\/p>\n    <\/div>\n    \n","protected":false},"excerpt":{"rendered":"","protected":false},"author":94,"featured_media":11161,"parent":6754,"menu_order":0,"comment_status":"closed","ping_status":"closed","template":"templates\/blog-wifi.php","meta":{"_acf_changed":false,"footnotes":""},"class_list":["post-11160","page","type-page","status-publish","has-post-thumbnail","hentry"],"acf":[],"yoast_head":"<!-- This site is optimized with the Yoast SEO plugin v27.4 - https:\/\/yoast.com\/product\/yoast-seo-wordpress\/ -->\n<title>JPEG2000-Innovation treibt die Zusammenarbeit zwischen WyreStorm und NETGEAR AV voran - NETGEAR Hub<\/title>\n<meta name=\"description\" content=\"JPEG2000-Innovation treibt die Zusammenarbeit zwischen WyreStorm und NETGEAR AV voran\" \/>\n<meta name=\"robots\" content=\"index, follow, max-snippet:-1, max-image-preview:large, max-video-preview:-1\" \/>\n<link rel=\"canonical\" href=\"https:\/\/dehub.netgear.com\/de\/hub\/business\/av\/wyrestorm-netgear-jpeg2000-av-over-ip-collaboration\/\" \/>\n<meta property=\"og:locale\" content=\"de_DE\" \/>\n<meta property=\"og:type\" content=\"article\" \/>\n<meta property=\"og:title\" content=\"JPEG2000-Innovation treibt die Zusammenarbeit zwischen WyreStorm und NETGEAR AV voran - NETGEAR Hub\" \/>\n<meta property=\"og:description\" content=\"JPEG2000-Innovation treibt die Zusammenarbeit zwischen WyreStorm und NETGEAR AV voran\" \/>\n<meta property=\"og:url\" content=\"https:\/\/dehub.netgear.com\/de\/hub\/business\/av\/wyrestorm-netgear-jpeg2000-av-over-ip-collaboration\/\" \/>\n<meta property=\"og:site_name\" content=\"NETGEAR Hub\" \/>\n<meta property=\"article:publisher\" content=\"https:\/\/www.facebook.com\/NetgearAU\/\" \/>\n<meta property=\"article:modified_time\" content=\"2026-01-05T13:21:55+00:00\" \/>\n<meta property=\"og:image\" content=\"https:\/\/dehub.netgear.com\/de\/hub\/wp-content\/uploads\/2026\/01\/Wyrestorm-1-5-383x288-1.jpeg\" \/>\n\t<meta property=\"og:image:width\" content=\"383\" \/>\n\t<meta property=\"og:image:height\" content=\"288\" \/>\n\t<meta property=\"og:image:type\" content=\"image\/jpeg\" \/>\n<meta name=\"twitter:card\" content=\"summary_large_image\" \/>\n<meta name=\"twitter:site\" content=\"@NETGEAR\" \/>\n<script type=\"application\/ld+json\" class=\"yoast-schema-graph\">{\"@context\":\"https:\\\/\\\/schema.org\",\"@graph\":[{\"@type\":\"WebPage\",\"@id\":\"https:\\\/\\\/dehub.netgear.com\\\/de\\\/hub\\\/business\\\/av\\\/wyrestorm-netgear-jpeg2000-av-over-ip-collaboration\\\/\",\"url\":\"https:\\\/\\\/dehub.netgear.com\\\/de\\\/hub\\\/business\\\/av\\\/wyrestorm-netgear-jpeg2000-av-over-ip-collaboration\\\/\",\"name\":\"JPEG2000-Innovation treibt die Zusammenarbeit zwischen WyreStorm und NETGEAR AV voran - NETGEAR Hub\",\"isPartOf\":{\"@id\":\"https:\\\/\\\/dehub.netgear.com\\\/de\\\/hub\\\/#website\"},\"primaryImageOfPage\":{\"@id\":\"https:\\\/\\\/dehub.netgear.com\\\/de\\\/hub\\\/business\\\/av\\\/wyrestorm-netgear-jpeg2000-av-over-ip-collaboration\\\/#primaryimage\"},\"image\":{\"@id\":\"https:\\\/\\\/dehub.netgear.com\\\/de\\\/hub\\\/business\\\/av\\\/wyrestorm-netgear-jpeg2000-av-over-ip-collaboration\\\/#primaryimage\"},\"thumbnailUrl\":\"https:\\\/\\\/dehub.netgear.com\\\/de\\\/hub\\\/wp-content\\\/uploads\\\/2026\\\/01\\\/Wyrestorm-1-5-383x288-1.jpeg\",\"datePublished\":\"2026-01-05T13:20:24+00:00\",\"dateModified\":\"2026-01-05T13:21:55+00:00\",\"description\":\"JPEG2000-Innovation treibt die Zusammenarbeit zwischen WyreStorm und NETGEAR AV voran\",\"breadcrumb\":{\"@id\":\"https:\\\/\\\/dehub.netgear.com\\\/de\\\/hub\\\/business\\\/av\\\/wyrestorm-netgear-jpeg2000-av-over-ip-collaboration\\\/#breadcrumb\"},\"inLanguage\":\"de\",\"potentialAction\":[{\"@type\":\"ReadAction\",\"target\":[\"https:\\\/\\\/dehub.netgear.com\\\/de\\\/hub\\\/business\\\/av\\\/wyrestorm-netgear-jpeg2000-av-over-ip-collaboration\\\/\"]}]},{\"@type\":\"ImageObject\",\"inLanguage\":\"de\",\"@id\":\"https:\\\/\\\/dehub.netgear.com\\\/de\\\/hub\\\/business\\\/av\\\/wyrestorm-netgear-jpeg2000-av-over-ip-collaboration\\\/#primaryimage\",\"url\":\"https:\\\/\\\/dehub.netgear.com\\\/de\\\/hub\\\/wp-content\\\/uploads\\\/2026\\\/01\\\/Wyrestorm-1-5-383x288-1.jpeg\",\"contentUrl\":\"https:\\\/\\\/dehub.netgear.com\\\/de\\\/hub\\\/wp-content\\\/uploads\\\/2026\\\/01\\\/Wyrestorm-1-5-383x288-1.jpeg\",\"width\":383,\"height\":288},{\"@type\":\"BreadcrumbList\",\"@id\":\"https:\\\/\\\/dehub.netgear.com\\\/de\\\/hub\\\/business\\\/av\\\/wyrestorm-netgear-jpeg2000-av-over-ip-collaboration\\\/#breadcrumb\",\"itemListElement\":[{\"@type\":\"ListItem\",\"position\":1,\"name\":\"Home\",\"item\":\"https:\\\/\\\/dehub.netgear.com\\\/de\\\/hub\\\/\"},{\"@type\":\"ListItem\",\"position\":2,\"name\":\"Business Articles Hub\",\"item\":\"https:\\\/\\\/dehub.netgear.com\\\/de\\\/hub\\\/business\\\/\"},{\"@type\":\"ListItem\",\"position\":3,\"name\":\"Business AV\",\"item\":\"https:\\\/\\\/dehub.netgear.com\\\/de\\\/hub\\\/business\\\/av\\\/\"},{\"@type\":\"ListItem\",\"position\":4,\"name\":\"JPEG2000-Innovation treibt die Zusammenarbeit zwischen WyreStorm und NETGEAR AV voran\"}]},{\"@type\":\"WebSite\",\"@id\":\"https:\\\/\\\/dehub.netgear.com\\\/de\\\/hub\\\/#website\",\"url\":\"https:\\\/\\\/dehub.netgear.com\\\/de\\\/hub\\\/\",\"name\":\"NETGEAR\",\"description\":\"Erkunden Sie unsere Hub-Seiten und st\u00f6bern Sie in Artikeln, um mehr \u00fcber NETGEAR Produkte und Technologien zu erfahren.\",\"publisher\":{\"@id\":\"https:\\\/\\\/dehub.netgear.com\\\/de\\\/hub\\\/#organization\"},\"potentialAction\":[{\"@type\":\"SearchAction\",\"target\":{\"@type\":\"EntryPoint\",\"urlTemplate\":\"https:\\\/\\\/dehub.netgear.com\\\/de\\\/hub\\\/?s={search_term_string}\"},\"query-input\":{\"@type\":\"PropertyValueSpecification\",\"valueRequired\":true,\"valueName\":\"search_term_string\"}}],\"inLanguage\":\"de\"},{\"@type\":\"Organization\",\"@id\":\"https:\\\/\\\/dehub.netgear.com\\\/de\\\/hub\\\/#organization\",\"name\":\"NETGEAR\",\"url\":\"https:\\\/\\\/dehub.netgear.com\\\/de\\\/hub\\\/\",\"logo\":{\"@type\":\"ImageObject\",\"inLanguage\":\"de\",\"@id\":\"https:\\\/\\\/dehub.netgear.com\\\/de\\\/hub\\\/#\\\/schema\\\/logo\\\/image\\\/\",\"url\":\"https:\\\/\\\/www.dehub.netgear.com\\\/de\\\/hub\\\/wp-content\\\/uploads\\\/2019\\\/07\\\/NETGEAR_logo.jpg\",\"contentUrl\":\"https:\\\/\\\/www.dehub.netgear.com\\\/de\\\/hub\\\/wp-content\\\/uploads\\\/2019\\\/07\\\/NETGEAR_logo.jpg\",\"width\":1500,\"height\":501,\"caption\":\"NETGEAR\"},\"image\":{\"@id\":\"https:\\\/\\\/dehub.netgear.com\\\/de\\\/hub\\\/#\\\/schema\\\/logo\\\/image\\\/\"},\"sameAs\":[\"https:\\\/\\\/www.facebook.com\\\/NetgearAU\\\/\",\"https:\\\/\\\/x.com\\\/NETGEAR\",\"https:\\\/\\\/www.linkedin.com\\\/company\\\/netgear\"]}]}<\/script>\n<!-- \/ Yoast SEO plugin. -->","yoast_head_json":{"title":"JPEG2000-Innovation treibt die Zusammenarbeit zwischen WyreStorm und NETGEAR AV voran - NETGEAR Hub","description":"JPEG2000-Innovation treibt die Zusammenarbeit zwischen WyreStorm und NETGEAR AV voran","robots":{"index":"index","follow":"follow","max-snippet":"max-snippet:-1","max-image-preview":"max-image-preview:large","max-video-preview":"max-video-preview:-1"},"canonical":"https:\/\/dehub.netgear.com\/de\/hub\/business\/av\/wyrestorm-netgear-jpeg2000-av-over-ip-collaboration\/","og_locale":"de_DE","og_type":"article","og_title":"JPEG2000-Innovation treibt die Zusammenarbeit zwischen WyreStorm und NETGEAR AV voran - NETGEAR Hub","og_description":"JPEG2000-Innovation treibt die Zusammenarbeit zwischen WyreStorm und NETGEAR AV voran","og_url":"https:\/\/dehub.netgear.com\/de\/hub\/business\/av\/wyrestorm-netgear-jpeg2000-av-over-ip-collaboration\/","og_site_name":"NETGEAR Hub","article_publisher":"https:\/\/www.facebook.com\/NetgearAU\/","article_modified_time":"2026-01-05T13:21:55+00:00","og_image":[{"width":383,"height":288,"url":"https:\/\/dehub.netgear.com\/de\/hub\/wp-content\/uploads\/2026\/01\/Wyrestorm-1-5-383x288-1.jpeg","type":"image\/jpeg"}],"twitter_card":"summary_large_image","twitter_site":"@NETGEAR","schema":{"@context":"https:\/\/schema.org","@graph":[{"@type":"WebPage","@id":"https:\/\/dehub.netgear.com\/de\/hub\/business\/av\/wyrestorm-netgear-jpeg2000-av-over-ip-collaboration\/","url":"https:\/\/dehub.netgear.com\/de\/hub\/business\/av\/wyrestorm-netgear-jpeg2000-av-over-ip-collaboration\/","name":"JPEG2000-Innovation treibt die Zusammenarbeit zwischen WyreStorm und NETGEAR AV voran - NETGEAR Hub","isPartOf":{"@id":"https:\/\/dehub.netgear.com\/de\/hub\/#website"},"primaryImageOfPage":{"@id":"https:\/\/dehub.netgear.com\/de\/hub\/business\/av\/wyrestorm-netgear-jpeg2000-av-over-ip-collaboration\/#primaryimage"},"image":{"@id":"https:\/\/dehub.netgear.com\/de\/hub\/business\/av\/wyrestorm-netgear-jpeg2000-av-over-ip-collaboration\/#primaryimage"},"thumbnailUrl":"https:\/\/dehub.netgear.com\/de\/hub\/wp-content\/uploads\/2026\/01\/Wyrestorm-1-5-383x288-1.jpeg","datePublished":"2026-01-05T13:20:24+00:00","dateModified":"2026-01-05T13:21:55+00:00","description":"JPEG2000-Innovation treibt die Zusammenarbeit zwischen WyreStorm und NETGEAR AV voran","breadcrumb":{"@id":"https:\/\/dehub.netgear.com\/de\/hub\/business\/av\/wyrestorm-netgear-jpeg2000-av-over-ip-collaboration\/#breadcrumb"},"inLanguage":"de","potentialAction":[{"@type":"ReadAction","target":["https:\/\/dehub.netgear.com\/de\/hub\/business\/av\/wyrestorm-netgear-jpeg2000-av-over-ip-collaboration\/"]}]},{"@type":"ImageObject","inLanguage":"de","@id":"https:\/\/dehub.netgear.com\/de\/hub\/business\/av\/wyrestorm-netgear-jpeg2000-av-over-ip-collaboration\/#primaryimage","url":"https:\/\/dehub.netgear.com\/de\/hub\/wp-content\/uploads\/2026\/01\/Wyrestorm-1-5-383x288-1.jpeg","contentUrl":"https:\/\/dehub.netgear.com\/de\/hub\/wp-content\/uploads\/2026\/01\/Wyrestorm-1-5-383x288-1.jpeg","width":383,"height":288},{"@type":"BreadcrumbList","@id":"https:\/\/dehub.netgear.com\/de\/hub\/business\/av\/wyrestorm-netgear-jpeg2000-av-over-ip-collaboration\/#breadcrumb","itemListElement":[{"@type":"ListItem","position":1,"name":"Home","item":"https:\/\/dehub.netgear.com\/de\/hub\/"},{"@type":"ListItem","position":2,"name":"Business Articles Hub","item":"https:\/\/dehub.netgear.com\/de\/hub\/business\/"},{"@type":"ListItem","position":3,"name":"Business AV","item":"https:\/\/dehub.netgear.com\/de\/hub\/business\/av\/"},{"@type":"ListItem","position":4,"name":"JPEG2000-Innovation treibt die Zusammenarbeit zwischen WyreStorm und NETGEAR AV voran"}]},{"@type":"WebSite","@id":"https:\/\/dehub.netgear.com\/de\/hub\/#website","url":"https:\/\/dehub.netgear.com\/de\/hub\/","name":"NETGEAR","description":"Erkunden Sie unsere Hub-Seiten und st\u00f6bern Sie in Artikeln, um mehr \u00fcber NETGEAR Produkte und Technologien zu erfahren.","publisher":{"@id":"https:\/\/dehub.netgear.com\/de\/hub\/#organization"},"potentialAction":[{"@type":"SearchAction","target":{"@type":"EntryPoint","urlTemplate":"https:\/\/dehub.netgear.com\/de\/hub\/?s={search_term_string}"},"query-input":{"@type":"PropertyValueSpecification","valueRequired":true,"valueName":"search_term_string"}}],"inLanguage":"de"},{"@type":"Organization","@id":"https:\/\/dehub.netgear.com\/de\/hub\/#organization","name":"NETGEAR","url":"https:\/\/dehub.netgear.com\/de\/hub\/","logo":{"@type":"ImageObject","inLanguage":"de","@id":"https:\/\/dehub.netgear.com\/de\/hub\/#\/schema\/logo\/image\/","url":"https:\/\/www.dehub.netgear.com\/de\/hub\/wp-content\/uploads\/2019\/07\/NETGEAR_logo.jpg","contentUrl":"https:\/\/www.dehub.netgear.com\/de\/hub\/wp-content\/uploads\/2019\/07\/NETGEAR_logo.jpg","width":1500,"height":501,"caption":"NETGEAR"},"image":{"@id":"https:\/\/dehub.netgear.com\/de\/hub\/#\/schema\/logo\/image\/"},"sameAs":["https:\/\/www.facebook.com\/NetgearAU\/","https:\/\/x.com\/NETGEAR","https:\/\/www.linkedin.com\/company\/netgear"]}]}},"_links":{"self":[{"href":"https:\/\/dehub.netgear.com\/de\/hub\/wp-json\/wp\/v2\/pages\/11160","targetHints":{"allow":["GET"]}}],"collection":[{"href":"https:\/\/dehub.netgear.com\/de\/hub\/wp-json\/wp\/v2\/pages"}],"about":[{"href":"https:\/\/dehub.netgear.com\/de\/hub\/wp-json\/wp\/v2\/types\/page"}],"author":[{"embeddable":true,"href":"https:\/\/dehub.netgear.com\/de\/hub\/wp-json\/wp\/v2\/users\/94"}],"replies":[{"embeddable":true,"href":"https:\/\/dehub.netgear.com\/de\/hub\/wp-json\/wp\/v2\/comments?post=11160"}],"version-history":[{"count":2,"href":"https:\/\/dehub.netgear.com\/de\/hub\/wp-json\/wp\/v2\/pages\/11160\/revisions"}],"predecessor-version":[{"id":11163,"href":"https:\/\/dehub.netgear.com\/de\/hub\/wp-json\/wp\/v2\/pages\/11160\/revisions\/11163"}],"up":[{"embeddable":true,"href":"https:\/\/dehub.netgear.com\/de\/hub\/wp-json\/wp\/v2\/pages\/6754"}],"wp:featuredmedia":[{"embeddable":true,"href":"https:\/\/dehub.netgear.com\/de\/hub\/wp-json\/wp\/v2\/media\/11161"}],"wp:attachment":[{"href":"https:\/\/dehub.netgear.com\/de\/hub\/wp-json\/wp\/v2\/media?parent=11160"}],"curies":[{"name":"wp","href":"https:\/\/api.w.org\/{rel}","templated":true}]}}