{"id":11152,"date":"2025-11-24T12:12:09","date_gmt":"2026-01-05T11:12:25","guid":{"rendered":"https:\/\/dehub.netgear.com\/de\/hub\/?page_id=11152"},"modified":"2026-01-05T12:13:48","modified_gmt":"2026-01-05T11:13:48","slug":"replacement-strategies-and-lifecycle-management-for-fiber-modules","status":"publish","type":"page","link":"https:\/\/dehub.netgear.com\/de\/hub\/business\/av\/replacement-strategies-and-lifecycle-management-for-fiber-modules\/","title":{"rendered":"Ersatzstrategien und Lebenszyklusmanagement f\u00fcr Glasfasermodule"},"content":{"rendered":"<p><img loading=\"lazy\" decoding=\"async\" class=\"alignone size-full wp-image-10681\" style=\"border-radius: 1em;\" src=\"https:\/\/www.netgear.com\/hub\/wp-content\/uploads\/2025\/12\/repl-strat-696x392-1-e1764599174838.jpg\" alt=\"\" width=\"1048\" height=\"511\" \/><\/p>\n    <div class=\"table-of-content bg-gray\">\n        <p><strong>IN THIS ARTICLE<\/strong><\/p>\n        <ul>\n                        <li><a href=\"#topic1\">Eine Ersatzstrategie definieren<\/a><\/li>\n                        <li><a href=\"#topic2\">Ersatzmodule auf Lager halten<\/a><\/li>\n                        <li><a href=\"#topic3\">Dokumentation und Rotationsplanung<\/a><\/li>\n                        <li><a href=\"#topic4\">In Qualit\u00e4t investieren<\/a><\/li>\n                        <li><a href=\"#topic5\">Module mit Leistungsreserve w\u00e4hlen<\/a><\/li>\n                        <li><a href=\"#topic6\">Fazit<\/a><\/li>\n                        <li><a href=\"#topic7\">Mehr Informationen<\/a><\/li>\n                    <\/ul>\n    <\/div>\n        <div id=\"topic1\" class=\"skip-item\">\n                        <h2>Eine Ersatzstrategie definieren<\/h2>\n                <p data-start=\"37\" data-end=\"115\">Ein solider Plan verhindert unangenehme \u00dcberraschungen. M\u00f6gliche Ans\u00e4tze sind:<\/p>\n<ul data-start=\"117\" data-end=\"466\">\n<li data-start=\"117\" data-end=\"207\">\n<p data-start=\"119\" data-end=\"207\"><strong data-start=\"119\" data-end=\"135\">Zeitbasiert:<\/strong> Austausch der Module nach einem festen Zeitraum, z. B. nach 5 Jahren.<\/p>\n<\/li>\n<li data-start=\"208\" data-end=\"331\">\n<p data-start=\"210\" data-end=\"331\"><strong data-start=\"210\" data-end=\"230\">Nutzungsbasiert:<\/strong> Austausch nach einer bestimmten Anzahl von Betriebsstunden (einige Switches protokollieren diese).<\/p>\n<\/li>\n<li data-start=\"332\" data-end=\"466\">\n<p data-start=\"334\" data-end=\"466\"><strong data-start=\"334\" data-end=\"355\">Leistungsbasiert:<\/strong> Austausch, sobald DDM-Werte (z. B. Sendeleistung oder Temperatur) dauerhaft au\u00dferhalb der Toleranzen liegen.<\/p>\n<\/li>\n<\/ul>\n<p data-start=\"468\" data-end=\"599\">F\u00fcr kritische Verbindungen ist ein proaktiver Ansatz unerl\u00e4sslich \u2013 besser ein Austausch vor dem Ausfall als w\u00e4hrend einer St\u00f6rung.<\/p>\n    <\/div>\n        <div id=\"topic2\" class=\"skip-item\">\n                        <h2>Ersatzmodule auf Lager halten<\/h2>\n                <p data-start=\"641\" data-end=\"696\">Halten Sie immer einige identische Ersatzmodule bereit:<\/p>\n<ul data-start=\"698\" data-end=\"833\">\n<li data-start=\"698\" data-end=\"745\">\n<p data-start=\"700\" data-end=\"745\">F\u00fcr einen schnellen Austausch im Fehlerfall<\/p>\n<\/li>\n<li data-start=\"746\" data-end=\"799\">\n<p data-start=\"748\" data-end=\"799\">F\u00fcr geplante Ersetzungen w\u00e4hrend Wartungsfenstern<\/p>\n<\/li>\n<li data-start=\"800\" data-end=\"833\">\n<p data-start=\"802\" data-end=\"833\">F\u00fcr Tests bei der Fehlersuche<\/p>\n<\/li>\n<\/ul>\n<p data-start=\"835\" data-end=\"979\">Bestellen Sie bereits bei der Installation zus\u00e4tzliche Module aus derselben Charge \u2013 das stellt Kompatibilit\u00e4t und zuverl\u00e4ssige Leistung sicher.<\/p>\n    <\/div>\n        <div id=\"topic3\" class=\"skip-item\">\n                        <h2>Dokumentation und Rotationsplanung<\/h2>\n                <p data-start=\"1026\" data-end=\"1093\">Eine saubere Verwaltung unterst\u00fctzt die Kontrolle des Lebenszyklus:<\/p>\n<ul data-start=\"1095\" data-end=\"1336\">\n<li data-start=\"1095\" data-end=\"1160\">\n<p data-start=\"1097\" data-end=\"1160\">Installationsdaten und Einsatzorte jedes Moduls dokumentieren<\/p>\n<\/li>\n<li data-start=\"1161\" data-end=\"1231\">\n<p data-start=\"1163\" data-end=\"1231\">Nachverfolgen, welche Module an kritischen Stellen eingesetzt sind<\/p>\n<\/li>\n<li data-start=\"1232\" data-end=\"1336\">\n<p data-start=\"1234\" data-end=\"1336\">Rotation in Betracht ziehen: \u00e4ltere Module von kritischen zu weniger kritischen Positionen versetzen<\/p>\n<\/li>\n<\/ul>\n<p data-start=\"1338\" data-end=\"1427\">So verteilen Sie Abnutzung gleichm\u00e4\u00dfiger und verl\u00e4ngern die Nutzungsdauer Ihrer Hardware.<\/p>\n    <\/div>\n        <div id=\"topic4\" class=\"skip-item\">\n                        <h2>In Qualit\u00e4t investieren<\/h2>\n                <p data-start=\"1463\" data-end=\"1510\">G\u00fcnstige Module k\u00f6nnen funktionieren, aber sie:<\/p>\n<ul data-start=\"1512\" data-end=\"1666\">\n<li data-start=\"1512\" data-end=\"1560\">\n<p data-start=\"1514\" data-end=\"1560\">verf\u00fcgen oft \u00fcber weniger zuverl\u00e4ssige Laser<\/p>\n<\/li>\n<li data-start=\"1561\" data-end=\"1607\">\n<p data-start=\"1563\" data-end=\"1607\">verschlei\u00dfen schneller bei hoher Dauerlast<\/p>\n<\/li>\n<li data-start=\"1608\" data-end=\"1666\">\n<p data-start=\"1610\" data-end=\"1666\">bieten weniger \u00dcberwachungs- und Diagnosem\u00f6glichkeiten<\/p>\n<\/li>\n<\/ul>\n<p data-start=\"1668\" data-end=\"1806\">F\u00fcr Backbone-Verbindungen und AV-Matrix-Anwendungen lohnt es sich, auf NETGEAR-Qualit\u00e4t oder gut getestete Drittanbieter-Module zu setzen.<\/p>\n    <\/div>\n        <div id=\"topic5\" class=\"skip-item\">\n                        <h2>Module mit Leistungsreserve w\u00e4hlen<\/h2>\n                <p data-start=\"1853\" data-end=\"1894\">Betreiben Sie Komponenten nicht am Limit:<\/p>\n<ul data-start=\"1896\" data-end=\"2129\">\n<li data-start=\"1896\" data-end=\"1969\">\n<p data-start=\"1898\" data-end=\"1969\">W\u00e4hlen Sie Module, die mehr leisten k\u00f6nnen als unbedingt erforderlich<\/p>\n<\/li>\n<li data-start=\"1970\" data-end=\"2052\">\n<p data-start=\"1972\" data-end=\"2052\">Zum Beispiel: ein f\u00fcr 1 km ausgelegtes Modul auf einer 400-m-Strecke einsetzen<\/p>\n<\/li>\n<li data-start=\"2053\" data-end=\"2129\">\n<p data-start=\"2055\" data-end=\"2129\">Oder ein Industrie-Modul w\u00e4hlen, wenn die Umgebung hei\u00df oder staubig ist<\/p>\n<\/li>\n<\/ul>\n<p data-start=\"2131\" data-end=\"2242\">Diese Reserve bietet einen Puffer f\u00fcr nat\u00fcrliche Alterung \u2013 und verhindert den Betrieb \u201eam Rand des Machbaren\u201c.<\/p>\n    <\/div>\n        <div id=\"topic6\" class=\"skip-item\">\n                        <h2>Fazit<\/h2>\n                <p data-start=\"2260\" data-end=\"2625\">Der Austausch von Glasfasermodulen ist keine Frage von \u201eerst wenn es kaputt ist\u201c. In AV-over-IP-Netzwerken ist Zuverl\u00e4ssigkeit entscheidend \u2013 und die erfordert Planung, \u00dcberwachung und strategisches Management. Durch rechtzeitigen Austausch, das Vorhalten von Ersatzteilen und die Wahl hochwertiger Module vermeiden Sie Ausfallzeiten und halten Ihr Netzwerk stabil.<\/p>\n<p data-start=\"2627\" data-end=\"2766\" data-is-last-node=\"\" data-is-only-node=\"\">Im n\u00e4chsten Blog schlie\u00dfen wir die Serie mit einer \u00dcbersicht bew\u00e4hrter Verfahren und einer Zusammenfassung der wichtigsten Erkenntnisse ab.<\/p>\n    <\/div>\n        <div id=\"topic7\" class=\"skip-item\">\n                        <h2>Mehr Informationen<\/h2>\n                <p><!-- IT NETGEAR BUSINESS-L\u00d6SUNGEN--><br \/>\nMehr \u00fcber unsere Business-Produkte erfahren<\/p>\n<div class=\"hs-cta-embed hs-cta-simple-placeholder hs-cta-embed-243392275167\" style=\"max-width: 100%;max-height: 100%;width: 260px;height: 50.390625px\" data-hubspot-wrapper-cta-id=\"243392275167\"><a href=\"https:\/\/cta-na2.hubspot.com\/web-interactives\/public\/v1\/track\/redirect?encryptedPayload=AVxigLI%2Fu8J7nFnep8w0CfLqqlWixXySh0cANLn7TQ3MtLEGeFdfhQxw3AVxVzYlZOkZoVB4gdslqY4il1pZTz7RSKy0mNw%2BF1Y6bdIwWiFAFfgtF%2FkXW%2Fmq0JFY6OQExFSwjiafSp97IxwGv6iNNhiT9X6MQziOnjaAnh9UsXCYR2VD1S791%2F7MVwT1TQ%3D%3D&amp;webInteractiveContentId=243392275167&amp;portalId=242128791\" target=\"_blank\" rel=\"noopener\"><br \/>\n<img decoding=\"async\" style=\"height: 100%;width: 100%;object-fit: fill\" src=\"https:\/\/hubspot-no-cache-na2-prod.s3.amazonaws.com\/cta\/default\/242128791\/interactive-243392275167.png\" alt=\"NETGEAR AV-L\u00d6SUNGEN\" \/><br \/>\n<\/a><\/div>\n<p><!-- IT ACADEMY --><br \/>\nAlles \u00fcber IP-Netzwerke lernen \u2013 in der NETGEAR ACADEMY<\/p>\n<div class=\"hs-cta-embed hs-cta-simple-placeholder hs-cta-embed-243357267644\" style=\"max-width: 100%;max-height: 100%;width: 260px;height: 50.390625px\" data-hubspot-wrapper-cta-id=\"243357267644\"><a href=\"https:\/\/cta-na2.hubspot.com\/web-interactives\/public\/v1\/track\/redirect?encryptedPayload=AVxigLKW9uCCU9FL7iPOCpU%2BvA8Z1UfLRQT8691iSSqh%2BqLrpD%2FITlt6RGXTdhci0W5DkR0wb%2FpK%2BWToDj8Qf0HaQwR0kyzZgK35i%2BhitHvCmHPH8BmXutiugzeYtEHOY6aYTSXoNxDjJJwwtUXAzSqnxQuhx5jjnWcHl4zUp4Dt1tTG2PymP7esgNCNHKHECJ76tda5x0hFMo8JQo6UwGGb9CBw4fyYnA%3D%3D&amp;webInteractiveContentId=243357267644&amp;portalId=242128791\" target=\"_blank\" rel=\"noopener\"><br \/>\n<img decoding=\"async\" style=\"height: 100%;width: 100%;object-fit: fill\" src=\"https:\/\/hubspot-no-cache-na2-prod.s3.amazonaws.com\/cta\/default\/242128791\/interactive-243357267644.png\" alt=\"NETGEAR ACADEMY\" \/><br \/>\n<\/a><\/div>\n<p><!-- KONTAKT PRO-IT-TEAM --><br \/>\nUnsere Ingenieure unterst\u00fctzen Sie kostenlos bei Ihrem Projekt<\/p>\n<div class=\"hs-cta-embed hs-cta-simple-placeholder hs-cta-embed-243357266676\" style=\"max-width: 100%;max-height: 100%;width: 270px;height: 50.390625px\" data-hubspot-wrapper-cta-id=\"243357266676\"><a href=\"https:\/\/cta-na2.hubspot.com\/web-interactives\/public\/v1\/track\/redirect?encryptedPayload=AVxigLL9MaHliYSOIHWsJvXrVuyffxSFGu%2FOD4neANfzotKQLgtjDgnA0CFJQWLPGl5hkjLPFJf7A76nk1yWw939l8y7nc4NGJ1%2Fa58epF2QbqIhW7KyV%2Fr75%2B8GCI%2FfEXyeGuic8buAEe%2F8pDQ63tT6ExQvwvvuG%2BeK5mOqM%2FlNsZUaeR4q5pghXZB3yAUIu7WWwKynlh9Y3Ug9ymAN6sNjHEzXMCgwSYmLqMh7eixTsrgTswO85eLb8rCODQ%3D%3D&amp;webInteractiveContentId=243357266676&amp;portalId=242128791\" target=\"_blank\" rel=\"noopener\"><br \/>\n<img decoding=\"async\" style=\"height: 100%;width: 100%;object-fit: fill\" src=\"https:\/\/hubspot-no-cache-na2-prod.s3.amazonaws.com\/cta\/default\/242128791\/interactive-243357266676.png\" alt=\"KONTAKT PROAV-TEAM\" \/><br \/>\n<\/a><\/div>\n<p style=\"margin-top: 50px\"><iframe loading=\"lazy\" src=\"https:\/\/405nrr.share-na2.hsforms.com\/25w_D-U5iS-e5KaSaP86jnQ\" width=\"100%\" height=\"1200px\"><\/iframe><\/p>\n    <\/div>\n    \n","protected":false},"excerpt":{"rendered":"","protected":false},"author":98,"featured_media":11154,"parent":6754,"menu_order":0,"comment_status":"closed","ping_status":"closed","template":"templates\/blog-wifi.php","meta":{"_acf_changed":false,"footnotes":""},"class_list":["post-11152","page","type-page","status-publish","has-post-thumbnail","hentry"],"acf":[],"yoast_head":"<!-- This site is optimized with the Yoast SEO plugin v27.4 - https:\/\/yoast.com\/product\/yoast-seo-wordpress\/ -->\n<title>Ersatzstrategien und Lebenszyklusmanagement f\u00fcr Glasfasermodule - NETGEAR Hub<\/title>\n<meta name=\"description\" content=\"Ersatzstrategien und Lebenszyklusmanagement f\u00fcr Glasfasermodule\" \/>\n<meta name=\"robots\" content=\"index, follow, max-snippet:-1, max-image-preview:large, max-video-preview:-1\" \/>\n<link rel=\"canonical\" href=\"https:\/\/dehub.netgear.com\/de\/hub\/business\/av\/replacement-strategies-and-lifecycle-management-for-fiber-modules\/\" \/>\n<meta property=\"og:locale\" content=\"de_DE\" \/>\n<meta property=\"og:type\" content=\"article\" \/>\n<meta property=\"og:title\" content=\"Ersatzstrategien und Lebenszyklusmanagement f\u00fcr Glasfasermodule - NETGEAR Hub\" \/>\n<meta property=\"og:description\" content=\"Ersatzstrategien und Lebenszyklusmanagement f\u00fcr Glasfasermodule\" \/>\n<meta property=\"og:url\" content=\"https:\/\/dehub.netgear.com\/de\/hub\/business\/av\/replacement-strategies-and-lifecycle-management-for-fiber-modules\/\" \/>\n<meta property=\"og:site_name\" content=\"NETGEAR Hub\" \/>\n<meta property=\"article:publisher\" content=\"https:\/\/www.facebook.com\/NetgearAU\/\" \/>\n<meta property=\"article:modified_time\" content=\"2026-01-05T11:13:48+00:00\" \/>\n<meta property=\"og:image\" content=\"https:\/\/dehub.netgear.com\/de\/hub\/wp-content\/uploads\/2026\/01\/repl-strat-1400x800jpg-383x288-1.jpg\" \/>\n\t<meta property=\"og:image:width\" content=\"383\" \/>\n\t<meta property=\"og:image:height\" content=\"288\" \/>\n\t<meta property=\"og:image:type\" content=\"image\/jpeg\" \/>\n<meta name=\"twitter:card\" content=\"summary_large_image\" \/>\n<meta name=\"twitter:site\" content=\"@NETGEAR\" \/>\n<script type=\"application\/ld+json\" class=\"yoast-schema-graph\">{\"@context\":\"https:\\\/\\\/schema.org\",\"@graph\":[{\"@type\":\"WebPage\",\"@id\":\"https:\\\/\\\/dehub.netgear.com\\\/de\\\/hub\\\/business\\\/av\\\/replacement-strategies-and-lifecycle-management-for-fiber-modules\\\/\",\"url\":\"https:\\\/\\\/dehub.netgear.com\\\/de\\\/hub\\\/business\\\/av\\\/replacement-strategies-and-lifecycle-management-for-fiber-modules\\\/\",\"name\":\"Ersatzstrategien und Lebenszyklusmanagement f\u00fcr Glasfasermodule - NETGEAR Hub\",\"isPartOf\":{\"@id\":\"https:\\\/\\\/dehub.netgear.com\\\/de\\\/hub\\\/#website\"},\"primaryImageOfPage\":{\"@id\":\"https:\\\/\\\/dehub.netgear.com\\\/de\\\/hub\\\/business\\\/av\\\/replacement-strategies-and-lifecycle-management-for-fiber-modules\\\/#primaryimage\"},\"image\":{\"@id\":\"https:\\\/\\\/dehub.netgear.com\\\/de\\\/hub\\\/business\\\/av\\\/replacement-strategies-and-lifecycle-management-for-fiber-modules\\\/#primaryimage\"},\"thumbnailUrl\":\"https:\\\/\\\/dehub.netgear.com\\\/de\\\/hub\\\/wp-content\\\/uploads\\\/2026\\\/01\\\/repl-strat-1400x800jpg-383x288-1.jpg\",\"datePublished\":\"2026-01-05T11:12:25+00:00\",\"dateModified\":\"2026-01-05T11:13:48+00:00\",\"description\":\"Ersatzstrategien und Lebenszyklusmanagement f\u00fcr Glasfasermodule\",\"breadcrumb\":{\"@id\":\"https:\\\/\\\/dehub.netgear.com\\\/de\\\/hub\\\/business\\\/av\\\/replacement-strategies-and-lifecycle-management-for-fiber-modules\\\/#breadcrumb\"},\"inLanguage\":\"de\",\"potentialAction\":[{\"@type\":\"ReadAction\",\"target\":[\"https:\\\/\\\/dehub.netgear.com\\\/de\\\/hub\\\/business\\\/av\\\/replacement-strategies-and-lifecycle-management-for-fiber-modules\\\/\"]}]},{\"@type\":\"ImageObject\",\"inLanguage\":\"de\",\"@id\":\"https:\\\/\\\/dehub.netgear.com\\\/de\\\/hub\\\/business\\\/av\\\/replacement-strategies-and-lifecycle-management-for-fiber-modules\\\/#primaryimage\",\"url\":\"https:\\\/\\\/dehub.netgear.com\\\/de\\\/hub\\\/wp-content\\\/uploads\\\/2026\\\/01\\\/repl-strat-1400x800jpg-383x288-1.jpg\",\"contentUrl\":\"https:\\\/\\\/dehub.netgear.com\\\/de\\\/hub\\\/wp-content\\\/uploads\\\/2026\\\/01\\\/repl-strat-1400x800jpg-383x288-1.jpg\",\"width\":383,\"height\":288},{\"@type\":\"BreadcrumbList\",\"@id\":\"https:\\\/\\\/dehub.netgear.com\\\/de\\\/hub\\\/business\\\/av\\\/replacement-strategies-and-lifecycle-management-for-fiber-modules\\\/#breadcrumb\",\"itemListElement\":[{\"@type\":\"ListItem\",\"position\":1,\"name\":\"Home\",\"item\":\"https:\\\/\\\/dehub.netgear.com\\\/de\\\/hub\\\/\"},{\"@type\":\"ListItem\",\"position\":2,\"name\":\"Business Articles Hub\",\"item\":\"https:\\\/\\\/dehub.netgear.com\\\/de\\\/hub\\\/business\\\/\"},{\"@type\":\"ListItem\",\"position\":3,\"name\":\"Business AV\",\"item\":\"https:\\\/\\\/dehub.netgear.com\\\/de\\\/hub\\\/business\\\/av\\\/\"},{\"@type\":\"ListItem\",\"position\":4,\"name\":\"Ersatzstrategien und Lebenszyklusmanagement f\u00fcr Glasfasermodule\"}]},{\"@type\":\"WebSite\",\"@id\":\"https:\\\/\\\/dehub.netgear.com\\\/de\\\/hub\\\/#website\",\"url\":\"https:\\\/\\\/dehub.netgear.com\\\/de\\\/hub\\\/\",\"name\":\"NETGEAR\",\"description\":\"Erkunden Sie unsere Hub-Seiten und st\u00f6bern Sie in Artikeln, um mehr \u00fcber NETGEAR Produkte und Technologien zu erfahren.\",\"publisher\":{\"@id\":\"https:\\\/\\\/dehub.netgear.com\\\/de\\\/hub\\\/#organization\"},\"potentialAction\":[{\"@type\":\"SearchAction\",\"target\":{\"@type\":\"EntryPoint\",\"urlTemplate\":\"https:\\\/\\\/dehub.netgear.com\\\/de\\\/hub\\\/?s={search_term_string}\"},\"query-input\":{\"@type\":\"PropertyValueSpecification\",\"valueRequired\":true,\"valueName\":\"search_term_string\"}}],\"inLanguage\":\"de\"},{\"@type\":\"Organization\",\"@id\":\"https:\\\/\\\/dehub.netgear.com\\\/de\\\/hub\\\/#organization\",\"name\":\"NETGEAR\",\"url\":\"https:\\\/\\\/dehub.netgear.com\\\/de\\\/hub\\\/\",\"logo\":{\"@type\":\"ImageObject\",\"inLanguage\":\"de\",\"@id\":\"https:\\\/\\\/dehub.netgear.com\\\/de\\\/hub\\\/#\\\/schema\\\/logo\\\/image\\\/\",\"url\":\"https:\\\/\\\/www.dehub.netgear.com\\\/de\\\/hub\\\/wp-content\\\/uploads\\\/2019\\\/07\\\/NETGEAR_logo.jpg\",\"contentUrl\":\"https:\\\/\\\/www.dehub.netgear.com\\\/de\\\/hub\\\/wp-content\\\/uploads\\\/2019\\\/07\\\/NETGEAR_logo.jpg\",\"width\":1500,\"height\":501,\"caption\":\"NETGEAR\"},\"image\":{\"@id\":\"https:\\\/\\\/dehub.netgear.com\\\/de\\\/hub\\\/#\\\/schema\\\/logo\\\/image\\\/\"},\"sameAs\":[\"https:\\\/\\\/www.facebook.com\\\/NetgearAU\\\/\",\"https:\\\/\\\/x.com\\\/NETGEAR\",\"https:\\\/\\\/www.linkedin.com\\\/company\\\/netgear\"]}]}<\/script>\n<!-- \/ Yoast SEO plugin. -->","yoast_head_json":{"title":"Ersatzstrategien und Lebenszyklusmanagement f\u00fcr Glasfasermodule - NETGEAR Hub","description":"Ersatzstrategien und Lebenszyklusmanagement f\u00fcr Glasfasermodule","robots":{"index":"index","follow":"follow","max-snippet":"max-snippet:-1","max-image-preview":"max-image-preview:large","max-video-preview":"max-video-preview:-1"},"canonical":"https:\/\/dehub.netgear.com\/de\/hub\/business\/av\/replacement-strategies-and-lifecycle-management-for-fiber-modules\/","og_locale":"de_DE","og_type":"article","og_title":"Ersatzstrategien und Lebenszyklusmanagement f\u00fcr Glasfasermodule - NETGEAR Hub","og_description":"Ersatzstrategien und Lebenszyklusmanagement f\u00fcr Glasfasermodule","og_url":"https:\/\/dehub.netgear.com\/de\/hub\/business\/av\/replacement-strategies-and-lifecycle-management-for-fiber-modules\/","og_site_name":"NETGEAR Hub","article_publisher":"https:\/\/www.facebook.com\/NetgearAU\/","article_modified_time":"2026-01-05T11:13:48+00:00","og_image":[{"width":383,"height":288,"url":"https:\/\/dehub.netgear.com\/de\/hub\/wp-content\/uploads\/2026\/01\/repl-strat-1400x800jpg-383x288-1.jpg","type":"image\/jpeg"}],"twitter_card":"summary_large_image","twitter_site":"@NETGEAR","schema":{"@context":"https:\/\/schema.org","@graph":[{"@type":"WebPage","@id":"https:\/\/dehub.netgear.com\/de\/hub\/business\/av\/replacement-strategies-and-lifecycle-management-for-fiber-modules\/","url":"https:\/\/dehub.netgear.com\/de\/hub\/business\/av\/replacement-strategies-and-lifecycle-management-for-fiber-modules\/","name":"Ersatzstrategien und Lebenszyklusmanagement f\u00fcr Glasfasermodule - NETGEAR Hub","isPartOf":{"@id":"https:\/\/dehub.netgear.com\/de\/hub\/#website"},"primaryImageOfPage":{"@id":"https:\/\/dehub.netgear.com\/de\/hub\/business\/av\/replacement-strategies-and-lifecycle-management-for-fiber-modules\/#primaryimage"},"image":{"@id":"https:\/\/dehub.netgear.com\/de\/hub\/business\/av\/replacement-strategies-and-lifecycle-management-for-fiber-modules\/#primaryimage"},"thumbnailUrl":"https:\/\/dehub.netgear.com\/de\/hub\/wp-content\/uploads\/2026\/01\/repl-strat-1400x800jpg-383x288-1.jpg","datePublished":"2026-01-05T11:12:25+00:00","dateModified":"2026-01-05T11:13:48+00:00","description":"Ersatzstrategien und Lebenszyklusmanagement f\u00fcr Glasfasermodule","breadcrumb":{"@id":"https:\/\/dehub.netgear.com\/de\/hub\/business\/av\/replacement-strategies-and-lifecycle-management-for-fiber-modules\/#breadcrumb"},"inLanguage":"de","potentialAction":[{"@type":"ReadAction","target":["https:\/\/dehub.netgear.com\/de\/hub\/business\/av\/replacement-strategies-and-lifecycle-management-for-fiber-modules\/"]}]},{"@type":"ImageObject","inLanguage":"de","@id":"https:\/\/dehub.netgear.com\/de\/hub\/business\/av\/replacement-strategies-and-lifecycle-management-for-fiber-modules\/#primaryimage","url":"https:\/\/dehub.netgear.com\/de\/hub\/wp-content\/uploads\/2026\/01\/repl-strat-1400x800jpg-383x288-1.jpg","contentUrl":"https:\/\/dehub.netgear.com\/de\/hub\/wp-content\/uploads\/2026\/01\/repl-strat-1400x800jpg-383x288-1.jpg","width":383,"height":288},{"@type":"BreadcrumbList","@id":"https:\/\/dehub.netgear.com\/de\/hub\/business\/av\/replacement-strategies-and-lifecycle-management-for-fiber-modules\/#breadcrumb","itemListElement":[{"@type":"ListItem","position":1,"name":"Home","item":"https:\/\/dehub.netgear.com\/de\/hub\/"},{"@type":"ListItem","position":2,"name":"Business Articles Hub","item":"https:\/\/dehub.netgear.com\/de\/hub\/business\/"},{"@type":"ListItem","position":3,"name":"Business AV","item":"https:\/\/dehub.netgear.com\/de\/hub\/business\/av\/"},{"@type":"ListItem","position":4,"name":"Ersatzstrategien und Lebenszyklusmanagement f\u00fcr Glasfasermodule"}]},{"@type":"WebSite","@id":"https:\/\/dehub.netgear.com\/de\/hub\/#website","url":"https:\/\/dehub.netgear.com\/de\/hub\/","name":"NETGEAR","description":"Erkunden Sie unsere Hub-Seiten und st\u00f6bern Sie in Artikeln, um mehr \u00fcber NETGEAR Produkte und Technologien zu erfahren.","publisher":{"@id":"https:\/\/dehub.netgear.com\/de\/hub\/#organization"},"potentialAction":[{"@type":"SearchAction","target":{"@type":"EntryPoint","urlTemplate":"https:\/\/dehub.netgear.com\/de\/hub\/?s={search_term_string}"},"query-input":{"@type":"PropertyValueSpecification","valueRequired":true,"valueName":"search_term_string"}}],"inLanguage":"de"},{"@type":"Organization","@id":"https:\/\/dehub.netgear.com\/de\/hub\/#organization","name":"NETGEAR","url":"https:\/\/dehub.netgear.com\/de\/hub\/","logo":{"@type":"ImageObject","inLanguage":"de","@id":"https:\/\/dehub.netgear.com\/de\/hub\/#\/schema\/logo\/image\/","url":"https:\/\/www.dehub.netgear.com\/de\/hub\/wp-content\/uploads\/2019\/07\/NETGEAR_logo.jpg","contentUrl":"https:\/\/www.dehub.netgear.com\/de\/hub\/wp-content\/uploads\/2019\/07\/NETGEAR_logo.jpg","width":1500,"height":501,"caption":"NETGEAR"},"image":{"@id":"https:\/\/dehub.netgear.com\/de\/hub\/#\/schema\/logo\/image\/"},"sameAs":["https:\/\/www.facebook.com\/NetgearAU\/","https:\/\/x.com\/NETGEAR","https:\/\/www.linkedin.com\/company\/netgear"]}]}},"_links":{"self":[{"href":"https:\/\/dehub.netgear.com\/de\/hub\/wp-json\/wp\/v2\/pages\/11152","targetHints":{"allow":["GET"]}}],"collection":[{"href":"https:\/\/dehub.netgear.com\/de\/hub\/wp-json\/wp\/v2\/pages"}],"about":[{"href":"https:\/\/dehub.netgear.com\/de\/hub\/wp-json\/wp\/v2\/types\/page"}],"author":[{"embeddable":true,"href":"https:\/\/dehub.netgear.com\/de\/hub\/wp-json\/wp\/v2\/users\/98"}],"replies":[{"embeddable":true,"href":"https:\/\/dehub.netgear.com\/de\/hub\/wp-json\/wp\/v2\/comments?post=11152"}],"version-history":[{"count":2,"href":"https:\/\/dehub.netgear.com\/de\/hub\/wp-json\/wp\/v2\/pages\/11152\/revisions"}],"predecessor-version":[{"id":11156,"href":"https:\/\/dehub.netgear.com\/de\/hub\/wp-json\/wp\/v2\/pages\/11152\/revisions\/11156"}],"up":[{"embeddable":true,"href":"https:\/\/dehub.netgear.com\/de\/hub\/wp-json\/wp\/v2\/pages\/6754"}],"wp:featuredmedia":[{"embeddable":true,"href":"https:\/\/dehub.netgear.com\/de\/hub\/wp-json\/wp\/v2\/media\/11154"}],"wp:attachment":[{"href":"https:\/\/dehub.netgear.com\/de\/hub\/wp-json\/wp\/v2\/media?parent=11152"}],"curies":[{"name":"wp","href":"https:\/\/api.w.org\/{rel}","templated":true}]}}