{"id":11121,"date":"2025-11-22T08:59:09","date_gmt":"2025-12-03T07:59:07","guid":{"rendered":"https:\/\/dehub.netgear.com\/de\/hub\/?page_id=11121"},"modified":"2025-12-03T09:00:34","modified_gmt":"2025-12-03T08:00:34","slug":"media-networking-excellence-drives-the-lumens-and-netgear-av-collaboration","status":"publish","type":"page","link":"https:\/\/dehub.netgear.com\/de\/hub\/business\/av\/media-networking-excellence-drives-the-lumens-and-netgear-av-collaboration\/","title":{"rendered":"Exzellente Mediennetzwerke treiben die Zusammenarbeit zwischen Lumens und NETGEAR AV voran"},"content":{"rendered":"<p><img loading=\"lazy\" decoding=\"async\" class=\"alignone size-full wp-image-10681\" style=\"border-radius: 1em;\" src=\"https:\/\/www.netgear.com\/hub\/wp-content\/uploads\/2025\/11\/LumensPTZ.png\" alt=\"\" width=\"1048\" height=\"511\" \/><\/p>\n    <div class=\"table-of-content bg-gray\">\n        <p><strong>IN THIS ARTICLE<\/strong><\/p>\n        <ul>\n                        <li><a href=\"#topic1\">Der Wandel hin zu IP-basiertem AV<\/a><\/li>\n                        <li><a href=\"#topic2\">NETGEAR &amp; Lumens Partnerschaft<\/a><\/li>\n                        <li><a href=\"#topic3\">Integrierte AV-Protokollunterst\u00fctzung<\/a><\/li>\n                        <li><a href=\"#topic4\">AV-optimiertes Switching<\/a><\/li>\n                        <li><a href=\"#topic5\">Das Lumens-IP-\u00d6kosystem<\/a><\/li>\n                        <li><a href=\"#topic6\">Bew\u00e4hrte Netzwerkkompatibilit\u00e4t<\/a><\/li>\n                        <li><a href=\"#topic7\">Nahtlose, latenzarme Integration<\/a><\/li>\n                        <li><a href=\"#topic8\">Mehr Informationen<\/a><\/li>\n                    <\/ul>\n    <\/div>\n        <div id=\"topic1\" class=\"skip-item\">\n                        <h2>Der Wandel hin zu IP-basiertem AV<\/h2>\n                <p>Der Wechsel der professionellen AV-Branche hin zu IP-basierten Workflows hat visuelle Kommunikationssysteme grundlegend ver\u00e4ndert. Die Nachfrage nach zuverl\u00e4ssigen, latenzarmen Mediennetzwerken treibt Innovationen sowohl in der Kameratechnologie als auch in der Netzwerkinfrastruktur voran.<\/p>\n    <\/div>\n        <div id=\"topic2\" class=\"skip-item\">\n                        <h2>NETGEAR &amp; Lumens Partnerschaft<\/h2>\n                <p>Unsere strategische Partnerschaft mit Lumens vereint die hochmodernen PTZ-Kameras, Voice-Tracking-Technologie und IP-Transmitter von Lumens mit den speziell entwickelten Media-Networking-L\u00f6sungen von NETGEAR. Diese Zusammenarbeit zeigt, wie fortschrittliche Video\u00adprotokolle \u2013 darunter RTSP, NDI und Dante AV \u2013 mit einer leistungsstarken Ethernet-Infrastruktur zusammenkommen, um Installationen in Unternehmens-, Broadcast- und Livestreaming-Umgebungen zu revolutionieren.<\/p>\n    <\/div>\n        <div id=\"topic3\" class=\"skip-item\">\n                        <h2>Integrierte AV-Protokollunterst\u00fctzung<\/h2>\n                <p>Die AV-Line-Switches von NETGEAR bieten integrierte Unterst\u00fctzung f\u00fcr wesentliche professionelle AV-Protokolle: AMX f\u00fcr die Steuerungsintegration, NDI f\u00fcr kollaborative IP-Workflows und Dante AV-H f\u00fcr Audio-Video-\u00dcbertragung \u00fcber IP-Netzwerke. Diese umfassende Protokollunterst\u00fctzung stellt sicher, dass die netzwerkoptimierten Kameras und Transmitter von Lumens ihr volles Leistungspotenzial entfalten k\u00f6nnen.<\/p>\n    <\/div>\n        <div id=\"topic4\" class=\"skip-item\">\n                        <h2>AV-optimiertes Switching<\/h2>\n                <p>Die Switches bieten hochperformante 1- und 10-Gigabit-F\u00e4higkeiten mit spezialisierten Funktionen, die sie klar von herk\u00f6mmlicher Netzwerktechnik unterscheiden. Sie liefern die Bandbreite, Timing-Pr\u00e4zision und Protokollintelligenz, die f\u00fcr Ergebnisse in professioneller Qualit\u00e4t erforderlich sind.<\/p>\n<p><img loading=\"lazy\" decoding=\"async\" class=\"aligncenter wp-image-22210 size-full\" src=\"https:\/\/www.netgear.com\/hub\/wp-content\/uploads\/2025\/11\/0202507221430291160.png\" alt=\"\" width=\"600\" height=\"800\" \/><\/p>\n    <\/div>\n        <div id=\"topic5\" class=\"skip-item\">\n                        <h2>Das Lumens-IP-\u00d6kosystem<\/h2>\n                <p data-start=\"1686\" data-end=\"1729\">Das wachsende Portfolio von Lumens umfasst:<\/p>\n<ul data-start=\"1731\" data-end=\"2346\">\n<li data-start=\"1731\" data-end=\"1968\">\n<p data-start=\"1733\" data-end=\"1968\"><strong data-start=\"1733\" data-end=\"1757\">KI-gest\u00fctzte Kameras<\/strong>, die RTSP-, Dante AV-H- und NDI-Protokolle unterst\u00fctzen und hochwertige HD- und UltraHD-Videos mit geringer Latenz ausgeben, w\u00e4hrend Steuerdaten, Stromversorgung und Tally-Anweisungen per IP empfangen werden.<\/p>\n<\/li>\n<li data-start=\"1969\" data-end=\"2134\">\n<p data-start=\"1971\" data-end=\"2134\"><strong data-start=\"1971\" data-end=\"2007\">OIP Bridge AV-over-IP-Transcoder<\/strong>, die netzwerkbasierte Video- und Audio\u00fcbertragung erm\u00f6glichen und die Integration mit Teams- und Zoom-Systemen unterst\u00fctzen.<\/p>\n<\/li>\n<li data-start=\"2135\" data-end=\"2237\">\n<p data-start=\"2137\" data-end=\"2237\"><strong data-start=\"2137\" data-end=\"2177\">Multi-Kamera-Voice-Tracking-L\u00f6sungen<\/strong> f\u00fcr IP-Videoerfassung und automatisierte Videoproduktion.<\/p>\n<\/li>\n<li data-start=\"2238\" data-end=\"2346\">\n<p data-start=\"2240\" data-end=\"2346\"><strong data-start=\"2240\" data-end=\"2285\">IP-f\u00e4hige Multi-Channel-Medienprozessoren<\/strong> mit Netzwerksteuerung und integrierten Streaming-Encodern.<\/p>\n<\/li>\n<\/ul>\n    <\/div>\n        <div id=\"topic6\" class=\"skip-item\">\n                        <h2>Bew\u00e4hrte Netzwerkkompatibilit\u00e4t<\/h2>\n                <p>Als autorisierte Partner arbeiten Lumens-Ingenieure direkt mit NETGEAR zusammen, um vollst\u00e4ndige Kompatibilit\u00e4t \u00fcber die Switch-Portfolios von 1G, 10G und 100G hinweg durch umfassende Tests und Validierung sicherzustellen. Diese enge Zusammenarbeit beseitigt Unsicherheiten bei der Implementierung und gew\u00e4hrleistet konsistente Leistung in unterschiedlichsten Installationsszenarien.<\/p>\n    <\/div>\n        <div id=\"topic7\" class=\"skip-item\">\n                        <h2>Nahtlose, latenzarme Integration<\/h2>\n                <p>Das Ergebnis ist eine nahtlose Integration, bei der die AV-Line-Switches von NETGEAR direkt mit den IP-L\u00f6sungen von Lumens zusammenarbeiten und eine latenzarme Video\u00fcbertragung ohne zus\u00e4tzliche Protokollkonvertierung oder spezielle Konfiguration erm\u00f6glichen. Wenn Lumens eine AV-L\u00f6sung empfiehlt, die mit einer NETGEAR-AV-Switching-Infrastruktur kombiniert wird, erhalten Kunden ein vorgetestetes, vollst\u00e4ndig kompatibles System, das vom ersten Tag an konsistente Leistung liefert.<\/p>\n    <\/div>\n        <div id=\"topic8\" class=\"skip-item\">\n                        <h2>Mehr Informationen<\/h2>\n                <p><!-- IT NETGEAR BUSINESS-L\u00d6SUNGEN--><br \/>\nMehr \u00fcber unsere Business-Produkte erfahren<\/p>\n<div class=\"hs-cta-embed hs-cta-simple-placeholder hs-cta-embed-243392275167\" style=\"max-width: 100%;max-height: 100%;width: 260px;height: 50.390625px\" data-hubspot-wrapper-cta-id=\"243392275167\"><a href=\"https:\/\/cta-na2.hubspot.com\/web-interactives\/public\/v1\/track\/redirect?encryptedPayload=AVxigLI%2Fu8J7nFnep8w0CfLqqlWixXySh0cANLn7TQ3MtLEGeFdfhQxw3AVxVzYlZOkZoVB4gdslqY4il1pZTz7RSKy0mNw%2BF1Y6bdIwWiFAFfgtF%2FkXW%2Fmq0JFY6OQExFSwjiafSp97IxwGv6iNNhiT9X6MQziOnjaAnh9UsXCYR2VD1S791%2F7MVwT1TQ%3D%3D&amp;webInteractiveContentId=243392275167&amp;portalId=242128791\" target=\"_blank\" rel=\"noopener\"><br \/>\n<img decoding=\"async\" style=\"height: 100%;width: 100%;object-fit: fill\" src=\"https:\/\/hubspot-no-cache-na2-prod.s3.amazonaws.com\/cta\/default\/242128791\/interactive-243392275167.png\" alt=\"NETGEAR AV-L\u00d6SUNGEN\" \/><br \/>\n<\/a><\/div>\n<p><!-- IT ACADEMY --><br \/>\nAlles \u00fcber IP-Netzwerke lernen \u2013 in der NETGEAR ACADEMY<\/p>\n<div class=\"hs-cta-embed hs-cta-simple-placeholder hs-cta-embed-243357267644\" style=\"max-width: 100%;max-height: 100%;width: 260px;height: 50.390625px\" data-hubspot-wrapper-cta-id=\"243357267644\"><a href=\"https:\/\/cta-na2.hubspot.com\/web-interactives\/public\/v1\/track\/redirect?encryptedPayload=AVxigLKW9uCCU9FL7iPOCpU%2BvA8Z1UfLRQT8691iSSqh%2BqLrpD%2FITlt6RGXTdhci0W5DkR0wb%2FpK%2BWToDj8Qf0HaQwR0kyzZgK35i%2BhitHvCmHPH8BmXutiugzeYtEHOY6aYTSXoNxDjJJwwtUXAzSqnxQuhx5jjnWcHl4zUp4Dt1tTG2PymP7esgNCNHKHECJ76tda5x0hFMo8JQo6UwGGb9CBw4fyYnA%3D%3D&amp;webInteractiveContentId=243357267644&amp;portalId=242128791\" target=\"_blank\" rel=\"noopener\"><br \/>\n<img decoding=\"async\" style=\"height: 100%;width: 100%;object-fit: fill\" src=\"https:\/\/hubspot-no-cache-na2-prod.s3.amazonaws.com\/cta\/default\/242128791\/interactive-243357267644.png\" alt=\"NETGEAR ACADEMY\" \/><br \/>\n<\/a><\/div>\n<p><!-- KONTAKT PRO-IT-TEAM --><br \/>\nUnsere Ingenieure unterst\u00fctzen Sie kostenlos bei Ihrem Projekt<\/p>\n<div class=\"hs-cta-embed hs-cta-simple-placeholder hs-cta-embed-243357266676\" style=\"max-width: 100%;max-height: 100%;width: 270px;height: 50.390625px\" data-hubspot-wrapper-cta-id=\"243357266676\"><a href=\"https:\/\/cta-na2.hubspot.com\/web-interactives\/public\/v1\/track\/redirect?encryptedPayload=AVxigLL9MaHliYSOIHWsJvXrVuyffxSFGu%2FOD4neANfzotKQLgtjDgnA0CFJQWLPGl5hkjLPFJf7A76nk1yWw939l8y7nc4NGJ1%2Fa58epF2QbqIhW7KyV%2Fr75%2B8GCI%2FfEXyeGuic8buAEe%2F8pDQ63tT6ExQvwvvuG%2BeK5mOqM%2FlNsZUaeR4q5pghXZB3yAUIu7WWwKynlh9Y3Ug9ymAN6sNjHEzXMCgwSYmLqMh7eixTsrgTswO85eLb8rCODQ%3D%3D&amp;webInteractiveContentId=243357266676&amp;portalId=242128791\" target=\"_blank\" rel=\"noopener\"><br \/>\n<img decoding=\"async\" style=\"height: 100%;width: 100%;object-fit: fill\" src=\"https:\/\/hubspot-no-cache-na2-prod.s3.amazonaws.com\/cta\/default\/242128791\/interactive-243357266676.png\" alt=\"KONTAKT PROAV-TEAM\" \/><br \/>\n<\/a><\/div>\n<p style=\"margin-top: 50px\"><iframe loading=\"lazy\" src=\"https:\/\/405nrr.share-na2.hsforms.com\/25w_D-U5iS-e5KaSaP86jnQ\" width=\"100%\" height=\"1200px\"><\/iframe><\/p>\n    <\/div>\n    \n","protected":false},"excerpt":{"rendered":"","protected":false},"author":94,"featured_media":11110,"parent":6754,"menu_order":0,"comment_status":"closed","ping_status":"closed","template":"templates\/blog-wifi.php","meta":{"_acf_changed":false,"footnotes":""},"class_list":["post-11121","page","type-page","status-publish","has-post-thumbnail","hentry"],"acf":[],"yoast_head":"<!-- This site is optimized with the Yoast SEO plugin v27.4 - https:\/\/yoast.com\/product\/yoast-seo-wordpress\/ -->\n<title>Exzellente Mediennetzwerke treiben die Zusammenarbeit zwischen Lumens und NETGEAR AV voran - NETGEAR Hub<\/title>\n<meta name=\"description\" content=\"Exzellente Mediennetzwerke treiben die Zusammenarbeit zwischen Lumens und NETGEAR AV voran\" \/>\n<meta name=\"robots\" content=\"index, follow, max-snippet:-1, max-image-preview:large, max-video-preview:-1\" \/>\n<link rel=\"canonical\" href=\"https:\/\/dehub.netgear.com\/de\/hub\/business\/av\/media-networking-excellence-drives-the-lumens-and-netgear-av-collaboration\/\" \/>\n<meta property=\"og:locale\" content=\"de_DE\" \/>\n<meta property=\"og:type\" content=\"article\" \/>\n<meta property=\"og:title\" content=\"Exzellente Mediennetzwerke treiben die Zusammenarbeit zwischen Lumens und NETGEAR AV voran - NETGEAR Hub\" \/>\n<meta property=\"og:description\" content=\"Exzellente Mediennetzwerke treiben die Zusammenarbeit zwischen Lumens und NETGEAR AV voran\" \/>\n<meta property=\"og:url\" content=\"https:\/\/dehub.netgear.com\/de\/hub\/business\/av\/media-networking-excellence-drives-the-lumens-and-netgear-av-collaboration\/\" \/>\n<meta property=\"og:site_name\" content=\"NETGEAR Hub\" \/>\n<meta property=\"article:publisher\" content=\"https:\/\/www.facebook.com\/NetgearAU\/\" \/>\n<meta property=\"article:modified_time\" content=\"2025-12-03T08:00:34+00:00\" \/>\n<meta property=\"og:image\" content=\"https:\/\/dehub.netgear.com\/de\/hub\/wp-content\/uploads\/2025\/12\/lumens-logo-5-383x288-1.jpeg\" \/>\n\t<meta property=\"og:image:width\" content=\"383\" \/>\n\t<meta property=\"og:image:height\" content=\"288\" \/>\n\t<meta property=\"og:image:type\" content=\"image\/jpeg\" \/>\n<meta name=\"twitter:card\" content=\"summary_large_image\" \/>\n<meta name=\"twitter:site\" content=\"@NETGEAR\" \/>\n<script type=\"application\/ld+json\" class=\"yoast-schema-graph\">{\"@context\":\"https:\\\/\\\/schema.org\",\"@graph\":[{\"@type\":\"WebPage\",\"@id\":\"https:\\\/\\\/dehub.netgear.com\\\/de\\\/hub\\\/business\\\/av\\\/media-networking-excellence-drives-the-lumens-and-netgear-av-collaboration\\\/\",\"url\":\"https:\\\/\\\/dehub.netgear.com\\\/de\\\/hub\\\/business\\\/av\\\/media-networking-excellence-drives-the-lumens-and-netgear-av-collaboration\\\/\",\"name\":\"Exzellente Mediennetzwerke treiben die Zusammenarbeit zwischen Lumens und NETGEAR AV voran - NETGEAR Hub\",\"isPartOf\":{\"@id\":\"https:\\\/\\\/dehub.netgear.com\\\/de\\\/hub\\\/#website\"},\"primaryImageOfPage\":{\"@id\":\"https:\\\/\\\/dehub.netgear.com\\\/de\\\/hub\\\/business\\\/av\\\/media-networking-excellence-drives-the-lumens-and-netgear-av-collaboration\\\/#primaryimage\"},\"image\":{\"@id\":\"https:\\\/\\\/dehub.netgear.com\\\/de\\\/hub\\\/business\\\/av\\\/media-networking-excellence-drives-the-lumens-and-netgear-av-collaboration\\\/#primaryimage\"},\"thumbnailUrl\":\"https:\\\/\\\/dehub.netgear.com\\\/de\\\/hub\\\/wp-content\\\/uploads\\\/2025\\\/12\\\/lumens-logo-5-383x288-1.jpeg\",\"datePublished\":\"2025-12-03T07:59:07+00:00\",\"dateModified\":\"2025-12-03T08:00:34+00:00\",\"description\":\"Exzellente Mediennetzwerke treiben die Zusammenarbeit zwischen Lumens und NETGEAR AV voran\",\"breadcrumb\":{\"@id\":\"https:\\\/\\\/dehub.netgear.com\\\/de\\\/hub\\\/business\\\/av\\\/media-networking-excellence-drives-the-lumens-and-netgear-av-collaboration\\\/#breadcrumb\"},\"inLanguage\":\"de\",\"potentialAction\":[{\"@type\":\"ReadAction\",\"target\":[\"https:\\\/\\\/dehub.netgear.com\\\/de\\\/hub\\\/business\\\/av\\\/media-networking-excellence-drives-the-lumens-and-netgear-av-collaboration\\\/\"]}]},{\"@type\":\"ImageObject\",\"inLanguage\":\"de\",\"@id\":\"https:\\\/\\\/dehub.netgear.com\\\/de\\\/hub\\\/business\\\/av\\\/media-networking-excellence-drives-the-lumens-and-netgear-av-collaboration\\\/#primaryimage\",\"url\":\"https:\\\/\\\/dehub.netgear.com\\\/de\\\/hub\\\/wp-content\\\/uploads\\\/2025\\\/12\\\/lumens-logo-5-383x288-1.jpeg\",\"contentUrl\":\"https:\\\/\\\/dehub.netgear.com\\\/de\\\/hub\\\/wp-content\\\/uploads\\\/2025\\\/12\\\/lumens-logo-5-383x288-1.jpeg\",\"width\":383,\"height\":288},{\"@type\":\"BreadcrumbList\",\"@id\":\"https:\\\/\\\/dehub.netgear.com\\\/de\\\/hub\\\/business\\\/av\\\/media-networking-excellence-drives-the-lumens-and-netgear-av-collaboration\\\/#breadcrumb\",\"itemListElement\":[{\"@type\":\"ListItem\",\"position\":1,\"name\":\"Home\",\"item\":\"https:\\\/\\\/dehub.netgear.com\\\/de\\\/hub\\\/\"},{\"@type\":\"ListItem\",\"position\":2,\"name\":\"Business Articles Hub\",\"item\":\"https:\\\/\\\/dehub.netgear.com\\\/de\\\/hub\\\/business\\\/\"},{\"@type\":\"ListItem\",\"position\":3,\"name\":\"Business AV\",\"item\":\"https:\\\/\\\/dehub.netgear.com\\\/de\\\/hub\\\/business\\\/av\\\/\"},{\"@type\":\"ListItem\",\"position\":4,\"name\":\"Exzellente Mediennetzwerke treiben die Zusammenarbeit zwischen Lumens und NETGEAR AV voran\"}]},{\"@type\":\"WebSite\",\"@id\":\"https:\\\/\\\/dehub.netgear.com\\\/de\\\/hub\\\/#website\",\"url\":\"https:\\\/\\\/dehub.netgear.com\\\/de\\\/hub\\\/\",\"name\":\"NETGEAR\",\"description\":\"Erkunden Sie unsere Hub-Seiten und st\u00f6bern Sie in Artikeln, um mehr \u00fcber NETGEAR Produkte und Technologien zu erfahren.\",\"publisher\":{\"@id\":\"https:\\\/\\\/dehub.netgear.com\\\/de\\\/hub\\\/#organization\"},\"potentialAction\":[{\"@type\":\"SearchAction\",\"target\":{\"@type\":\"EntryPoint\",\"urlTemplate\":\"https:\\\/\\\/dehub.netgear.com\\\/de\\\/hub\\\/?s={search_term_string}\"},\"query-input\":{\"@type\":\"PropertyValueSpecification\",\"valueRequired\":true,\"valueName\":\"search_term_string\"}}],\"inLanguage\":\"de\"},{\"@type\":\"Organization\",\"@id\":\"https:\\\/\\\/dehub.netgear.com\\\/de\\\/hub\\\/#organization\",\"name\":\"NETGEAR\",\"url\":\"https:\\\/\\\/dehub.netgear.com\\\/de\\\/hub\\\/\",\"logo\":{\"@type\":\"ImageObject\",\"inLanguage\":\"de\",\"@id\":\"https:\\\/\\\/dehub.netgear.com\\\/de\\\/hub\\\/#\\\/schema\\\/logo\\\/image\\\/\",\"url\":\"https:\\\/\\\/www.dehub.netgear.com\\\/de\\\/hub\\\/wp-content\\\/uploads\\\/2019\\\/07\\\/NETGEAR_logo.jpg\",\"contentUrl\":\"https:\\\/\\\/www.dehub.netgear.com\\\/de\\\/hub\\\/wp-content\\\/uploads\\\/2019\\\/07\\\/NETGEAR_logo.jpg\",\"width\":1500,\"height\":501,\"caption\":\"NETGEAR\"},\"image\":{\"@id\":\"https:\\\/\\\/dehub.netgear.com\\\/de\\\/hub\\\/#\\\/schema\\\/logo\\\/image\\\/\"},\"sameAs\":[\"https:\\\/\\\/www.facebook.com\\\/NetgearAU\\\/\",\"https:\\\/\\\/x.com\\\/NETGEAR\",\"https:\\\/\\\/www.linkedin.com\\\/company\\\/netgear\"]}]}<\/script>\n<!-- \/ Yoast SEO plugin. -->","yoast_head_json":{"title":"Exzellente Mediennetzwerke treiben die Zusammenarbeit zwischen Lumens und NETGEAR AV voran - NETGEAR Hub","description":"Exzellente Mediennetzwerke treiben die Zusammenarbeit zwischen Lumens und NETGEAR AV voran","robots":{"index":"index","follow":"follow","max-snippet":"max-snippet:-1","max-image-preview":"max-image-preview:large","max-video-preview":"max-video-preview:-1"},"canonical":"https:\/\/dehub.netgear.com\/de\/hub\/business\/av\/media-networking-excellence-drives-the-lumens-and-netgear-av-collaboration\/","og_locale":"de_DE","og_type":"article","og_title":"Exzellente Mediennetzwerke treiben die Zusammenarbeit zwischen Lumens und NETGEAR AV voran - NETGEAR Hub","og_description":"Exzellente Mediennetzwerke treiben die Zusammenarbeit zwischen Lumens und NETGEAR AV voran","og_url":"https:\/\/dehub.netgear.com\/de\/hub\/business\/av\/media-networking-excellence-drives-the-lumens-and-netgear-av-collaboration\/","og_site_name":"NETGEAR Hub","article_publisher":"https:\/\/www.facebook.com\/NetgearAU\/","article_modified_time":"2025-12-03T08:00:34+00:00","og_image":[{"width":383,"height":288,"url":"https:\/\/dehub.netgear.com\/de\/hub\/wp-content\/uploads\/2025\/12\/lumens-logo-5-383x288-1.jpeg","type":"image\/jpeg"}],"twitter_card":"summary_large_image","twitter_site":"@NETGEAR","schema":{"@context":"https:\/\/schema.org","@graph":[{"@type":"WebPage","@id":"https:\/\/dehub.netgear.com\/de\/hub\/business\/av\/media-networking-excellence-drives-the-lumens-and-netgear-av-collaboration\/","url":"https:\/\/dehub.netgear.com\/de\/hub\/business\/av\/media-networking-excellence-drives-the-lumens-and-netgear-av-collaboration\/","name":"Exzellente Mediennetzwerke treiben die Zusammenarbeit zwischen Lumens und NETGEAR AV voran - NETGEAR Hub","isPartOf":{"@id":"https:\/\/dehub.netgear.com\/de\/hub\/#website"},"primaryImageOfPage":{"@id":"https:\/\/dehub.netgear.com\/de\/hub\/business\/av\/media-networking-excellence-drives-the-lumens-and-netgear-av-collaboration\/#primaryimage"},"image":{"@id":"https:\/\/dehub.netgear.com\/de\/hub\/business\/av\/media-networking-excellence-drives-the-lumens-and-netgear-av-collaboration\/#primaryimage"},"thumbnailUrl":"https:\/\/dehub.netgear.com\/de\/hub\/wp-content\/uploads\/2025\/12\/lumens-logo-5-383x288-1.jpeg","datePublished":"2025-12-03T07:59:07+00:00","dateModified":"2025-12-03T08:00:34+00:00","description":"Exzellente Mediennetzwerke treiben die Zusammenarbeit zwischen Lumens und NETGEAR AV voran","breadcrumb":{"@id":"https:\/\/dehub.netgear.com\/de\/hub\/business\/av\/media-networking-excellence-drives-the-lumens-and-netgear-av-collaboration\/#breadcrumb"},"inLanguage":"de","potentialAction":[{"@type":"ReadAction","target":["https:\/\/dehub.netgear.com\/de\/hub\/business\/av\/media-networking-excellence-drives-the-lumens-and-netgear-av-collaboration\/"]}]},{"@type":"ImageObject","inLanguage":"de","@id":"https:\/\/dehub.netgear.com\/de\/hub\/business\/av\/media-networking-excellence-drives-the-lumens-and-netgear-av-collaboration\/#primaryimage","url":"https:\/\/dehub.netgear.com\/de\/hub\/wp-content\/uploads\/2025\/12\/lumens-logo-5-383x288-1.jpeg","contentUrl":"https:\/\/dehub.netgear.com\/de\/hub\/wp-content\/uploads\/2025\/12\/lumens-logo-5-383x288-1.jpeg","width":383,"height":288},{"@type":"BreadcrumbList","@id":"https:\/\/dehub.netgear.com\/de\/hub\/business\/av\/media-networking-excellence-drives-the-lumens-and-netgear-av-collaboration\/#breadcrumb","itemListElement":[{"@type":"ListItem","position":1,"name":"Home","item":"https:\/\/dehub.netgear.com\/de\/hub\/"},{"@type":"ListItem","position":2,"name":"Business Articles Hub","item":"https:\/\/dehub.netgear.com\/de\/hub\/business\/"},{"@type":"ListItem","position":3,"name":"Business AV","item":"https:\/\/dehub.netgear.com\/de\/hub\/business\/av\/"},{"@type":"ListItem","position":4,"name":"Exzellente Mediennetzwerke treiben die Zusammenarbeit zwischen Lumens und NETGEAR AV voran"}]},{"@type":"WebSite","@id":"https:\/\/dehub.netgear.com\/de\/hub\/#website","url":"https:\/\/dehub.netgear.com\/de\/hub\/","name":"NETGEAR","description":"Erkunden Sie unsere Hub-Seiten und st\u00f6bern Sie in Artikeln, um mehr \u00fcber NETGEAR Produkte und Technologien zu erfahren.","publisher":{"@id":"https:\/\/dehub.netgear.com\/de\/hub\/#organization"},"potentialAction":[{"@type":"SearchAction","target":{"@type":"EntryPoint","urlTemplate":"https:\/\/dehub.netgear.com\/de\/hub\/?s={search_term_string}"},"query-input":{"@type":"PropertyValueSpecification","valueRequired":true,"valueName":"search_term_string"}}],"inLanguage":"de"},{"@type":"Organization","@id":"https:\/\/dehub.netgear.com\/de\/hub\/#organization","name":"NETGEAR","url":"https:\/\/dehub.netgear.com\/de\/hub\/","logo":{"@type":"ImageObject","inLanguage":"de","@id":"https:\/\/dehub.netgear.com\/de\/hub\/#\/schema\/logo\/image\/","url":"https:\/\/www.dehub.netgear.com\/de\/hub\/wp-content\/uploads\/2019\/07\/NETGEAR_logo.jpg","contentUrl":"https:\/\/www.dehub.netgear.com\/de\/hub\/wp-content\/uploads\/2019\/07\/NETGEAR_logo.jpg","width":1500,"height":501,"caption":"NETGEAR"},"image":{"@id":"https:\/\/dehub.netgear.com\/de\/hub\/#\/schema\/logo\/image\/"},"sameAs":["https:\/\/www.facebook.com\/NetgearAU\/","https:\/\/x.com\/NETGEAR","https:\/\/www.linkedin.com\/company\/netgear"]}]}},"_links":{"self":[{"href":"https:\/\/dehub.netgear.com\/de\/hub\/wp-json\/wp\/v2\/pages\/11121","targetHints":{"allow":["GET"]}}],"collection":[{"href":"https:\/\/dehub.netgear.com\/de\/hub\/wp-json\/wp\/v2\/pages"}],"about":[{"href":"https:\/\/dehub.netgear.com\/de\/hub\/wp-json\/wp\/v2\/types\/page"}],"author":[{"embeddable":true,"href":"https:\/\/dehub.netgear.com\/de\/hub\/wp-json\/wp\/v2\/users\/94"}],"replies":[{"embeddable":true,"href":"https:\/\/dehub.netgear.com\/de\/hub\/wp-json\/wp\/v2\/comments?post=11121"}],"version-history":[{"count":2,"href":"https:\/\/dehub.netgear.com\/de\/hub\/wp-json\/wp\/v2\/pages\/11121\/revisions"}],"predecessor-version":[{"id":11123,"href":"https:\/\/dehub.netgear.com\/de\/hub\/wp-json\/wp\/v2\/pages\/11121\/revisions\/11123"}],"up":[{"embeddable":true,"href":"https:\/\/dehub.netgear.com\/de\/hub\/wp-json\/wp\/v2\/pages\/6754"}],"wp:featuredmedia":[{"embeddable":true,"href":"https:\/\/dehub.netgear.com\/de\/hub\/wp-json\/wp\/v2\/media\/11110"}],"wp:attachment":[{"href":"https:\/\/dehub.netgear.com\/de\/hub\/wp-json\/wp\/v2\/media?parent=11121"}],"curies":[{"name":"wp","href":"https:\/\/api.w.org\/{rel}","templated":true}]}}