{"id":11119,"date":"2025-11-08T08:53:09","date_gmt":"2025-12-03T07:53:54","guid":{"rendered":"https:\/\/dehub.netgear.com\/de\/hub\/?page_id=11119"},"modified":"2025-12-03T08:54:22","modified_gmt":"2025-12-03T07:54:22","slug":"unified-platform-excellence","status":"publish","type":"page","link":"https:\/\/dehub.netgear.com\/de\/hub\/business\/av\/unified-platform-excellence\/","title":{"rendered":"Exzellenz durch eine einheitliche Plattform treibt die Zusammenarbeit zwischen Q-SYS und NETGEAR AV voran"},"content":{"rendered":"<p><img loading=\"lazy\" decoding=\"async\" class=\"alignone size-full wp-image-10681\" style=\"border-radius: 1em;\" src=\"https:\/\/www.netgear.com\/hub\/wp-content\/uploads\/2025\/11\/Core_X10-slider-Hero_cropped.png\" alt=\"\" width=\"1048\" height=\"511\" \/><\/p>\n    <div class=\"table-of-content bg-gray\">\n        <p><strong>IN THIS ARTICLE<\/strong><\/p>\n        <ul>\n                        <li><a href=\"#topic1\">Softwarebasierte Plattformen<\/a><\/li>\n                        <li><a href=\"#topic2\">Revolution\u00e4re softwarebasierte Integration<\/a><\/li>\n                        <li><a href=\"#topic3\">Plug-and-Play-Enterprise-Performance<\/a><\/li>\n                        <li><a href=\"#topic4\">Umfassendes Steuerungs\u00f6kosystem<\/a><\/li>\n                        <li><a href=\"#topic5\">Mehr Informationen<\/a><\/li>\n                    <\/ul>\n    <\/div>\n        <div id=\"topic1\" class=\"skip-item\">\n                        <h2>Softwarebasierte Plattformen<\/h2>\n                <p>Da die professionelle AV-Branche zunehmend auf softwarebasierte Plattformen umstellt, w\u00e4chst die Nachfrage nach Netzwerkl\u00f6sungen, die herausragende Audio-, Video- und Steuerungsleistung ohne komplexe Einrichtung bieten. Die Zusammenarbeit zwischen Q-SYS und NETGEAR tr\u00e4gt dieser Entwicklung Rechnung, indem sie die Q-SYS Full Stack AV Platform mit der speziell entwickelten AV-Line-Switching-Infrastruktur von NETGEAR kombiniert.<\/p>\n<p>Die Partnerschaft zwischen den beiden globalen Marktf\u00fchrern zeigt, wie intelligente, softwarebasierte Audio-, Video- und Steuerungssysteme mit Netzwerkhardware in Enterprise-Qualit\u00e4t zusammenarbeiten, um Plug-and-Play-Installationen zu erm\u00f6glichen. Diese Systeme bieten Stromversorgung, Medien\u00fcbertragung und zentrale Verwaltung f\u00fcr Unternehmensumgebungen, Bildungseinrichtungen und kollaborative R\u00e4ume weltweit.<\/p>\n    <\/div>\n        <div id=\"topic2\" class=\"skip-item\">\n                        <h2>Revolution\u00e4re softwarebasierte Integration<\/h2>\n                <p>Q-SYS bietet au\u00dfergew\u00f6hnliche Plattformleistung durch seine softwarebasierte Engine f\u00fcr Audio, Video und Steuerung. Dies eliminiert traditionelle AV-Silos und gew\u00e4hrleistet gleichzeitig Enterprise-Performance f\u00fcr anspruchsvolle Anwendungen. Die Q-SYS Platform nutzt die Q-LAN-Protokollsuite f\u00fcr nahtlose Audio- und Videodistribution, Ger\u00e4teerkennung, Synchronisation und Steuerung \u00fcber Standard-IT-Netzwerke.<\/p>\n<p>Die Netzwerk-Switches der NS Series Gen 2 sind von NETGEAR hergestellte Enterprise-L\u00f6sungen, die speziell vorkonfiguriert wurden, um die hohen Leistungsanforderungen von Q-SYS-, AES67- und Dante-Protokollen zu erf\u00fcllen. Diese Switches erm\u00f6glichen den Echtzeittransport von Q-LAN-, AES67- und Dante-Audiostreams sowie Q-LAN-Video-Streaming und -Verteilung \u2013 gleichzeitig innerhalb desselben VLANs, ohne manuelle QoS-Konfiguration.<\/p>\n<p>NETGEARs spezialisierte Switching-Infrastruktur bietet die notwendige Bandbreite, Timing-Pr\u00e4zision und Protokollunterst\u00fctzung f\u00fcr die softwarebasierte Plattformarchitektur von Q-SYS. Die Kombination erm\u00f6glicht es Integratoren, komplexe Enterprise-AV-Systeme zu entwickeln, in denen Audio-, Video- und Steuerungselemente unabh\u00e4ngig \u00fcber Q-SYS Designer verwaltet werden k\u00f6nnen \u2013 unterst\u00fctzt durch NETGEARs zuverl\u00e4ssiges Netzwerk-Backbone und intelligente Multicast-Verwaltung.<\/p>\n<p><img loading=\"lazy\" decoding=\"async\" class=\"aligncenter size-large wp-image-22267\" src=\"https:\/\/www.netgear.com\/hub\/wp-content\/uploads\/2025\/11\/Designer-1024x565.png\" alt=\"\" width=\"1024\" height=\"565\" \/><\/p>\n    <\/div>\n        <div id=\"topic3\" class=\"skip-item\">\n                        <h2>Plug-and-Play-Enterprise-Performance<\/h2>\n                <p>Die Switches erm\u00f6glichen echte Plug-and-Play-Bereitstellung durch umfassende Vorkonfiguration. Jeder Switch verf\u00fcgt \u00fcber standardm\u00e4\u00dfiges PoE an allen Ports (ausgenommen Uplink- und SFP-Ports) und liefert kombinierte Strom-, Daten- und Steuerungssignale f\u00fcr Q-SYS-Ger\u00e4te. PoE++-Modelle unterst\u00fctzen bis zu 90 Watt f\u00fcr leistungsst\u00e4rkere Ger\u00e4te wie Q-SYS NV Series Video-Endpoints.<\/p>\n<p>Gemeinsam liefern NETGEAR und Q-SYS konsistente Leistung \u2013 unabh\u00e4ngig davon, ob es sich um einen einzelnen Konferenzraum oder campusweite Installationen handelt. Jede Installation profitiert von den preisgekr\u00f6nten Unified-Platform-Funktionen von Q-SYS und der bew\u00e4hrten Enterprise-Netzwerkzuverl\u00e4ssigkeit von NETGEAR. Die integrierte NETGEAR IGMP Plus-Technologie erm\u00f6glicht automatische Multicast-Datenverwaltung zwischen mehreren Switches, w\u00e4hrend optionale integrierte DHCP-Server eine automatisierte Konnektivit\u00e4t f\u00fcr eigenst\u00e4ndige AV-Systeme erm\u00f6glichen.<\/p>\n<p><img loading=\"lazy\" decoding=\"async\" class=\"aligncenter size-large wp-image-22268\" src=\"https:\/\/www.netgear.com\/hub\/wp-content\/uploads\/2025\/11\/NS_Gen_2_Family_New-1024x341.jpg\" alt=\"\" width=\"1024\" height=\"341\" \/><\/p>\n    <\/div>\n        <div id=\"topic4\" class=\"skip-item\">\n                        <h2>Umfassendes Steuerungs\u00f6kosystem<\/h2>\n                <p>Die Zusammenarbeit geht \u00fcber reine Hardwarekompatibilit\u00e4t hinaus und umfasst eine tiefe Softwareintegration innerhalb des Q-SYS-\u00d6kosystems. Die NETGEAR AV Line Switches verf\u00fcgen \u00fcber eine dedizierte Plug-in-Integration f\u00fcr Q-SYS Designer, die \u00dcberwachung und Verwaltung des Switchstatus, PoE-Steuerung und Diagnosedaten direkt aus der Q-SYS-Umgebung heraus erm\u00f6glicht.<\/p>\n<p>Diese Integration stellt sicher, dass Netzwerkinfrastruktur und AV-Technologie nahtlos zusammenarbeiten, wobei Q-SYS als zentrale Steuerungsinstanz f\u00fcr Audio-, Video-, Steuerungs- und Netzwerkmanagementfunktionen fungiert. Das Ergebnis ist ein vollst\u00e4ndiges \u00d6kosystem, in dem IT-Standardprotokolle die einfache Integration in moderne Netzwerkinfrastrukturen erm\u00f6glichen, w\u00e4hrend gleichzeitig die spezialisierten Leistungsanforderungen professioneller AV-Anwendungen erf\u00fcllt werden.<\/p>\n    <\/div>\n        <div id=\"topic5\" class=\"skip-item\">\n                        <h2>Mehr Informationen<\/h2>\n                <p>\n<!-- IT NETGEAR BUSINESS-L\u00d6SUNGEN--><br \/>\nMehr \u00fcber unsere Business-Produkte erfahren<\/p>\n<div class=\"hs-cta-embed hs-cta-simple-placeholder hs-cta-embed-243392275167\" style=\"max-width:100%;max-height:100%;width:260px;height:50.390625px\" data-hubspot-wrapper-cta-id=\"243392275167\"><br \/>\n  <a href=\"https:\/\/cta-na2.hubspot.com\/web-interactives\/public\/v1\/track\/redirect?encryptedPayload=AVxigLI%2Fu8J7nFnep8w0CfLqqlWixXySh0cANLn7TQ3MtLEGeFdfhQxw3AVxVzYlZOkZoVB4gdslqY4il1pZTz7RSKy0mNw%2BF1Y6bdIwWiFAFfgtF%2FkXW%2Fmq0JFY6OQExFSwjiafSp97IxwGv6iNNhiT9X6MQziOnjaAnh9UsXCYR2VD1S791%2F7MVwT1TQ%3D%3D&#038;webInteractiveContentId=243392275167&#038;portalId=242128791\" target=\"_blank\" rel=\"noopener\"><br \/>\n    <img decoding=\"async\" alt=\"NETGEAR AV-L&Ouml;SUNGEN\" loading=\"lazy\" src=\"https:\/\/hubspot-no-cache-na2-prod.s3.amazonaws.com\/cta\/default\/242128791\/interactive-243392275167.png\" style=\"height: 100%;width: 100%;object-fit: fill\" \/><br \/>\n  <\/a>\n<\/div>\n<\/p>\n<p>\n<!-- IT ACADEMY --><br \/>\nAlles \u00fcber IP-Netzwerke lernen \u2013 in der NETGEAR ACADEMY<\/p>\n<div class=\"hs-cta-embed hs-cta-simple-placeholder hs-cta-embed-243357267644\" style=\"max-width:100%;max-height:100%;width:260px;height:50.390625px\" data-hubspot-wrapper-cta-id=\"243357267644\"><br \/>\n  <a href=\"https:\/\/cta-na2.hubspot.com\/web-interactives\/public\/v1\/track\/redirect?encryptedPayload=AVxigLKW9uCCU9FL7iPOCpU%2BvA8Z1UfLRQT8691iSSqh%2BqLrpD%2FITlt6RGXTdhci0W5DkR0wb%2FpK%2BWToDj8Qf0HaQwR0kyzZgK35i%2BhitHvCmHPH8BmXutiugzeYtEHOY6aYTSXoNxDjJJwwtUXAzSqnxQuhx5jjnWcHl4zUp4Dt1tTG2PymP7esgNCNHKHECJ76tda5x0hFMo8JQo6UwGGb9CBw4fyYnA%3D%3D&#038;webInteractiveContentId=243357267644&#038;portalId=242128791\" target=\"_blank\" rel=\"noopener\"><br \/>\n    <img decoding=\"async\" alt=\"NETGEAR ACADEMY\" loading=\"lazy\" src=\"https:\/\/hubspot-no-cache-na2-prod.s3.amazonaws.com\/cta\/default\/242128791\/interactive-243357267644.png\" style=\"height: 100%;width: 100%;object-fit: fill\" \/><br \/>\n  <\/a>\n<\/div>\n<\/p>\n<p>\n<!-- KONTAKT PRO-IT-TEAM --><br \/>\nUnsere Ingenieure unterst\u00fctzen Sie kostenlos bei Ihrem Projekt<\/p>\n<div class=\"hs-cta-embed hs-cta-simple-placeholder hs-cta-embed-243357266676\" style=\"max-width:100%;max-height:100%;width:270px;height:50.390625px\" data-hubspot-wrapper-cta-id=\"243357266676\"><br \/>\n  <a href=\"https:\/\/cta-na2.hubspot.com\/web-interactives\/public\/v1\/track\/redirect?encryptedPayload=AVxigLL9MaHliYSOIHWsJvXrVuyffxSFGu%2FOD4neANfzotKQLgtjDgnA0CFJQWLPGl5hkjLPFJf7A76nk1yWw939l8y7nc4NGJ1%2Fa58epF2QbqIhW7KyV%2Fr75%2B8GCI%2FfEXyeGuic8buAEe%2F8pDQ63tT6ExQvwvvuG%2BeK5mOqM%2FlNsZUaeR4q5pghXZB3yAUIu7WWwKynlh9Y3Ug9ymAN6sNjHEzXMCgwSYmLqMh7eixTsrgTswO85eLb8rCODQ%3D%3D&#038;webInteractiveContentId=243357266676&#038;portalId=242128791\" target=\"_blank\" rel=\"noopener\"><br \/>\n    <img decoding=\"async\" alt=\"KONTAKT PROAV-TEAM\" loading=\"lazy\" src=\"https:\/\/hubspot-no-cache-na2-prod.s3.amazonaws.com\/cta\/default\/242128791\/interactive-243357266676.png\" style=\"height: 100%;width: 100%;object-fit: fill\" \/><br \/>\n  <\/a>\n<\/div>\n<\/p>\n<p style=\"margin-top:50px\"><iframe loading=\"lazy\" src=\"https:\/\/405nrr.share-na2.hsforms.com\/25w_D-U5iS-e5KaSaP86jnQ\" width=\"100%\" height=\"1200px\"><\/iframe><\/p>\n    <\/div>\n    \n","protected":false},"excerpt":{"rendered":"","protected":false},"author":94,"featured_media":11109,"parent":6754,"menu_order":0,"comment_status":"closed","ping_status":"closed","template":"templates\/blog-wifi.php","meta":{"_acf_changed":false,"footnotes":""},"class_list":["post-11119","page","type-page","status-publish","has-post-thumbnail","hentry"],"acf":[],"yoast_head":"<!-- This site is optimized with the Yoast SEO plugin v27.4 - https:\/\/yoast.com\/product\/yoast-seo-wordpress\/ -->\n<title>Exzellenz durch eine einheitliche Plattform treibt die Zusammenarbeit zwischen Q-SYS und NETGEAR AV voran - NETGEAR Hub<\/title>\n<meta name=\"description\" content=\"Exzellenz durch eine einheitliche Plattform treibt die Zusammenarbeit zwischen Q-SYS und NETGEAR AV voran\" \/>\n<meta name=\"robots\" content=\"index, follow, max-snippet:-1, max-image-preview:large, max-video-preview:-1\" \/>\n<link rel=\"canonical\" href=\"https:\/\/dehub.netgear.com\/de\/hub\/business\/av\/unified-platform-excellence\/\" \/>\n<meta property=\"og:locale\" content=\"de_DE\" \/>\n<meta property=\"og:type\" content=\"article\" \/>\n<meta property=\"og:title\" content=\"Exzellenz durch eine einheitliche Plattform treibt die Zusammenarbeit zwischen Q-SYS und NETGEAR AV voran - NETGEAR Hub\" \/>\n<meta property=\"og:description\" content=\"Exzellenz durch eine einheitliche Plattform treibt die Zusammenarbeit zwischen Q-SYS und NETGEAR AV voran\" \/>\n<meta property=\"og:url\" content=\"https:\/\/dehub.netgear.com\/de\/hub\/business\/av\/unified-platform-excellence\/\" \/>\n<meta property=\"og:site_name\" content=\"NETGEAR Hub\" \/>\n<meta property=\"article:publisher\" content=\"https:\/\/www.facebook.com\/NetgearAU\/\" \/>\n<meta property=\"article:modified_time\" content=\"2025-12-03T07:54:22+00:00\" \/>\n<meta property=\"og:image\" content=\"https:\/\/dehub.netgear.com\/de\/hub\/wp-content\/uploads\/2025\/12\/Q-sys-2-e1764334813226-383x288-1.jpeg\" \/>\n\t<meta property=\"og:image:width\" content=\"383\" \/>\n\t<meta property=\"og:image:height\" content=\"288\" \/>\n\t<meta property=\"og:image:type\" content=\"image\/jpeg\" \/>\n<meta name=\"twitter:card\" content=\"summary_large_image\" \/>\n<meta name=\"twitter:site\" content=\"@NETGEAR\" \/>\n<script type=\"application\/ld+json\" class=\"yoast-schema-graph\">{\"@context\":\"https:\\\/\\\/schema.org\",\"@graph\":[{\"@type\":\"WebPage\",\"@id\":\"https:\\\/\\\/dehub.netgear.com\\\/de\\\/hub\\\/business\\\/av\\\/unified-platform-excellence\\\/\",\"url\":\"https:\\\/\\\/dehub.netgear.com\\\/de\\\/hub\\\/business\\\/av\\\/unified-platform-excellence\\\/\",\"name\":\"Exzellenz durch eine einheitliche Plattform treibt die Zusammenarbeit zwischen Q-SYS und NETGEAR AV voran - NETGEAR Hub\",\"isPartOf\":{\"@id\":\"https:\\\/\\\/dehub.netgear.com\\\/de\\\/hub\\\/#website\"},\"primaryImageOfPage\":{\"@id\":\"https:\\\/\\\/dehub.netgear.com\\\/de\\\/hub\\\/business\\\/av\\\/unified-platform-excellence\\\/#primaryimage\"},\"image\":{\"@id\":\"https:\\\/\\\/dehub.netgear.com\\\/de\\\/hub\\\/business\\\/av\\\/unified-platform-excellence\\\/#primaryimage\"},\"thumbnailUrl\":\"https:\\\/\\\/dehub.netgear.com\\\/de\\\/hub\\\/wp-content\\\/uploads\\\/2025\\\/12\\\/Q-sys-2-e1764334813226-383x288-1.jpeg\",\"datePublished\":\"2025-12-03T07:53:54+00:00\",\"dateModified\":\"2025-12-03T07:54:22+00:00\",\"description\":\"Exzellenz durch eine einheitliche Plattform treibt die Zusammenarbeit zwischen Q-SYS und NETGEAR AV voran\",\"breadcrumb\":{\"@id\":\"https:\\\/\\\/dehub.netgear.com\\\/de\\\/hub\\\/business\\\/av\\\/unified-platform-excellence\\\/#breadcrumb\"},\"inLanguage\":\"de\",\"potentialAction\":[{\"@type\":\"ReadAction\",\"target\":[\"https:\\\/\\\/dehub.netgear.com\\\/de\\\/hub\\\/business\\\/av\\\/unified-platform-excellence\\\/\"]}]},{\"@type\":\"ImageObject\",\"inLanguage\":\"de\",\"@id\":\"https:\\\/\\\/dehub.netgear.com\\\/de\\\/hub\\\/business\\\/av\\\/unified-platform-excellence\\\/#primaryimage\",\"url\":\"https:\\\/\\\/dehub.netgear.com\\\/de\\\/hub\\\/wp-content\\\/uploads\\\/2025\\\/12\\\/Q-sys-2-e1764334813226-383x288-1.jpeg\",\"contentUrl\":\"https:\\\/\\\/dehub.netgear.com\\\/de\\\/hub\\\/wp-content\\\/uploads\\\/2025\\\/12\\\/Q-sys-2-e1764334813226-383x288-1.jpeg\",\"width\":383,\"height\":288},{\"@type\":\"BreadcrumbList\",\"@id\":\"https:\\\/\\\/dehub.netgear.com\\\/de\\\/hub\\\/business\\\/av\\\/unified-platform-excellence\\\/#breadcrumb\",\"itemListElement\":[{\"@type\":\"ListItem\",\"position\":1,\"name\":\"Home\",\"item\":\"https:\\\/\\\/dehub.netgear.com\\\/de\\\/hub\\\/\"},{\"@type\":\"ListItem\",\"position\":2,\"name\":\"Business Articles Hub\",\"item\":\"https:\\\/\\\/dehub.netgear.com\\\/de\\\/hub\\\/business\\\/\"},{\"@type\":\"ListItem\",\"position\":3,\"name\":\"Business AV\",\"item\":\"https:\\\/\\\/dehub.netgear.com\\\/de\\\/hub\\\/business\\\/av\\\/\"},{\"@type\":\"ListItem\",\"position\":4,\"name\":\"Exzellenz durch eine einheitliche Plattform treibt die Zusammenarbeit zwischen Q-SYS und NETGEAR AV voran\"}]},{\"@type\":\"WebSite\",\"@id\":\"https:\\\/\\\/dehub.netgear.com\\\/de\\\/hub\\\/#website\",\"url\":\"https:\\\/\\\/dehub.netgear.com\\\/de\\\/hub\\\/\",\"name\":\"NETGEAR\",\"description\":\"Erkunden Sie unsere Hub-Seiten und st\u00f6bern Sie in Artikeln, um mehr \u00fcber NETGEAR Produkte und Technologien zu erfahren.\",\"publisher\":{\"@id\":\"https:\\\/\\\/dehub.netgear.com\\\/de\\\/hub\\\/#organization\"},\"potentialAction\":[{\"@type\":\"SearchAction\",\"target\":{\"@type\":\"EntryPoint\",\"urlTemplate\":\"https:\\\/\\\/dehub.netgear.com\\\/de\\\/hub\\\/?s={search_term_string}\"},\"query-input\":{\"@type\":\"PropertyValueSpecification\",\"valueRequired\":true,\"valueName\":\"search_term_string\"}}],\"inLanguage\":\"de\"},{\"@type\":\"Organization\",\"@id\":\"https:\\\/\\\/dehub.netgear.com\\\/de\\\/hub\\\/#organization\",\"name\":\"NETGEAR\",\"url\":\"https:\\\/\\\/dehub.netgear.com\\\/de\\\/hub\\\/\",\"logo\":{\"@type\":\"ImageObject\",\"inLanguage\":\"de\",\"@id\":\"https:\\\/\\\/dehub.netgear.com\\\/de\\\/hub\\\/#\\\/schema\\\/logo\\\/image\\\/\",\"url\":\"https:\\\/\\\/www.dehub.netgear.com\\\/de\\\/hub\\\/wp-content\\\/uploads\\\/2019\\\/07\\\/NETGEAR_logo.jpg\",\"contentUrl\":\"https:\\\/\\\/www.dehub.netgear.com\\\/de\\\/hub\\\/wp-content\\\/uploads\\\/2019\\\/07\\\/NETGEAR_logo.jpg\",\"width\":1500,\"height\":501,\"caption\":\"NETGEAR\"},\"image\":{\"@id\":\"https:\\\/\\\/dehub.netgear.com\\\/de\\\/hub\\\/#\\\/schema\\\/logo\\\/image\\\/\"},\"sameAs\":[\"https:\\\/\\\/www.facebook.com\\\/NetgearAU\\\/\",\"https:\\\/\\\/x.com\\\/NETGEAR\",\"https:\\\/\\\/www.linkedin.com\\\/company\\\/netgear\"]}]}<\/script>\n<!-- \/ Yoast SEO plugin. -->","yoast_head_json":{"title":"Exzellenz durch eine einheitliche Plattform treibt die Zusammenarbeit zwischen Q-SYS und NETGEAR AV voran - NETGEAR Hub","description":"Exzellenz durch eine einheitliche Plattform treibt die Zusammenarbeit zwischen Q-SYS und NETGEAR AV voran","robots":{"index":"index","follow":"follow","max-snippet":"max-snippet:-1","max-image-preview":"max-image-preview:large","max-video-preview":"max-video-preview:-1"},"canonical":"https:\/\/dehub.netgear.com\/de\/hub\/business\/av\/unified-platform-excellence\/","og_locale":"de_DE","og_type":"article","og_title":"Exzellenz durch eine einheitliche Plattform treibt die Zusammenarbeit zwischen Q-SYS und NETGEAR AV voran - NETGEAR Hub","og_description":"Exzellenz durch eine einheitliche Plattform treibt die Zusammenarbeit zwischen Q-SYS und NETGEAR AV voran","og_url":"https:\/\/dehub.netgear.com\/de\/hub\/business\/av\/unified-platform-excellence\/","og_site_name":"NETGEAR Hub","article_publisher":"https:\/\/www.facebook.com\/NetgearAU\/","article_modified_time":"2025-12-03T07:54:22+00:00","og_image":[{"width":383,"height":288,"url":"https:\/\/dehub.netgear.com\/de\/hub\/wp-content\/uploads\/2025\/12\/Q-sys-2-e1764334813226-383x288-1.jpeg","type":"image\/jpeg"}],"twitter_card":"summary_large_image","twitter_site":"@NETGEAR","schema":{"@context":"https:\/\/schema.org","@graph":[{"@type":"WebPage","@id":"https:\/\/dehub.netgear.com\/de\/hub\/business\/av\/unified-platform-excellence\/","url":"https:\/\/dehub.netgear.com\/de\/hub\/business\/av\/unified-platform-excellence\/","name":"Exzellenz durch eine einheitliche Plattform treibt die Zusammenarbeit zwischen Q-SYS und NETGEAR AV voran - NETGEAR Hub","isPartOf":{"@id":"https:\/\/dehub.netgear.com\/de\/hub\/#website"},"primaryImageOfPage":{"@id":"https:\/\/dehub.netgear.com\/de\/hub\/business\/av\/unified-platform-excellence\/#primaryimage"},"image":{"@id":"https:\/\/dehub.netgear.com\/de\/hub\/business\/av\/unified-platform-excellence\/#primaryimage"},"thumbnailUrl":"https:\/\/dehub.netgear.com\/de\/hub\/wp-content\/uploads\/2025\/12\/Q-sys-2-e1764334813226-383x288-1.jpeg","datePublished":"2025-12-03T07:53:54+00:00","dateModified":"2025-12-03T07:54:22+00:00","description":"Exzellenz durch eine einheitliche Plattform treibt die Zusammenarbeit zwischen Q-SYS und NETGEAR AV voran","breadcrumb":{"@id":"https:\/\/dehub.netgear.com\/de\/hub\/business\/av\/unified-platform-excellence\/#breadcrumb"},"inLanguage":"de","potentialAction":[{"@type":"ReadAction","target":["https:\/\/dehub.netgear.com\/de\/hub\/business\/av\/unified-platform-excellence\/"]}]},{"@type":"ImageObject","inLanguage":"de","@id":"https:\/\/dehub.netgear.com\/de\/hub\/business\/av\/unified-platform-excellence\/#primaryimage","url":"https:\/\/dehub.netgear.com\/de\/hub\/wp-content\/uploads\/2025\/12\/Q-sys-2-e1764334813226-383x288-1.jpeg","contentUrl":"https:\/\/dehub.netgear.com\/de\/hub\/wp-content\/uploads\/2025\/12\/Q-sys-2-e1764334813226-383x288-1.jpeg","width":383,"height":288},{"@type":"BreadcrumbList","@id":"https:\/\/dehub.netgear.com\/de\/hub\/business\/av\/unified-platform-excellence\/#breadcrumb","itemListElement":[{"@type":"ListItem","position":1,"name":"Home","item":"https:\/\/dehub.netgear.com\/de\/hub\/"},{"@type":"ListItem","position":2,"name":"Business Articles Hub","item":"https:\/\/dehub.netgear.com\/de\/hub\/business\/"},{"@type":"ListItem","position":3,"name":"Business AV","item":"https:\/\/dehub.netgear.com\/de\/hub\/business\/av\/"},{"@type":"ListItem","position":4,"name":"Exzellenz durch eine einheitliche Plattform treibt die Zusammenarbeit zwischen Q-SYS und NETGEAR AV voran"}]},{"@type":"WebSite","@id":"https:\/\/dehub.netgear.com\/de\/hub\/#website","url":"https:\/\/dehub.netgear.com\/de\/hub\/","name":"NETGEAR","description":"Erkunden Sie unsere Hub-Seiten und st\u00f6bern Sie in Artikeln, um mehr \u00fcber NETGEAR Produkte und Technologien zu erfahren.","publisher":{"@id":"https:\/\/dehub.netgear.com\/de\/hub\/#organization"},"potentialAction":[{"@type":"SearchAction","target":{"@type":"EntryPoint","urlTemplate":"https:\/\/dehub.netgear.com\/de\/hub\/?s={search_term_string}"},"query-input":{"@type":"PropertyValueSpecification","valueRequired":true,"valueName":"search_term_string"}}],"inLanguage":"de"},{"@type":"Organization","@id":"https:\/\/dehub.netgear.com\/de\/hub\/#organization","name":"NETGEAR","url":"https:\/\/dehub.netgear.com\/de\/hub\/","logo":{"@type":"ImageObject","inLanguage":"de","@id":"https:\/\/dehub.netgear.com\/de\/hub\/#\/schema\/logo\/image\/","url":"https:\/\/www.dehub.netgear.com\/de\/hub\/wp-content\/uploads\/2019\/07\/NETGEAR_logo.jpg","contentUrl":"https:\/\/www.dehub.netgear.com\/de\/hub\/wp-content\/uploads\/2019\/07\/NETGEAR_logo.jpg","width":1500,"height":501,"caption":"NETGEAR"},"image":{"@id":"https:\/\/dehub.netgear.com\/de\/hub\/#\/schema\/logo\/image\/"},"sameAs":["https:\/\/www.facebook.com\/NetgearAU\/","https:\/\/x.com\/NETGEAR","https:\/\/www.linkedin.com\/company\/netgear"]}]}},"_links":{"self":[{"href":"https:\/\/dehub.netgear.com\/de\/hub\/wp-json\/wp\/v2\/pages\/11119","targetHints":{"allow":["GET"]}}],"collection":[{"href":"https:\/\/dehub.netgear.com\/de\/hub\/wp-json\/wp\/v2\/pages"}],"about":[{"href":"https:\/\/dehub.netgear.com\/de\/hub\/wp-json\/wp\/v2\/types\/page"}],"author":[{"embeddable":true,"href":"https:\/\/dehub.netgear.com\/de\/hub\/wp-json\/wp\/v2\/users\/94"}],"replies":[{"embeddable":true,"href":"https:\/\/dehub.netgear.com\/de\/hub\/wp-json\/wp\/v2\/comments?post=11119"}],"version-history":[{"count":1,"href":"https:\/\/dehub.netgear.com\/de\/hub\/wp-json\/wp\/v2\/pages\/11119\/revisions"}],"predecessor-version":[{"id":11120,"href":"https:\/\/dehub.netgear.com\/de\/hub\/wp-json\/wp\/v2\/pages\/11119\/revisions\/11120"}],"up":[{"embeddable":true,"href":"https:\/\/dehub.netgear.com\/de\/hub\/wp-json\/wp\/v2\/pages\/6754"}],"wp:featuredmedia":[{"embeddable":true,"href":"https:\/\/dehub.netgear.com\/de\/hub\/wp-json\/wp\/v2\/media\/11109"}],"wp:attachment":[{"href":"https:\/\/dehub.netgear.com\/de\/hub\/wp-json\/wp\/v2\/media?parent=11119"}],"curies":[{"name":"wp","href":"https:\/\/api.w.org\/{rel}","templated":true}]}}