{"id":11114,"date":"2025-09-25T08:33:09","date_gmt":"2025-12-03T07:33:43","guid":{"rendered":"https:\/\/dehub.netgear.com\/de\/hub\/?page_id=11114"},"modified":"2025-12-03T08:34:10","modified_gmt":"2025-12-03T07:34:10","slug":"av-evolved-next-generation","status":"publish","type":"page","link":"https:\/\/dehub.netgear.com\/de\/hub\/business\/av\/av-evolved-next-generation\/","title":{"rendered":"AV EVOLVED \u2013 NEXT-GENERATION PARTNERSHIPS FOR NEXT-GENERATION AV"},"content":{"rendered":"<p><img loading=\"lazy\" decoding=\"async\" class=\"alignone size-full wp-image-10681\" style=\"border-radius: 1em;\" src=\"https:\/\/www.netgear.com\/hub\/wp-content\/uploads\/2025\/11\/4436A_location_square.jpg\" alt=\"\" width=\"1048\" height=\"511\" \/><\/p>\n    <div class=\"table-of-content bg-gray\">\n        <p><strong>IN THIS ARTICLE<\/strong><\/p>\n        <ul>\n                        <li><a href=\"#topic1\">Studio-Audioqualit\u00e4t auf h\u00f6chstem Niveau<\/a><\/li>\n                        <li><a href=\"#topic2\">Einkabel-Einfachheit<\/a><\/li>\n                        <li><a href=\"#topic3\">Skalierbare professionelle Leistung<\/a><\/li>\n                        <li><a href=\"#topic4\">Integriertes Steuerungs\u00f6kosystem<\/a><\/li>\n                        <li><a href=\"#topic5\">Mehr Informationen<\/a><\/li>\n                    <\/ul>\n    <\/div>\n        <div id=\"topic1\" class=\"skip-item\">\n                        <h2>Studio-Audioqualit\u00e4t auf h\u00f6chstem Niveau<\/h2>\n                <p data-start=\"85\" data-end=\"543\">Der Wandel der professionellen Audioindustrie hin zu netzwerkbasierten L\u00f6sungen hat eine Nachfrage nach Systemen geschaffen, die au\u00dfergew\u00f6hnliche Klangqualit\u00e4t bieten und gleichzeitig Installation und Verwaltung vereinfachen. Die strategische Partnerschaft zwischen Genelec und NETGEAR tr\u00e4gt dieser Entwicklung Rechnung, indem sie Genelecs revolution\u00e4re Smart-IP-PoE-Lautsprecher mit NETGEARs bew\u00e4hrter Power-over-Ethernet-Switching-Infrastruktur kombiniert.<\/p>\n<p data-start=\"545\" data-end=\"929\">Diese Zusammenarbeit zeigt, wie sich Audio\u00adtechnologie in Studioqualit\u00e4t mit intelligentem Netzwerk-Switching verbindet, um Einkabel-Installationen zu erm\u00f6glichen, die Strom, Audio und Management gleichzeitig \u00fcbertragen. Die Partnerschaft verwandelt komplexe Audioinstallationen in skalierbare und kosteneffiziente L\u00f6sungen f\u00fcr Unternehmens-, Hospitality-, Retail- und Wohnumgebungen.<\/p>\n    <\/div>\n        <div id=\"topic2\" class=\"skip-item\">\n                        <h2>Einkabel-Einfachheit<\/h2>\n                <p data-start=\"956\" data-end=\"1311\">Genelecs Smart-IP-Familie bietet herausragende Klangqualit\u00e4t f\u00fcr professionelle Audioinstallationen durch aktive PoE-Lautsprecher, die Strom, unkomprimiertes Audio und Managementsignale \u00fcber ein einziges CAT-Kabel erhalten. Dieser Ansatz beseitigt die Komplexit\u00e4t traditioneller Audioinstallationen und bewahrt gleichzeitig die Leistung auf Studio\u00adniveau.<\/p>\n<p data-start=\"1313\" data-end=\"1712\">Die Genelec-Smart-IP-Lautsprecher unterst\u00fctzen die unkomprimierte Audio\u00fcbertragung mit geringer Latenz direkt zu jedem Lautsprecher, mit einer Synchronisation im Submikrosekundenbereich f\u00fcr ein pr\u00e4zises akustisches Abbild. Die Lautsprecher unterst\u00fctzen Dante- und AES67-Audiostreams mit Abtastraten von 32 bis 96 kHz und 16- bis 24-Bit-Aufl\u00f6sung \u2013 alles steuerbar \u00fcber die Dante-Controller-Software.<\/p>\n<p data-start=\"1714\" data-end=\"2369\">Die PoE+-Switches von NETGEAR bilden die essenzielle Grundlage f\u00fcr die Smart-IP-Technologie. Sie liefern den IEEE-802.3at-Standard mit bis zu 30 W pro Port, die f\u00fcr optimale Lautsprecherleistung erforderlich sind. Die Switching-Infrastruktur von NETGEAR bietet die notwendige Bandbreite, Timing-Pr\u00e4zision und Quality-of-Service-Funktionen f\u00fcr den professionellen Audiotransport. Die Kombination erm\u00f6glicht Installateuren, komplexe Multizonen-Systeme zu schaffen, in denen jeder Lautsprecher \u00fcber Genelecs Smart-IP-Manager-Software unabh\u00e4ngig gesteuert, entzerrt und verwaltet werden kann \u2013 unterst\u00fctzt durch das zuverl\u00e4ssige Netzwerk-Backbone von NETGEAR.<\/p>\n<p data-start=\"1714\" data-end=\"2369\">\n<p data-start=\"1714\" data-end=\"2369\"><img loading=\"lazy\" decoding=\"async\" class=\"aligncenter size-medium wp-image-22244\" src=\"https:\/\/www.netgear.com\/hub\/wp-content\/uploads\/2025\/11\/4430a_tokyo_embassy_closeup_square-300x300.jpg\" alt=\"\" width=\"300\" height=\"300\" \/><\/p>\n    <\/div>\n        <div id=\"topic3\" class=\"skip-item\">\n                        <h2>Skalierbare professionelle Leistung<\/h2>\n                <p data-start=\"2411\" data-end=\"2745\">Smart-IP-Lautsprecher k\u00f6nnen frei im Netzwerk kombiniert werden, um Systeme zu erstellen, die von einfacher Hintergrundmusik bis hin zu komplexen Multiroom-Installationen reichen. Der netzwerkbasierte Ansatz bedeutet, dass Erweiterungen so einfach sind wie das Verlegen zus\u00e4tzlicher CAT-Kabel und das Hinzuf\u00fcgen weiterer Lautsprecher.<\/p>\n<p data-start=\"2747\" data-end=\"3046\">Die Zusammenarbeit gew\u00e4hrleistet konsistente Leistung \u2013 unabh\u00e4ngig davon, ob ein einzelner Konferenzraum oder Hunderte von Lautsprechern \u00fcber mehrere Geb\u00e4ude hinweg betrieben werden. Jedes System profitiert dabei von derselben Klangqualit\u00e4t in Studioqualit\u00e4t und intelligenten Verwaltungsfunktionen.<\/p>\n<p data-start=\"2747\" data-end=\"3046\">\n<p data-start=\"2747\" data-end=\"3046\"><img loading=\"lazy\" decoding=\"async\" class=\"aligncenter size-full wp-image-22243\" src=\"https:\/\/www.netgear.com\/hub\/wp-content\/uploads\/2025\/11\/GenelecSS.png\" alt=\"\" width=\"930\" height=\"461\" \/><\/p>\n    <\/div>\n        <div id=\"topic4\" class=\"skip-item\">\n                        <h2>Integriertes Steuerungs\u00f6kosystem<\/h2>\n                <p>Die Partnerschaft geht \u00fcber die Hardware hinaus und umfasst eine umfassende Softwareintegration. Die Smart-IP-Lautsprecher von Genelec verf\u00fcgen \u00fcber eine \u00f6ffentliche API, die eine nahtlose Integration mit den wichtigsten Steuerungsplattformen erm\u00f6glicht, w\u00e4hrend die Switches von NETGEAR mit einem vorinstallierten Profil f\u00fcr die Genelec-Lautsprecher ausgestattet sind. Das Ergebnis ist ein vollst\u00e4ndiges \u00d6kosystem, in dem Netzwerkinfrastruktur und Audiotechnologie zusammenarbeiten, um au\u00dfergew\u00f6hnliche Leistung bei minimaler Komplexit\u00e4t zu liefern.<\/p>\n    <\/div>\n        <div id=\"topic5\" class=\"skip-item\">\n                        <h2>Mehr Informationen<\/h2>\n                <p><!-- IT NETGEAR BUSINESS-L\u00d6SUNGEN--><br \/>\nMehr \u00fcber unsere Business-Produkte erfahren<\/p>\n<div class=\"hs-cta-embed hs-cta-simple-placeholder hs-cta-embed-243392275167\" style=\"max-width: 100%;max-height: 100%;width: 260px;height: 50.390625px\" data-hubspot-wrapper-cta-id=\"243392275167\"><a href=\"https:\/\/cta-na2.hubspot.com\/web-interactives\/public\/v1\/track\/redirect?encryptedPayload=AVxigLI%2Fu8J7nFnep8w0CfLqqlWixXySh0cANLn7TQ3MtLEGeFdfhQxw3AVxVzYlZOkZoVB4gdslqY4il1pZTz7RSKy0mNw%2BF1Y6bdIwWiFAFfgtF%2FkXW%2Fmq0JFY6OQExFSwjiafSp97IxwGv6iNNhiT9X6MQziOnjaAnh9UsXCYR2VD1S791%2F7MVwT1TQ%3D%3D&amp;webInteractiveContentId=243392275167&amp;portalId=242128791\" target=\"_blank\" rel=\"noopener\"><br \/>\n<img decoding=\"async\" style=\"height: 100%;width: 100%;object-fit: fill\" src=\"https:\/\/hubspot-no-cache-na2-prod.s3.amazonaws.com\/cta\/default\/242128791\/interactive-243392275167.png\" alt=\"NETGEAR AV-L\u00d6SUNGEN\" \/><br \/>\n<\/a><\/div>\n<p><!-- IT ACADEMY --><br \/>\nAlles \u00fcber IP-Netzwerke lernen \u2013 in der NETGEAR ACADEMY<\/p>\n<div class=\"hs-cta-embed hs-cta-simple-placeholder hs-cta-embed-243357267644\" style=\"max-width: 100%;max-height: 100%;width: 260px;height: 50.390625px\" data-hubspot-wrapper-cta-id=\"243357267644\"><a href=\"https:\/\/cta-na2.hubspot.com\/web-interactives\/public\/v1\/track\/redirect?encryptedPayload=AVxigLKW9uCCU9FL7iPOCpU%2BvA8Z1UfLRQT8691iSSqh%2BqLrpD%2FITlt6RGXTdhci0W5DkR0wb%2FpK%2BWToDj8Qf0HaQwR0kyzZgK35i%2BhitHvCmHPH8BmXutiugzeYtEHOY6aYTSXoNxDjJJwwtUXAzSqnxQuhx5jjnWcHl4zUp4Dt1tTG2PymP7esgNCNHKHECJ76tda5x0hFMo8JQo6UwGGb9CBw4fyYnA%3D%3D&amp;webInteractiveContentId=243357267644&amp;portalId=242128791\" target=\"_blank\" rel=\"noopener\"><br \/>\n<img decoding=\"async\" style=\"height: 100%;width: 100%;object-fit: fill\" src=\"https:\/\/hubspot-no-cache-na2-prod.s3.amazonaws.com\/cta\/default\/242128791\/interactive-243357267644.png\" alt=\"NETGEAR ACADEMY\" \/><br \/>\n<\/a><\/div>\n<p><!-- KONTAKT PRO-IT-TEAM --><br \/>\nUnsere Ingenieure unterst\u00fctzen Sie kostenlos bei Ihrem Projekt<\/p>\n<div class=\"hs-cta-embed hs-cta-simple-placeholder hs-cta-embed-243357266676\" style=\"max-width: 100%;max-height: 100%;width: 270px;height: 50.390625px\" data-hubspot-wrapper-cta-id=\"243357266676\"><a href=\"https:\/\/cta-na2.hubspot.com\/web-interactives\/public\/v1\/track\/redirect?encryptedPayload=AVxigLL9MaHliYSOIHWsJvXrVuyffxSFGu%2FOD4neANfzotKQLgtjDgnA0CFJQWLPGl5hkjLPFJf7A76nk1yWw939l8y7nc4NGJ1%2Fa58epF2QbqIhW7KyV%2Fr75%2B8GCI%2FfEXyeGuic8buAEe%2F8pDQ63tT6ExQvwvvuG%2BeK5mOqM%2FlNsZUaeR4q5pghXZB3yAUIu7WWwKynlh9Y3Ug9ymAN6sNjHEzXMCgwSYmLqMh7eixTsrgTswO85eLb8rCODQ%3D%3D&amp;webInteractiveContentId=243357266676&amp;portalId=242128791\" target=\"_blank\" rel=\"noopener\"><br \/>\n<img decoding=\"async\" style=\"height: 100%;width: 100%;object-fit: fill\" src=\"https:\/\/hubspot-no-cache-na2-prod.s3.amazonaws.com\/cta\/default\/242128791\/interactive-243357266676.png\" alt=\"KONTAKT PROAV-TEAM\" \/><br \/>\n<\/a><\/div>\n<p style=\"margin-top: 50px\"><iframe loading=\"lazy\" src=\"https:\/\/405nrr.share-na2.hsforms.com\/25w_D-U5iS-e5KaSaP86jnQ\" width=\"100%\" height=\"1200px\"><\/iframe><\/p>\n    <\/div>\n    \n","protected":false},"excerpt":{"rendered":"","protected":false},"author":94,"featured_media":11107,"parent":6754,"menu_order":0,"comment_status":"closed","ping_status":"closed","template":"templates\/blog-wifi.php","meta":{"_acf_changed":false,"footnotes":""},"class_list":["post-11114","page","type-page","status-publish","has-post-thumbnail","hentry"],"acf":[],"yoast_head":"<!-- This site is optimized with the Yoast SEO plugin v27.4 - https:\/\/yoast.com\/product\/yoast-seo-wordpress\/ -->\n<title>AV EVOLVED \u2013 NEXT-GENERATION PARTNERSHIPS FOR NEXT-GENERATION AV - NETGEAR Hub<\/title>\n<meta name=\"description\" content=\"AV EVOLVED \u2013 NEXT-GENERATION PARTNERSHIPS FOR NEXT-GENERATION AV\" \/>\n<meta name=\"robots\" content=\"index, follow, max-snippet:-1, max-image-preview:large, max-video-preview:-1\" \/>\n<link rel=\"canonical\" href=\"https:\/\/dehub.netgear.com\/de\/hub\/business\/av\/av-evolved-next-generation\/\" \/>\n<meta property=\"og:locale\" content=\"de_DE\" \/>\n<meta property=\"og:type\" content=\"article\" \/>\n<meta property=\"og:title\" content=\"AV EVOLVED \u2013 NEXT-GENERATION PARTNERSHIPS FOR NEXT-GENERATION AV - NETGEAR Hub\" \/>\n<meta property=\"og:description\" content=\"AV EVOLVED \u2013 NEXT-GENERATION PARTNERSHIPS FOR NEXT-GENERATION AV\" \/>\n<meta property=\"og:url\" content=\"https:\/\/dehub.netgear.com\/de\/hub\/business\/av\/av-evolved-next-generation\/\" \/>\n<meta property=\"og:site_name\" content=\"NETGEAR Hub\" \/>\n<meta property=\"article:publisher\" content=\"https:\/\/www.facebook.com\/NetgearAU\/\" \/>\n<meta property=\"article:modified_time\" content=\"2025-12-03T07:34:10+00:00\" \/>\n<meta property=\"og:image\" content=\"https:\/\/dehub.netgear.com\/de\/hub\/wp-content\/uploads\/2025\/12\/Logo-383x288-1.jpeg\" \/>\n\t<meta property=\"og:image:width\" content=\"383\" \/>\n\t<meta property=\"og:image:height\" content=\"288\" \/>\n\t<meta property=\"og:image:type\" content=\"image\/jpeg\" \/>\n<meta name=\"twitter:card\" content=\"summary_large_image\" \/>\n<meta name=\"twitter:site\" content=\"@NETGEAR\" \/>\n<script type=\"application\/ld+json\" class=\"yoast-schema-graph\">{\"@context\":\"https:\\\/\\\/schema.org\",\"@graph\":[{\"@type\":\"WebPage\",\"@id\":\"https:\\\/\\\/dehub.netgear.com\\\/de\\\/hub\\\/business\\\/av\\\/av-evolved-next-generation\\\/\",\"url\":\"https:\\\/\\\/dehub.netgear.com\\\/de\\\/hub\\\/business\\\/av\\\/av-evolved-next-generation\\\/\",\"name\":\"AV EVOLVED \u2013 NEXT-GENERATION PARTNERSHIPS FOR NEXT-GENERATION AV - NETGEAR Hub\",\"isPartOf\":{\"@id\":\"https:\\\/\\\/dehub.netgear.com\\\/de\\\/hub\\\/#website\"},\"primaryImageOfPage\":{\"@id\":\"https:\\\/\\\/dehub.netgear.com\\\/de\\\/hub\\\/business\\\/av\\\/av-evolved-next-generation\\\/#primaryimage\"},\"image\":{\"@id\":\"https:\\\/\\\/dehub.netgear.com\\\/de\\\/hub\\\/business\\\/av\\\/av-evolved-next-generation\\\/#primaryimage\"},\"thumbnailUrl\":\"https:\\\/\\\/dehub.netgear.com\\\/de\\\/hub\\\/wp-content\\\/uploads\\\/2025\\\/12\\\/Logo-383x288-1.jpeg\",\"datePublished\":\"2025-12-03T07:33:43+00:00\",\"dateModified\":\"2025-12-03T07:34:10+00:00\",\"description\":\"AV EVOLVED \u2013 NEXT-GENERATION PARTNERSHIPS FOR NEXT-GENERATION AV\",\"breadcrumb\":{\"@id\":\"https:\\\/\\\/dehub.netgear.com\\\/de\\\/hub\\\/business\\\/av\\\/av-evolved-next-generation\\\/#breadcrumb\"},\"inLanguage\":\"de\",\"potentialAction\":[{\"@type\":\"ReadAction\",\"target\":[\"https:\\\/\\\/dehub.netgear.com\\\/de\\\/hub\\\/business\\\/av\\\/av-evolved-next-generation\\\/\"]}]},{\"@type\":\"ImageObject\",\"inLanguage\":\"de\",\"@id\":\"https:\\\/\\\/dehub.netgear.com\\\/de\\\/hub\\\/business\\\/av\\\/av-evolved-next-generation\\\/#primaryimage\",\"url\":\"https:\\\/\\\/dehub.netgear.com\\\/de\\\/hub\\\/wp-content\\\/uploads\\\/2025\\\/12\\\/Logo-383x288-1.jpeg\",\"contentUrl\":\"https:\\\/\\\/dehub.netgear.com\\\/de\\\/hub\\\/wp-content\\\/uploads\\\/2025\\\/12\\\/Logo-383x288-1.jpeg\",\"width\":383,\"height\":288},{\"@type\":\"BreadcrumbList\",\"@id\":\"https:\\\/\\\/dehub.netgear.com\\\/de\\\/hub\\\/business\\\/av\\\/av-evolved-next-generation\\\/#breadcrumb\",\"itemListElement\":[{\"@type\":\"ListItem\",\"position\":1,\"name\":\"Home\",\"item\":\"https:\\\/\\\/dehub.netgear.com\\\/de\\\/hub\\\/\"},{\"@type\":\"ListItem\",\"position\":2,\"name\":\"Business Articles Hub\",\"item\":\"https:\\\/\\\/dehub.netgear.com\\\/de\\\/hub\\\/business\\\/\"},{\"@type\":\"ListItem\",\"position\":3,\"name\":\"Business AV\",\"item\":\"https:\\\/\\\/dehub.netgear.com\\\/de\\\/hub\\\/business\\\/av\\\/\"},{\"@type\":\"ListItem\",\"position\":4,\"name\":\"AV EVOLVED \u2013 NEXT-GENERATION PARTNERSHIPS FOR NEXT-GENERATION AV\"}]},{\"@type\":\"WebSite\",\"@id\":\"https:\\\/\\\/dehub.netgear.com\\\/de\\\/hub\\\/#website\",\"url\":\"https:\\\/\\\/dehub.netgear.com\\\/de\\\/hub\\\/\",\"name\":\"NETGEAR\",\"description\":\"Erkunden Sie unsere Hub-Seiten und st\u00f6bern Sie in Artikeln, um mehr \u00fcber NETGEAR Produkte und Technologien zu erfahren.\",\"publisher\":{\"@id\":\"https:\\\/\\\/dehub.netgear.com\\\/de\\\/hub\\\/#organization\"},\"potentialAction\":[{\"@type\":\"SearchAction\",\"target\":{\"@type\":\"EntryPoint\",\"urlTemplate\":\"https:\\\/\\\/dehub.netgear.com\\\/de\\\/hub\\\/?s={search_term_string}\"},\"query-input\":{\"@type\":\"PropertyValueSpecification\",\"valueRequired\":true,\"valueName\":\"search_term_string\"}}],\"inLanguage\":\"de\"},{\"@type\":\"Organization\",\"@id\":\"https:\\\/\\\/dehub.netgear.com\\\/de\\\/hub\\\/#organization\",\"name\":\"NETGEAR\",\"url\":\"https:\\\/\\\/dehub.netgear.com\\\/de\\\/hub\\\/\",\"logo\":{\"@type\":\"ImageObject\",\"inLanguage\":\"de\",\"@id\":\"https:\\\/\\\/dehub.netgear.com\\\/de\\\/hub\\\/#\\\/schema\\\/logo\\\/image\\\/\",\"url\":\"https:\\\/\\\/www.dehub.netgear.com\\\/de\\\/hub\\\/wp-content\\\/uploads\\\/2019\\\/07\\\/NETGEAR_logo.jpg\",\"contentUrl\":\"https:\\\/\\\/www.dehub.netgear.com\\\/de\\\/hub\\\/wp-content\\\/uploads\\\/2019\\\/07\\\/NETGEAR_logo.jpg\",\"width\":1500,\"height\":501,\"caption\":\"NETGEAR\"},\"image\":{\"@id\":\"https:\\\/\\\/dehub.netgear.com\\\/de\\\/hub\\\/#\\\/schema\\\/logo\\\/image\\\/\"},\"sameAs\":[\"https:\\\/\\\/www.facebook.com\\\/NetgearAU\\\/\",\"https:\\\/\\\/x.com\\\/NETGEAR\",\"https:\\\/\\\/www.linkedin.com\\\/company\\\/netgear\"]}]}<\/script>\n<!-- \/ Yoast SEO plugin. -->","yoast_head_json":{"title":"AV EVOLVED \u2013 NEXT-GENERATION PARTNERSHIPS FOR NEXT-GENERATION AV - NETGEAR Hub","description":"AV EVOLVED \u2013 NEXT-GENERATION PARTNERSHIPS FOR NEXT-GENERATION AV","robots":{"index":"index","follow":"follow","max-snippet":"max-snippet:-1","max-image-preview":"max-image-preview:large","max-video-preview":"max-video-preview:-1"},"canonical":"https:\/\/dehub.netgear.com\/de\/hub\/business\/av\/av-evolved-next-generation\/","og_locale":"de_DE","og_type":"article","og_title":"AV EVOLVED \u2013 NEXT-GENERATION PARTNERSHIPS FOR NEXT-GENERATION AV - NETGEAR Hub","og_description":"AV EVOLVED \u2013 NEXT-GENERATION PARTNERSHIPS FOR NEXT-GENERATION AV","og_url":"https:\/\/dehub.netgear.com\/de\/hub\/business\/av\/av-evolved-next-generation\/","og_site_name":"NETGEAR Hub","article_publisher":"https:\/\/www.facebook.com\/NetgearAU\/","article_modified_time":"2025-12-03T07:34:10+00:00","og_image":[{"width":383,"height":288,"url":"https:\/\/dehub.netgear.com\/de\/hub\/wp-content\/uploads\/2025\/12\/Logo-383x288-1.jpeg","type":"image\/jpeg"}],"twitter_card":"summary_large_image","twitter_site":"@NETGEAR","schema":{"@context":"https:\/\/schema.org","@graph":[{"@type":"WebPage","@id":"https:\/\/dehub.netgear.com\/de\/hub\/business\/av\/av-evolved-next-generation\/","url":"https:\/\/dehub.netgear.com\/de\/hub\/business\/av\/av-evolved-next-generation\/","name":"AV EVOLVED \u2013 NEXT-GENERATION PARTNERSHIPS FOR NEXT-GENERATION AV - NETGEAR Hub","isPartOf":{"@id":"https:\/\/dehub.netgear.com\/de\/hub\/#website"},"primaryImageOfPage":{"@id":"https:\/\/dehub.netgear.com\/de\/hub\/business\/av\/av-evolved-next-generation\/#primaryimage"},"image":{"@id":"https:\/\/dehub.netgear.com\/de\/hub\/business\/av\/av-evolved-next-generation\/#primaryimage"},"thumbnailUrl":"https:\/\/dehub.netgear.com\/de\/hub\/wp-content\/uploads\/2025\/12\/Logo-383x288-1.jpeg","datePublished":"2025-12-03T07:33:43+00:00","dateModified":"2025-12-03T07:34:10+00:00","description":"AV EVOLVED \u2013 NEXT-GENERATION PARTNERSHIPS FOR NEXT-GENERATION AV","breadcrumb":{"@id":"https:\/\/dehub.netgear.com\/de\/hub\/business\/av\/av-evolved-next-generation\/#breadcrumb"},"inLanguage":"de","potentialAction":[{"@type":"ReadAction","target":["https:\/\/dehub.netgear.com\/de\/hub\/business\/av\/av-evolved-next-generation\/"]}]},{"@type":"ImageObject","inLanguage":"de","@id":"https:\/\/dehub.netgear.com\/de\/hub\/business\/av\/av-evolved-next-generation\/#primaryimage","url":"https:\/\/dehub.netgear.com\/de\/hub\/wp-content\/uploads\/2025\/12\/Logo-383x288-1.jpeg","contentUrl":"https:\/\/dehub.netgear.com\/de\/hub\/wp-content\/uploads\/2025\/12\/Logo-383x288-1.jpeg","width":383,"height":288},{"@type":"BreadcrumbList","@id":"https:\/\/dehub.netgear.com\/de\/hub\/business\/av\/av-evolved-next-generation\/#breadcrumb","itemListElement":[{"@type":"ListItem","position":1,"name":"Home","item":"https:\/\/dehub.netgear.com\/de\/hub\/"},{"@type":"ListItem","position":2,"name":"Business Articles Hub","item":"https:\/\/dehub.netgear.com\/de\/hub\/business\/"},{"@type":"ListItem","position":3,"name":"Business AV","item":"https:\/\/dehub.netgear.com\/de\/hub\/business\/av\/"},{"@type":"ListItem","position":4,"name":"AV EVOLVED \u2013 NEXT-GENERATION PARTNERSHIPS FOR NEXT-GENERATION AV"}]},{"@type":"WebSite","@id":"https:\/\/dehub.netgear.com\/de\/hub\/#website","url":"https:\/\/dehub.netgear.com\/de\/hub\/","name":"NETGEAR","description":"Erkunden Sie unsere Hub-Seiten und st\u00f6bern Sie in Artikeln, um mehr \u00fcber NETGEAR Produkte und Technologien zu erfahren.","publisher":{"@id":"https:\/\/dehub.netgear.com\/de\/hub\/#organization"},"potentialAction":[{"@type":"SearchAction","target":{"@type":"EntryPoint","urlTemplate":"https:\/\/dehub.netgear.com\/de\/hub\/?s={search_term_string}"},"query-input":{"@type":"PropertyValueSpecification","valueRequired":true,"valueName":"search_term_string"}}],"inLanguage":"de"},{"@type":"Organization","@id":"https:\/\/dehub.netgear.com\/de\/hub\/#organization","name":"NETGEAR","url":"https:\/\/dehub.netgear.com\/de\/hub\/","logo":{"@type":"ImageObject","inLanguage":"de","@id":"https:\/\/dehub.netgear.com\/de\/hub\/#\/schema\/logo\/image\/","url":"https:\/\/www.dehub.netgear.com\/de\/hub\/wp-content\/uploads\/2019\/07\/NETGEAR_logo.jpg","contentUrl":"https:\/\/www.dehub.netgear.com\/de\/hub\/wp-content\/uploads\/2019\/07\/NETGEAR_logo.jpg","width":1500,"height":501,"caption":"NETGEAR"},"image":{"@id":"https:\/\/dehub.netgear.com\/de\/hub\/#\/schema\/logo\/image\/"},"sameAs":["https:\/\/www.facebook.com\/NetgearAU\/","https:\/\/x.com\/NETGEAR","https:\/\/www.linkedin.com\/company\/netgear"]}]}},"_links":{"self":[{"href":"https:\/\/dehub.netgear.com\/de\/hub\/wp-json\/wp\/v2\/pages\/11114","targetHints":{"allow":["GET"]}}],"collection":[{"href":"https:\/\/dehub.netgear.com\/de\/hub\/wp-json\/wp\/v2\/pages"}],"about":[{"href":"https:\/\/dehub.netgear.com\/de\/hub\/wp-json\/wp\/v2\/types\/page"}],"author":[{"embeddable":true,"href":"https:\/\/dehub.netgear.com\/de\/hub\/wp-json\/wp\/v2\/users\/94"}],"replies":[{"embeddable":true,"href":"https:\/\/dehub.netgear.com\/de\/hub\/wp-json\/wp\/v2\/comments?post=11114"}],"version-history":[{"count":1,"href":"https:\/\/dehub.netgear.com\/de\/hub\/wp-json\/wp\/v2\/pages\/11114\/revisions"}],"predecessor-version":[{"id":11115,"href":"https:\/\/dehub.netgear.com\/de\/hub\/wp-json\/wp\/v2\/pages\/11114\/revisions\/11115"}],"up":[{"embeddable":true,"href":"https:\/\/dehub.netgear.com\/de\/hub\/wp-json\/wp\/v2\/pages\/6754"}],"wp:featuredmedia":[{"embeddable":true,"href":"https:\/\/dehub.netgear.com\/de\/hub\/wp-json\/wp\/v2\/media\/11107"}],"wp:attachment":[{"href":"https:\/\/dehub.netgear.com\/de\/hub\/wp-json\/wp\/v2\/media?parent=11114"}],"curies":[{"name":"wp","href":"https:\/\/api.w.org\/{rel}","templated":true}]}}