{"id":11090,"date":"2025-10-30T10:14:09","date_gmt":"2025-12-01T09:14:42","guid":{"rendered":"https:\/\/dehub.netgear.com\/de\/hub\/?page_id=11090"},"modified":"2025-12-01T11:35:24","modified_gmt":"2025-12-01T10:35:24","slug":"transforming-professional-audio-through-network-innovation","status":"publish","type":"page","link":"https:\/\/dehub.netgear.com\/de\/hub\/business\/av\/transforming-professional-audio-through-network-innovation\/","title":{"rendered":"Die professionelle Audiotechnik durch Netzwerkinnovationen transformieren"},"content":{"rendered":"<p><img loading=\"lazy\" decoding=\"async\" class=\"alignone size-full wp-image-10681\" style=\"border-radius: 1em;\" src=\"https:\/\/www.netgear.com\/hub\/wp-content\/uploads\/2025\/11\/Screenshot-2025-11-27-at-17.05.09.png\" alt=\"\" width=\"1048\" height=\"511\" \/><\/p>\n    <div class=\"table-of-content bg-gray\">\n        <p><strong>IN THIS ARTICLE<\/strong><\/p>\n        <ul>\n                        <li><a href=\"#topic1\">AV entwickelt sich weiter: Partnerschaften der n\u00e4chsten Generation f\u00fcr AV der n\u00e4chsten Generation<\/a><\/li>\n                        <li><a href=\"#topic2\">Leistung und Resilienz auf Enterprise-Niveau<\/a><\/li>\n                        <li><a href=\"#topic3\">Die Cloud-Verbindung<\/a><\/li>\n                        <li><a href=\"#topic4\">Infrastrukturvorteil<\/a><\/li>\n                        <li><a href=\"#topic5\">Mehr Informationen<\/a><\/li>\n                    <\/ul>\n    <\/div>\n        <div id=\"topic1\" class=\"skip-item\">\n                        <h2>AV entwickelt sich weiter: Partnerschaften der n\u00e4chsten Generation f\u00fcr AV der n\u00e4chsten Generation<\/h2>\n                <p data-start=\"84\" data-end=\"650\">Die Partnerschaft zwischen Powersoft und NETGEAR tr\u00e4gt dieser Entwicklung Rechnung, indem sie Powersofts innovative Verst\u00e4rkertechnologie mit NETGEARs robuster Switching-Infrastruktur kombiniert. Diese Zusammenarbeit zeigt, wie fortschrittliche PoE-Funktionen, intelligente Netzwerktechnik und Cloud-Konnektivit\u00e4t zusammenkommen, um professionelle Audiotechnik in kommerziellen Installationen, Festinstallationen und Touring-Anwendungen weltweit zu vereinfachen.<\/p>\n<p data-start=\"652\" data-end=\"1061\">Die neuesten Verst\u00e4rkerplattformen von Powersoft nutzen Power over Ethernet auf eine Weise, die die Bereitstellung und Verwaltung von Audiosystemen grundlegend ver\u00e4ndert. Ihr ultrakompakter Nota-Verst\u00e4rker liefert 140 Watt \u00fcber zwei Kan\u00e4le \u2013 \u00fcber eine einzige PoE\/PoE+-Verbindung. Keine separate Stromversorgung, keine zus\u00e4tzliche Verkabelungskomplexit\u00e4t \u2013 nur ein einziges Ethernet-Kabel f\u00fcr Strom und Daten.<\/p>\n<p data-start=\"1063\" data-end=\"1498\">F\u00fcr kommerzielle Installationen, Konferenzr\u00e4ume und Nachr\u00fcstprojekte, bei denen das Verlegen neuer Stromkreise teuer oder unm\u00f6glich ist, er\u00f6ffnet PoE-basierte Verst\u00e4rkung v\u00f6llig neue Einsatzm\u00f6glichkeiten. In Kombination mit den PoE-f\u00e4higen Switches von NETGEAR k\u00f6nnen Installateure Verst\u00e4rker genau dort platzieren, wo sie ben\u00f6tigt werden \u2013 ohne sich Gedanken \u00fcber nahegelegene Steckdosen oder die Kosten f\u00fcr Elektroarbeiten zu machen.<\/p>\n<p data-start=\"1500\" data-end=\"1867\">Die intelligente Auto-Setup-Funktion macht diese Installationen noch einfacher. Nota passt die Impedanzkurven der Lautsprecher automatisch an und wendet die passenden Schutzfilter an \u2013 und erm\u00f6glicht so professionelle Installationen auch ohne tiefgehende technische Expertise. F\u00fcr Systemintegratoren bedeutet das schnellere Installationen und weniger Serviceeins\u00e4tze.<\/p>\n    <\/div>\n        <div id=\"topic2\" class=\"skip-item\">\n                        <h2>Leistung und Resilienz auf Enterprise-Niveau<\/h2>\n                <p data-start=\"1929\" data-end=\"2273\">Die Unica-Serie von Powersoft stellt ihre dritte Verst\u00e4rkerplattform-Generation dar, entwickelt speziell f\u00fcr mittelgro\u00dfe bis gro\u00dfe Installationen, in denen Zuverl\u00e4ssigkeit nicht verhandelbar ist. Besonders \u00fcberzeugend an Unica ist der Einsatz von PoE++ \u2013 nicht nur f\u00fcr die Erstinstallation, sondern f\u00fcr eine bislang unerreichte Systemresilienz.<\/p>\n<p data-start=\"2275\" data-end=\"2701\">Mit NETGEAR-Switches, die PoE++ bereitstellen, behalten Unica-Verst\u00e4rker auch bei Stromausf\u00e4llen die Netzwerkverbindung und kritische Funktionen bei. Sobald die Hauptstromversorgung zur\u00fcckkehrt, startet das System in nur einer halben Sekunde wieder \u2013 mit minimaler Unterbrechung des Betriebs. Diese F\u00e4higkeit ver\u00e4ndert den Umgang mit mission-kritischem Audio grundlegend, von Unternehmenscampus bis hin zu Veranstaltungsorten.<\/p>\n<p data-start=\"2703\" data-end=\"3143\">Die drei konfigurierbaren Gigabit-Ports unterst\u00fctzen sowohl Daisy-Chain- als auch Dante-redundante Netzwerktopologien, mit Split-Redundanzmodi, die Steuerdaten vom Audiotraffic trennen. Die erweiterten VLAN-Funktionen von NETGEAR erm\u00f6glichen das pr\u00e4zise Traffic-Management, das diese Konfigurationen erfordern \u2013 und gew\u00e4hrleisten eine konstante Leistung, egal ob ein einzelner Verst\u00e4rker oder dutzende im gesamten Geb\u00e4ude eingesetzt werden.<\/p>\n<p data-start=\"3145\" data-end=\"3582\">Jeder Unica-Ausgang liefert bei asymmetrischer Belastung bis zum Doppelten seiner Nennleistung und treibt sowohl 70\/100V-Systeme als auch niederohmige Lautsprecher m\u00fchelos an. Diese Flexibilit\u00e4t erm\u00f6glicht es Systemplanern, Installationen optimal auszulegen, ohne durch die Kanalzahl eines Verst\u00e4rkers eingeschr\u00e4nkt zu sein \u2013 w\u00e4hrend NETGEARs zuverl\u00e4ssige Stromversorgung sicherstellt, dass jeder Verst\u00e4rker gem\u00e4\u00df Spezifikation arbeitet.<\/p>\n<p data-start=\"3145\" data-end=\"3582\"><img decoding=\"async\" class=\"aligncenter\" src=\"https:\/\/www.netgear.com\/hub\/wp-content\/uploads\/2025\/11\/Screenshot-2025-11-27-at-17.05.19.png\" \/><\/p>\n    <\/div>\n        <div id=\"topic3\" class=\"skip-item\">\n                        <h2>Die Cloud-Verbindung<\/h2>\n                <p data-start=\"3620\" data-end=\"3994\">Einer der transformativsten Aspekte der modernen professionellen Audiotechnik ist die Cloud-Konnektivit\u00e4t \u2013 und genau hier treffen Powersofts Verso-Gateway und die NETGEAR-Infrastruktur besonders stark aufeinander. Verso fungiert als Br\u00fccke zwischen den physischen Verst\u00e4rkern und Powersofts MyUniverso-Cloudplattform und erm\u00f6glicht echtes Remote-Monitoring und -Management.<\/p>\n<p data-start=\"3996\" data-end=\"4390\">Die Architektur ist einfach, aber leistungsstark. Versos zwei Gigabit-Ethernet-Ports trennen den AV-Ger\u00e4tetraf\ufb01c vom Geb\u00e4udenetzwerk und verbessern sowohl Sicherheit als auch Performance. NETGEAR-Switches liefern das zuverl\u00e4ssige, hochbandbreite Backbone, das Remote-Firmware-Updates, Systemdiagnosen und zentrale Verwaltung \u00fcber mehrere Standorte hinweg erm\u00f6glicht \u2013 ganz ohne Vor-Ort-Besuche.<\/p>\n<p data-start=\"4392\" data-end=\"5065\">F\u00fcr Systemintegratoren und Facility Manager ver\u00e4ndert diese Cloud-Integration das Service-Modell grundlegend. Statt Vor-Ort-Fahrten f\u00fcr Updates oder Fehlersuche k\u00f6nnen Techniker den Systemzustand \u00fcberwachen, Konfigurationen anpassen und Probleme aus der Ferne \u00fcber eine einfache Chrome-Browser-Oberfl\u00e4che beheben. Die MyUniverso-Plattform, gehostet auf Microsoft Azure, bietet Sicherheit auf Enterprise-Niveau, w\u00e4hrend Versos lokale Protokollierung auch bei Internetausf\u00e4llen die Kontinuit\u00e4t gew\u00e4hrleistet. Diese Kombination erm\u00f6glicht Integratoren, fortlaufende Managed-Services anzubieten, die die Systemverf\u00fcgbarkeit verbessern und Betriebskosten f\u00fcr ihre Kunden senken.<\/p>\n<p data-start=\"4392\" data-end=\"5065\"><img loading=\"lazy\" decoding=\"async\" class=\"aligncenter size-full wp-image-22233\" src=\"https:\/\/www.netgear.com\/hub\/wp-content\/uploads\/2025\/11\/Verso-connection-768x413-1.webp\" alt=\"\" width=\"768\" height=\"413\" \/><\/p>\n    <\/div>\n        <div id=\"topic4\" class=\"skip-item\">\n                        <h2>Infrastrukturvorteil<\/h2>\n                <p data-start=\"5103\" data-end=\"5477\">Die Switching-L\u00f6sungen von NETGEAR bilden die Grundlage f\u00fcr Powersofts Innovationen. Von PoE++-F\u00e4higkeiten, die kompakte Verst\u00e4rker versorgen und Systemresilienz gew\u00e4hrleisten, bis hin zu Gigabit- und Multi-Gigabit-Durchsatz f\u00fcr Dante- und AES67-Netzwerke mit hoher Kanalzahl \u2013 NETGEAR-Switches liefern die Leistung, die moderne professionelle Audioinstallationen ben\u00f6tigen.<\/p>\n<p data-start=\"5479\" data-end=\"5882\">Die St\u00e4rke der Partnerschaft liegt im Verst\u00e4ndnis, dass erfolgreiche AV-over-IP-Deployments mehr erfordern als nur kompatible Ger\u00e4te. Sie ben\u00f6tigen validierte Konfigurationen, bew\u00e4hrte Zuverl\u00e4ssigkeit und das Vertrauen in eine Infrastruktur auf Enterprise-Niveau. NETGEARs Ruf f\u00fcr robuste, langlebige Netzwerkprodukte passt perfekt zu Powersofts Engagement f\u00fcr Zuverl\u00e4ssigkeit in kritischen Anwendungen.<\/p>\n<p data-start=\"5884\" data-end=\"6202\">Ob der Einsatz eines einzelnen Nota-Verst\u00e4rkers in einem Konferenzraum, die Planung einer komplexen Multi-Zonen-Installation mit Unica-Plattformen oder die Verwaltung verteilter Systeme \u00fcber Verso-Gateways \u2013 NETGEAR liefert die Switching-Infrastruktur, die auf jeder Ebene f\u00fcr konsistente, zuverl\u00e4ssige Leistung sorgt.<\/p>\n    <\/div>\n        <div id=\"topic5\" class=\"skip-item\">\n                        <h2>Mehr Informationen<\/h2>\n                <p><!-- IT NETGEAR BUSINESS-L\u00d6SUNGEN--><br \/>\nMehr \u00fcber unsere Business-Produkte erfahren<\/p>\n<div class=\"hs-cta-embed hs-cta-simple-placeholder hs-cta-embed-243392275167\" style=\"max-width: 100%;max-height: 100%;width: 260px;height: 50.390625px\" data-hubspot-wrapper-cta-id=\"243392275167\"><a href=\"https:\/\/cta-na2.hubspot.com\/web-interactives\/public\/v1\/track\/redirect?encryptedPayload=AVxigLI%2Fu8J7nFnep8w0CfLqqlWixXySh0cANLn7TQ3MtLEGeFdfhQxw3AVxVzYlZOkZoVB4gdslqY4il1pZTz7RSKy0mNw%2BF1Y6bdIwWiFAFfgtF%2FkXW%2Fmq0JFY6OQExFSwjiafSp97IxwGv6iNNhiT9X6MQziOnjaAnh9UsXCYR2VD1S791%2F7MVwT1TQ%3D%3D&amp;webInteractiveContentId=243392275167&amp;portalId=242128791\" target=\"_blank\" rel=\"noopener\"><br \/>\n<img decoding=\"async\" style=\"height: 100%;width: 100%;object-fit: fill\" src=\"https:\/\/hubspot-no-cache-na2-prod.s3.amazonaws.com\/cta\/default\/242128791\/interactive-243392275167.png\" alt=\"NETGEAR AV-L\u00d6SUNGEN\" \/><br \/>\n<\/a><\/div>\n<p><!-- IT ACADEMY --><br \/>\nAlles \u00fcber IP-Netzwerke lernen \u2013 in der NETGEAR ACADEMY<\/p>\n<div class=\"hs-cta-embed hs-cta-simple-placeholder hs-cta-embed-243357267644\" style=\"max-width: 100%;max-height: 100%;width: 260px;height: 50.390625px\" data-hubspot-wrapper-cta-id=\"243357267644\"><a href=\"https:\/\/cta-na2.hubspot.com\/web-interactives\/public\/v1\/track\/redirect?encryptedPayload=AVxigLKW9uCCU9FL7iPOCpU%2BvA8Z1UfLRQT8691iSSqh%2BqLrpD%2FITlt6RGXTdhci0W5DkR0wb%2FpK%2BWToDj8Qf0HaQwR0kyzZgK35i%2BhitHvCmHPH8BmXutiugzeYtEHOY6aYTSXoNxDjJJwwtUXAzSqnxQuhx5jjnWcHl4zUp4Dt1tTG2PymP7esgNCNHKHECJ76tda5x0hFMo8JQo6UwGGb9CBw4fyYnA%3D%3D&amp;webInteractiveContentId=243357267644&amp;portalId=242128791\" target=\"_blank\" rel=\"noopener\"><br \/>\n<img decoding=\"async\" style=\"height: 100%;width: 100%;object-fit: fill\" src=\"https:\/\/hubspot-no-cache-na2-prod.s3.amazonaws.com\/cta\/default\/242128791\/interactive-243357267644.png\" alt=\"NETGEAR ACADEMY\" \/><br \/>\n<\/a><\/div>\n<p><!-- KONTAKT PRO-IT-TEAM --><br \/>\nUnsere Ingenieure unterst\u00fctzen Sie kostenlos bei Ihrem Projekt<\/p>\n<div class=\"hs-cta-embed hs-cta-simple-placeholder hs-cta-embed-243357266676\" style=\"max-width: 100%;max-height: 100%;width: 270px;height: 50.390625px\" data-hubspot-wrapper-cta-id=\"243357266676\"><a href=\"https:\/\/cta-na2.hubspot.com\/web-interactives\/public\/v1\/track\/redirect?encryptedPayload=AVxigLL9MaHliYSOIHWsJvXrVuyffxSFGu%2FOD4neANfzotKQLgtjDgnA0CFJQWLPGl5hkjLPFJf7A76nk1yWw939l8y7nc4NGJ1%2Fa58epF2QbqIhW7KyV%2Fr75%2B8GCI%2FfEXyeGuic8buAEe%2F8pDQ63tT6ExQvwvvuG%2BeK5mOqM%2FlNsZUaeR4q5pghXZB3yAUIu7WWwKynlh9Y3Ug9ymAN6sNjHEzXMCgwSYmLqMh7eixTsrgTswO85eLb8rCODQ%3D%3D&amp;webInteractiveContentId=243357266676&amp;portalId=242128791\" target=\"_blank\" rel=\"noopener\"><br \/>\n<img decoding=\"async\" style=\"height: 100%;width: 100%;object-fit: fill\" src=\"https:\/\/hubspot-no-cache-na2-prod.s3.amazonaws.com\/cta\/default\/242128791\/interactive-243357266676.png\" alt=\"KONTAKT PROAV-TEAM\" \/><br \/>\n<\/a><\/div>\n<p style=\"margin-top: 50px\"><iframe loading=\"lazy\" src=\"https:\/\/405nrr.share-na2.hsforms.com\/25w_D-U5iS-e5KaSaP86jnQ\" width=\"100%\" height=\"1200px\"><\/iframe><\/p>\n    <\/div>\n    \n","protected":false},"excerpt":{"rendered":"","protected":false},"author":94,"featured_media":11089,"parent":6754,"menu_order":0,"comment_status":"closed","ping_status":"closed","template":"templates\/blog-wifi.php","meta":{"_acf_changed":false,"footnotes":""},"class_list":["post-11090","page","type-page","status-publish","has-post-thumbnail","hentry"],"acf":[],"yoast_head":"<!-- This site is optimized with the Yoast SEO plugin v27.4 - https:\/\/yoast.com\/product\/yoast-seo-wordpress\/ -->\n<title>Die professionelle Audiotechnik durch Netzwerkinnovationen transformieren - NETGEAR Hub<\/title>\n<meta name=\"description\" content=\"Die professionelle Audiotechnik durch Netzwerkinnovationen transformieren\" \/>\n<meta name=\"robots\" content=\"index, follow, max-snippet:-1, max-image-preview:large, max-video-preview:-1\" \/>\n<link rel=\"canonical\" href=\"https:\/\/dehub.netgear.com\/de\/hub\/business\/av\/transforming-professional-audio-through-network-innovation\/\" \/>\n<meta property=\"og:locale\" content=\"de_DE\" \/>\n<meta property=\"og:type\" content=\"article\" \/>\n<meta property=\"og:title\" content=\"Die professionelle Audiotechnik durch Netzwerkinnovationen transformieren - NETGEAR Hub\" \/>\n<meta property=\"og:description\" content=\"Die professionelle Audiotechnik durch Netzwerkinnovationen transformieren\" \/>\n<meta property=\"og:url\" content=\"https:\/\/dehub.netgear.com\/de\/hub\/business\/av\/transforming-professional-audio-through-network-innovation\/\" \/>\n<meta property=\"og:site_name\" content=\"NETGEAR Hub\" \/>\n<meta property=\"article:publisher\" content=\"https:\/\/www.facebook.com\/NetgearAU\/\" \/>\n<meta property=\"article:modified_time\" content=\"2025-12-01T10:35:24+00:00\" \/>\n<meta property=\"og:image\" content=\"https:\/\/dehub.netgear.com\/de\/hub\/wp-content\/uploads\/2025\/12\/WhiteLightChoosesTSeries-383x288-1.png\" \/>\n\t<meta property=\"og:image:width\" content=\"383\" \/>\n\t<meta property=\"og:image:height\" content=\"288\" \/>\n\t<meta property=\"og:image:type\" content=\"image\/png\" \/>\n<meta name=\"twitter:card\" content=\"summary_large_image\" \/>\n<meta name=\"twitter:site\" content=\"@NETGEAR\" \/>\n<script type=\"application\/ld+json\" class=\"yoast-schema-graph\">{\"@context\":\"https:\\\/\\\/schema.org\",\"@graph\":[{\"@type\":\"WebPage\",\"@id\":\"https:\\\/\\\/dehub.netgear.com\\\/de\\\/hub\\\/business\\\/av\\\/transforming-professional-audio-through-network-innovation\\\/\",\"url\":\"https:\\\/\\\/dehub.netgear.com\\\/de\\\/hub\\\/business\\\/av\\\/transforming-professional-audio-through-network-innovation\\\/\",\"name\":\"Die professionelle Audiotechnik durch Netzwerkinnovationen transformieren - NETGEAR Hub\",\"isPartOf\":{\"@id\":\"https:\\\/\\\/dehub.netgear.com\\\/de\\\/hub\\\/#website\"},\"primaryImageOfPage\":{\"@id\":\"https:\\\/\\\/dehub.netgear.com\\\/de\\\/hub\\\/business\\\/av\\\/transforming-professional-audio-through-network-innovation\\\/#primaryimage\"},\"image\":{\"@id\":\"https:\\\/\\\/dehub.netgear.com\\\/de\\\/hub\\\/business\\\/av\\\/transforming-professional-audio-through-network-innovation\\\/#primaryimage\"},\"thumbnailUrl\":\"https:\\\/\\\/dehub.netgear.com\\\/de\\\/hub\\\/wp-content\\\/uploads\\\/2025\\\/12\\\/WhiteLightChoosesTSeries-383x288-1.png\",\"datePublished\":\"2025-12-01T09:14:42+00:00\",\"dateModified\":\"2025-12-01T10:35:24+00:00\",\"description\":\"Die professionelle Audiotechnik durch Netzwerkinnovationen transformieren\",\"breadcrumb\":{\"@id\":\"https:\\\/\\\/dehub.netgear.com\\\/de\\\/hub\\\/business\\\/av\\\/transforming-professional-audio-through-network-innovation\\\/#breadcrumb\"},\"inLanguage\":\"de\",\"potentialAction\":[{\"@type\":\"ReadAction\",\"target\":[\"https:\\\/\\\/dehub.netgear.com\\\/de\\\/hub\\\/business\\\/av\\\/transforming-professional-audio-through-network-innovation\\\/\"]}]},{\"@type\":\"ImageObject\",\"inLanguage\":\"de\",\"@id\":\"https:\\\/\\\/dehub.netgear.com\\\/de\\\/hub\\\/business\\\/av\\\/transforming-professional-audio-through-network-innovation\\\/#primaryimage\",\"url\":\"https:\\\/\\\/dehub.netgear.com\\\/de\\\/hub\\\/wp-content\\\/uploads\\\/2025\\\/12\\\/WhiteLightChoosesTSeries-383x288-1.png\",\"contentUrl\":\"https:\\\/\\\/dehub.netgear.com\\\/de\\\/hub\\\/wp-content\\\/uploads\\\/2025\\\/12\\\/WhiteLightChoosesTSeries-383x288-1.png\",\"width\":383,\"height\":288},{\"@type\":\"BreadcrumbList\",\"@id\":\"https:\\\/\\\/dehub.netgear.com\\\/de\\\/hub\\\/business\\\/av\\\/transforming-professional-audio-through-network-innovation\\\/#breadcrumb\",\"itemListElement\":[{\"@type\":\"ListItem\",\"position\":1,\"name\":\"Home\",\"item\":\"https:\\\/\\\/dehub.netgear.com\\\/de\\\/hub\\\/\"},{\"@type\":\"ListItem\",\"position\":2,\"name\":\"Business Articles Hub\",\"item\":\"https:\\\/\\\/dehub.netgear.com\\\/de\\\/hub\\\/business\\\/\"},{\"@type\":\"ListItem\",\"position\":3,\"name\":\"Business AV\",\"item\":\"https:\\\/\\\/dehub.netgear.com\\\/de\\\/hub\\\/business\\\/av\\\/\"},{\"@type\":\"ListItem\",\"position\":4,\"name\":\"Die professionelle Audiotechnik durch Netzwerkinnovationen transformieren\"}]},{\"@type\":\"WebSite\",\"@id\":\"https:\\\/\\\/dehub.netgear.com\\\/de\\\/hub\\\/#website\",\"url\":\"https:\\\/\\\/dehub.netgear.com\\\/de\\\/hub\\\/\",\"name\":\"NETGEAR\",\"description\":\"Erkunden Sie unsere Hub-Seiten und st\u00f6bern Sie in Artikeln, um mehr \u00fcber NETGEAR Produkte und Technologien zu erfahren.\",\"publisher\":{\"@id\":\"https:\\\/\\\/dehub.netgear.com\\\/de\\\/hub\\\/#organization\"},\"potentialAction\":[{\"@type\":\"SearchAction\",\"target\":{\"@type\":\"EntryPoint\",\"urlTemplate\":\"https:\\\/\\\/dehub.netgear.com\\\/de\\\/hub\\\/?s={search_term_string}\"},\"query-input\":{\"@type\":\"PropertyValueSpecification\",\"valueRequired\":true,\"valueName\":\"search_term_string\"}}],\"inLanguage\":\"de\"},{\"@type\":\"Organization\",\"@id\":\"https:\\\/\\\/dehub.netgear.com\\\/de\\\/hub\\\/#organization\",\"name\":\"NETGEAR\",\"url\":\"https:\\\/\\\/dehub.netgear.com\\\/de\\\/hub\\\/\",\"logo\":{\"@type\":\"ImageObject\",\"inLanguage\":\"de\",\"@id\":\"https:\\\/\\\/dehub.netgear.com\\\/de\\\/hub\\\/#\\\/schema\\\/logo\\\/image\\\/\",\"url\":\"https:\\\/\\\/www.dehub.netgear.com\\\/de\\\/hub\\\/wp-content\\\/uploads\\\/2019\\\/07\\\/NETGEAR_logo.jpg\",\"contentUrl\":\"https:\\\/\\\/www.dehub.netgear.com\\\/de\\\/hub\\\/wp-content\\\/uploads\\\/2019\\\/07\\\/NETGEAR_logo.jpg\",\"width\":1500,\"height\":501,\"caption\":\"NETGEAR\"},\"image\":{\"@id\":\"https:\\\/\\\/dehub.netgear.com\\\/de\\\/hub\\\/#\\\/schema\\\/logo\\\/image\\\/\"},\"sameAs\":[\"https:\\\/\\\/www.facebook.com\\\/NetgearAU\\\/\",\"https:\\\/\\\/x.com\\\/NETGEAR\",\"https:\\\/\\\/www.linkedin.com\\\/company\\\/netgear\"]}]}<\/script>\n<!-- \/ Yoast SEO plugin. -->","yoast_head_json":{"title":"Die professionelle Audiotechnik durch Netzwerkinnovationen transformieren - NETGEAR Hub","description":"Die professionelle Audiotechnik durch Netzwerkinnovationen transformieren","robots":{"index":"index","follow":"follow","max-snippet":"max-snippet:-1","max-image-preview":"max-image-preview:large","max-video-preview":"max-video-preview:-1"},"canonical":"https:\/\/dehub.netgear.com\/de\/hub\/business\/av\/transforming-professional-audio-through-network-innovation\/","og_locale":"de_DE","og_type":"article","og_title":"Die professionelle Audiotechnik durch Netzwerkinnovationen transformieren - NETGEAR Hub","og_description":"Die professionelle Audiotechnik durch Netzwerkinnovationen transformieren","og_url":"https:\/\/dehub.netgear.com\/de\/hub\/business\/av\/transforming-professional-audio-through-network-innovation\/","og_site_name":"NETGEAR Hub","article_publisher":"https:\/\/www.facebook.com\/NetgearAU\/","article_modified_time":"2025-12-01T10:35:24+00:00","og_image":[{"width":383,"height":288,"url":"https:\/\/dehub.netgear.com\/de\/hub\/wp-content\/uploads\/2025\/12\/WhiteLightChoosesTSeries-383x288-1.png","type":"image\/png"}],"twitter_card":"summary_large_image","twitter_site":"@NETGEAR","schema":{"@context":"https:\/\/schema.org","@graph":[{"@type":"WebPage","@id":"https:\/\/dehub.netgear.com\/de\/hub\/business\/av\/transforming-professional-audio-through-network-innovation\/","url":"https:\/\/dehub.netgear.com\/de\/hub\/business\/av\/transforming-professional-audio-through-network-innovation\/","name":"Die professionelle Audiotechnik durch Netzwerkinnovationen transformieren - NETGEAR Hub","isPartOf":{"@id":"https:\/\/dehub.netgear.com\/de\/hub\/#website"},"primaryImageOfPage":{"@id":"https:\/\/dehub.netgear.com\/de\/hub\/business\/av\/transforming-professional-audio-through-network-innovation\/#primaryimage"},"image":{"@id":"https:\/\/dehub.netgear.com\/de\/hub\/business\/av\/transforming-professional-audio-through-network-innovation\/#primaryimage"},"thumbnailUrl":"https:\/\/dehub.netgear.com\/de\/hub\/wp-content\/uploads\/2025\/12\/WhiteLightChoosesTSeries-383x288-1.png","datePublished":"2025-12-01T09:14:42+00:00","dateModified":"2025-12-01T10:35:24+00:00","description":"Die professionelle Audiotechnik durch Netzwerkinnovationen transformieren","breadcrumb":{"@id":"https:\/\/dehub.netgear.com\/de\/hub\/business\/av\/transforming-professional-audio-through-network-innovation\/#breadcrumb"},"inLanguage":"de","potentialAction":[{"@type":"ReadAction","target":["https:\/\/dehub.netgear.com\/de\/hub\/business\/av\/transforming-professional-audio-through-network-innovation\/"]}]},{"@type":"ImageObject","inLanguage":"de","@id":"https:\/\/dehub.netgear.com\/de\/hub\/business\/av\/transforming-professional-audio-through-network-innovation\/#primaryimage","url":"https:\/\/dehub.netgear.com\/de\/hub\/wp-content\/uploads\/2025\/12\/WhiteLightChoosesTSeries-383x288-1.png","contentUrl":"https:\/\/dehub.netgear.com\/de\/hub\/wp-content\/uploads\/2025\/12\/WhiteLightChoosesTSeries-383x288-1.png","width":383,"height":288},{"@type":"BreadcrumbList","@id":"https:\/\/dehub.netgear.com\/de\/hub\/business\/av\/transforming-professional-audio-through-network-innovation\/#breadcrumb","itemListElement":[{"@type":"ListItem","position":1,"name":"Home","item":"https:\/\/dehub.netgear.com\/de\/hub\/"},{"@type":"ListItem","position":2,"name":"Business Articles Hub","item":"https:\/\/dehub.netgear.com\/de\/hub\/business\/"},{"@type":"ListItem","position":3,"name":"Business AV","item":"https:\/\/dehub.netgear.com\/de\/hub\/business\/av\/"},{"@type":"ListItem","position":4,"name":"Die professionelle Audiotechnik durch Netzwerkinnovationen transformieren"}]},{"@type":"WebSite","@id":"https:\/\/dehub.netgear.com\/de\/hub\/#website","url":"https:\/\/dehub.netgear.com\/de\/hub\/","name":"NETGEAR","description":"Erkunden Sie unsere Hub-Seiten und st\u00f6bern Sie in Artikeln, um mehr \u00fcber NETGEAR Produkte und Technologien zu erfahren.","publisher":{"@id":"https:\/\/dehub.netgear.com\/de\/hub\/#organization"},"potentialAction":[{"@type":"SearchAction","target":{"@type":"EntryPoint","urlTemplate":"https:\/\/dehub.netgear.com\/de\/hub\/?s={search_term_string}"},"query-input":{"@type":"PropertyValueSpecification","valueRequired":true,"valueName":"search_term_string"}}],"inLanguage":"de"},{"@type":"Organization","@id":"https:\/\/dehub.netgear.com\/de\/hub\/#organization","name":"NETGEAR","url":"https:\/\/dehub.netgear.com\/de\/hub\/","logo":{"@type":"ImageObject","inLanguage":"de","@id":"https:\/\/dehub.netgear.com\/de\/hub\/#\/schema\/logo\/image\/","url":"https:\/\/www.dehub.netgear.com\/de\/hub\/wp-content\/uploads\/2019\/07\/NETGEAR_logo.jpg","contentUrl":"https:\/\/www.dehub.netgear.com\/de\/hub\/wp-content\/uploads\/2019\/07\/NETGEAR_logo.jpg","width":1500,"height":501,"caption":"NETGEAR"},"image":{"@id":"https:\/\/dehub.netgear.com\/de\/hub\/#\/schema\/logo\/image\/"},"sameAs":["https:\/\/www.facebook.com\/NetgearAU\/","https:\/\/x.com\/NETGEAR","https:\/\/www.linkedin.com\/company\/netgear"]}]}},"_links":{"self":[{"href":"https:\/\/dehub.netgear.com\/de\/hub\/wp-json\/wp\/v2\/pages\/11090","targetHints":{"allow":["GET"]}}],"collection":[{"href":"https:\/\/dehub.netgear.com\/de\/hub\/wp-json\/wp\/v2\/pages"}],"about":[{"href":"https:\/\/dehub.netgear.com\/de\/hub\/wp-json\/wp\/v2\/types\/page"}],"author":[{"embeddable":true,"href":"https:\/\/dehub.netgear.com\/de\/hub\/wp-json\/wp\/v2\/users\/94"}],"replies":[{"embeddable":true,"href":"https:\/\/dehub.netgear.com\/de\/hub\/wp-json\/wp\/v2\/comments?post=11090"}],"version-history":[{"count":3,"href":"https:\/\/dehub.netgear.com\/de\/hub\/wp-json\/wp\/v2\/pages\/11090\/revisions"}],"predecessor-version":[{"id":11093,"href":"https:\/\/dehub.netgear.com\/de\/hub\/wp-json\/wp\/v2\/pages\/11090\/revisions\/11093"}],"up":[{"embeddable":true,"href":"https:\/\/dehub.netgear.com\/de\/hub\/wp-json\/wp\/v2\/pages\/6754"}],"wp:featuredmedia":[{"embeddable":true,"href":"https:\/\/dehub.netgear.com\/de\/hub\/wp-json\/wp\/v2\/media\/11089"}],"wp:attachment":[{"href":"https:\/\/dehub.netgear.com\/de\/hub\/wp-json\/wp\/v2\/media?parent=11090"}],"curies":[{"name":"wp","href":"https:\/\/api.w.org\/{rel}","templated":true}]}}