{"id":10948,"date":"2025-10-21T06:51:09","date_gmt":"2025-10-22T12:51:15","guid":{"rendered":"https:\/\/dehub.netgear.com\/de\/hub\/?page_id=10948"},"modified":"2025-10-22T14:59:29","modified_gmt":"2025-10-22T12:59:29","slug":"the-ultimate-av-product-reference-guide-for-av-engineers","status":"publish","type":"page","link":"https:\/\/dehub.netgear.com\/de\/hub\/business\/av\/the-ultimate-av-product-reference-guide-for-av-engineers\/","title":{"rendered":"Der ultimative AV-Produktreferenzleitfaden f\u00fcr AV-Ingenieure"},"content":{"rendered":"<p><img loading=\"lazy\" decoding=\"async\" class=\"alignone size-full wp-image-10681\" style=\"border-radius: 1em;\" src=\"https:\/\/www.netgear.com\/hub\/wp-content\/uploads\/2025\/10\/DAT-AV_Hero.webp\" alt=\"\" width=\"1048\" height=\"511\" \/><\/p>\n    <div class=\"table-of-content bg-gray\">\n        <p><strong>IN THIS ARTICLE<\/strong><\/p>\n        <ul>\n                        <li><a href=\"#topic1\">Vereinfachen Sie Ihr AV-Netzwerkdesign: Finden Sie die passenden NETGEAR-Produkte f\u00fcr jedes Projekt<\/a><\/li>\n                        <li><a href=\"#topic2\">Was Sie im Leitfaden finden<\/a><\/li>\n                        <li><a href=\"#topic3\">Warum das wichtig ist<\/a><\/li>\n                        <li><a href=\"#topic4\">F\u00fcr AV-Profis konzipiert<\/a><\/li>\n                        <li><a href=\"#topic5\">Leitfaden herunterladen<\/a><\/li>\n                        <li><a href=\"#topic6\">AV over IP mit Zuversicht gestalten<\/a><\/li>\n                        <li><a href=\"#topic7\">Mehr Informationen<\/a><\/li>\n                    <\/ul>\n    <\/div>\n        <div id=\"topic1\" class=\"skip-item\">\n                        <h2>Vereinfachen Sie Ihr AV-Netzwerkdesign: Finden Sie die passenden NETGEAR-Produkte f\u00fcr jedes Projekt<\/h2>\n                <p data-start=\"232\" data-end=\"626\">Als AV-Ingenieur wissen Sie, dass der Erfolg Ihrer Installation auf einem zuverl\u00e4ssigen und effizienten Netzwerkfundament basiert.<br data-start=\"362\" data-end=\"365\" \/>Egal, ob Sie eine gro\u00df angelegte Video-over-IP-L\u00f6sung implementieren, PoE-gest\u00fctzte Kameras integrieren oder WiFi-7-Access-Points anbinden \u2013 die Wahl des richtigen Switches oder Routers macht den Unterschied in puncto Leistung, Skalierbarkeit und Verf\u00fcgbarkeit.<\/p>\n<p data-start=\"628\" data-end=\"847\">Deshalb haben wir den <strong data-start=\"650\" data-end=\"689\">NETGEAR AV-Produktreferenzleitfaden<\/strong> erstellt, ein umfassendes und benutzerfreundliches Dokument, das Ihnen hilft, schnell die besten Switches und Wireless-Ger\u00e4te f\u00fcr Ihre AV-Projekte zu finden.<\/p>\n    <\/div>\n        <div id=\"topic2\" class=\"skip-item\">\n                        <h2>Was Sie im Leitfaden finden<\/h2>\n                <p data-start=\"891\" data-end=\"1006\">Der Leitfaden bietet eine detaillierte \u00dcbersicht \u00fcber die NETGEAR AV Line Switches und Wireless-L\u00f6sungen, darunter:<\/p>\n<ul data-start=\"1008\" data-end=\"1513\">\n<li data-start=\"1008\" data-end=\"1113\">\n<p data-start=\"1010\" data-end=\"1113\">Switches der Serien <strong data-start=\"1030\" data-end=\"1063\">M4250, M4300, M4350 und M4500<\/strong> \u2013 speziell f\u00fcr AV-over-IP-Umgebungen entwickelt<\/p>\n<\/li>\n<li data-start=\"1114\" data-end=\"1200\">\n<p data-start=\"1116\" data-end=\"1200\">PoE+ und PoE++ Leistungsbudgets, klar aufgelistet f\u00fcr jedes Modell im 220V-Betrieb<\/p>\n<\/li>\n<li data-start=\"1201\" data-end=\"1281\">\n<p data-start=\"1203\" data-end=\"1281\">Multi-Gig- und Glasfaser-Port-Konfigurationen f\u00fcr jede Art von AV-Deployment<\/p>\n<\/li>\n<li data-start=\"1282\" data-end=\"1436\">\n<p data-start=\"1284\" data-end=\"1436\">Router und WiFi 7 Access Points (wie <strong data-start=\"1321\" data-end=\"1350\">PR460X, WBE758 und WBE718<\/strong>), optimiert f\u00fcr Hochgeschwindigkeits-Backhaul und reibungslose drahtlose Verteilung<\/p>\n<\/li>\n<li data-start=\"1437\" data-end=\"1513\">\n<p data-start=\"1439\" data-end=\"1513\">Redundanz- und modulare PSU-Optionen f\u00fcr besonders kritische Anwendungen<\/p>\n<\/li>\n<\/ul>\n<p data-start=\"1515\" data-end=\"1760\">Jeder Abschnitt des Leitfadens enth\u00e4lt Modellnamen, SKU, Porttypen, Leistungsdaten und Managementoptionen \u2013 alles, was Sie f\u00fcr eine fundierte Entscheidung brauchen. Ob f\u00fcr Live-Events, Broadcast-Studios, Konferenzr\u00e4ume oder Hospitality-L\u00f6sungen.<\/p>\n    <\/div>\n        <div id=\"topic3\" class=\"skip-item\">\n                        <h2>Warum das wichtig ist<\/h2>\n                <p data-start=\"1798\" data-end=\"1997\">Bei AV-over-IP-Systemen ist pr\u00e4zises Design entscheidend.<br data-start=\"1855\" data-end=\"1858\" \/>Leistungsbudgets, PoE-Typen und Redundanzoptionen variieren stark je nach Switch-Modell. Der AV-Produktreferenzleitfaden hilft Ihnen dabei:<\/p>\n<ul data-start=\"1999\" data-end=\"2349\">\n<li data-start=\"1999\" data-end=\"2101\">\n<p data-start=\"2001\" data-end=\"2101\">Switches auszuw\u00e4hlen, die ausreichend PoE-Leistung f\u00fcr Kameras, Access Points und Displays liefern<\/p>\n<\/li>\n<li data-start=\"2102\" data-end=\"2192\">\n<p data-start=\"2104\" data-end=\"2192\">F\u00fcr zuk\u00fcnftige Skalierbarkeit mit modularen Netzteilen und Stacking-Optionen zu planen<\/p>\n<\/li>\n<li data-start=\"2193\" data-end=\"2259\">\n<p data-start=\"2195\" data-end=\"2259\">Die regional \u00fcblichen Stromstandards (110V \/ 220V) einzuhalten<\/p>\n<\/li>\n<li data-start=\"2260\" data-end=\"2349\">\n<p data-start=\"2262\" data-end=\"2349\">Zeit bei der Spezifikation zu sparen \u2013 kein Nachschlagen in mehreren Datenbl\u00e4ttern mehr<\/p>\n<\/li>\n<\/ul>\n    <\/div>\n        <div id=\"topic4\" class=\"skip-item\">\n                        <h2>F\u00fcr AV-Profis konzipiert<\/h2>\n                <p>Diese Ausgabe des Leitfadens konzentriert sich auf den operativen Betrieb und ist die ideale Referenz f\u00fcr AV-Integrator<em data-start=\"2509\" data-end=\"2535\">innen und Systemdesigner<\/em>innen in ganz Europa.<br data-start=\"2556\" data-end=\"2559\" \/>Sie fasst alle Leistungs- und Anschlussdetails f\u00fcr regionale Projekte zusammen und gew\u00e4hrleistet Kompatibilit\u00e4t sowie Compliance.<\/p>\n    <\/div>\n        <div id=\"topic5\" class=\"skip-item\">\n                        <h2>Leitfaden herunterladen<\/h2>\n                <p data-start=\"2728\" data-end=\"2987\">Bereit, Ihr n\u00e4chstes AV-Projekt zu vereinfachen?<br data-start=\"2776\" data-end=\"2779\" \/>Laden Sie den <strong data-start=\"2793\" data-end=\"2832\">NETGEAR AV-Produktreferenzleitfaden<\/strong> herunter und erhalten Sie sofort Zugriff auf detaillierte Produktdaten, PoE-Budgets und Konfigurationsm\u00f6glichkeiten \u2013 alles in einem praktischen Dokument.<\/p>\n    <\/div>\n        <div id=\"topic6\" class=\"skip-item\">\n                        <h2>AV over IP mit Zuversicht gestalten<\/h2>\n                <p>NETGEAR innoviert kontinuierlich f\u00fcr die AV-Branche und bietet zuverl\u00e4ssige, skalierbare und einfach zu verwaltende Netzwerkl\u00f6sungen.<br data-start=\"3172\" data-end=\"3175\" \/>Mit diesem Leitfaden in der Hand k\u00f6nnen Sie professionelle AV-Systeme schneller, intelligenter und mit mehr Sicherheit planen und umsetzen.<\/p>\n    <\/div>\n        <div id=\"topic7\" class=\"skip-item\">\n                        <h2>Mehr Informationen<\/h2>\n                <p><!-- IT NETGEAR BUSINESS-L\u00d6SUNGEN--><br \/>\nMehr \u00fcber unsere Business-Produkte erfahren<\/p>\n<div class=\"hs-cta-embed hs-cta-simple-placeholder hs-cta-embed-243392275167\" style=\"max-width: 100%;max-height: 100%;width: 260px;height: 50.390625px\" data-hubspot-wrapper-cta-id=\"243392275167\"><a href=\"https:\/\/cta-na2.hubspot.com\/web-interactives\/public\/v1\/track\/redirect?encryptedPayload=AVxigLI%2Fu8J7nFnep8w0CfLqqlWixXySh0cANLn7TQ3MtLEGeFdfhQxw3AVxVzYlZOkZoVB4gdslqY4il1pZTz7RSKy0mNw%2BF1Y6bdIwWiFAFfgtF%2FkXW%2Fmq0JFY6OQExFSwjiafSp97IxwGv6iNNhiT9X6MQziOnjaAnh9UsXCYR2VD1S791%2F7MVwT1TQ%3D%3D&amp;webInteractiveContentId=243392275167&amp;portalId=242128791\" target=\"_blank\" rel=\"noopener\"><br \/>\n<img decoding=\"async\" style=\"height: 100%;width: 100%;object-fit: fill\" src=\"https:\/\/hubspot-no-cache-na2-prod.s3.amazonaws.com\/cta\/default\/242128791\/interactive-243392275167.png\" alt=\"NETGEAR AV-L\u00d6SUNGEN\" \/><br \/>\n<\/a><\/div>\n<p><!-- IT ACADEMY --><br \/>\nAlles \u00fcber IP-Netzwerke lernen \u2013 in der NETGEAR ACADEMY<\/p>\n<div class=\"hs-cta-embed hs-cta-simple-placeholder hs-cta-embed-243357267644\" style=\"max-width: 100%;max-height: 100%;width: 260px;height: 50.390625px\" data-hubspot-wrapper-cta-id=\"243357267644\"><a href=\"https:\/\/cta-na2.hubspot.com\/web-interactives\/public\/v1\/track\/redirect?encryptedPayload=AVxigLKW9uCCU9FL7iPOCpU%2BvA8Z1UfLRQT8691iSSqh%2BqLrpD%2FITlt6RGXTdhci0W5DkR0wb%2FpK%2BWToDj8Qf0HaQwR0kyzZgK35i%2BhitHvCmHPH8BmXutiugzeYtEHOY6aYTSXoNxDjJJwwtUXAzSqnxQuhx5jjnWcHl4zUp4Dt1tTG2PymP7esgNCNHKHECJ76tda5x0hFMo8JQo6UwGGb9CBw4fyYnA%3D%3D&amp;webInteractiveContentId=243357267644&amp;portalId=242128791\" target=\"_blank\" rel=\"noopener\"><br \/>\n<img decoding=\"async\" style=\"height: 100%;width: 100%;object-fit: fill\" src=\"https:\/\/hubspot-no-cache-na2-prod.s3.amazonaws.com\/cta\/default\/242128791\/interactive-243357267644.png\" alt=\"NETGEAR ACADEMY\" \/><br \/>\n<\/a><\/div>\n<p><!-- KONTAKT PRO-IT-TEAM --><br \/>\nUnsere Ingenieure unterst\u00fctzen Sie kostenlos bei Ihrem Projekt<\/p>\n<div class=\"hs-cta-embed hs-cta-simple-placeholder hs-cta-embed-243357266676\" style=\"max-width: 100%;max-height: 100%;width: 270px;height: 50.390625px\" data-hubspot-wrapper-cta-id=\"243357266676\"><a href=\"https:\/\/cta-na2.hubspot.com\/web-interactives\/public\/v1\/track\/redirect?encryptedPayload=AVxigLL9MaHliYSOIHWsJvXrVuyffxSFGu%2FOD4neANfzotKQLgtjDgnA0CFJQWLPGl5hkjLPFJf7A76nk1yWw939l8y7nc4NGJ1%2Fa58epF2QbqIhW7KyV%2Fr75%2B8GCI%2FfEXyeGuic8buAEe%2F8pDQ63tT6ExQvwvvuG%2BeK5mOqM%2FlNsZUaeR4q5pghXZB3yAUIu7WWwKynlh9Y3Ug9ymAN6sNjHEzXMCgwSYmLqMh7eixTsrgTswO85eLb8rCODQ%3D%3D&amp;webInteractiveContentId=243357266676&amp;portalId=242128791\" target=\"_blank\" rel=\"noopener\"><br \/>\n<img decoding=\"async\" style=\"height: 100%;width: 100%;object-fit: fill\" src=\"https:\/\/hubspot-no-cache-na2-prod.s3.amazonaws.com\/cta\/default\/242128791\/interactive-243357266676.png\" alt=\"KONTAKT PROAV-TEAM\" \/><br \/>\n<\/a><\/div>\n<p style=\"margin-top: 50px\"><iframe loading=\"lazy\" src=\"https:\/\/405nrr.share-na2.hsforms.com\/25w_D-U5iS-e5KaSaP86jnQ\" width=\"100%\" height=\"1200px\"><\/iframe><\/p>\n    <\/div>\n    \n","protected":false},"excerpt":{"rendered":"","protected":false},"author":94,"featured_media":10945,"parent":6754,"menu_order":0,"comment_status":"closed","ping_status":"closed","template":"templates\/blog-wifi.php","meta":{"_acf_changed":false,"footnotes":""},"class_list":["post-10948","page","type-page","status-publish","has-post-thumbnail","hentry"],"acf":[],"yoast_head":"<!-- This site is optimized with the Yoast SEO plugin v27.4 - https:\/\/yoast.com\/product\/yoast-seo-wordpress\/ -->\n<title>Der ultimative AV-Produktreferenzleitfaden f\u00fcr AV-Ingenieure - NETGEAR Hub<\/title>\n<meta name=\"robots\" content=\"index, follow, max-snippet:-1, max-image-preview:large, max-video-preview:-1\" \/>\n<link rel=\"canonical\" href=\"https:\/\/dehub.netgear.com\/de\/hub\/business\/av\/the-ultimate-av-product-reference-guide-for-av-engineers\/\" \/>\n<meta property=\"og:locale\" content=\"de_DE\" \/>\n<meta property=\"og:type\" content=\"article\" \/>\n<meta property=\"og:title\" content=\"Der ultimative AV-Produktreferenzleitfaden f\u00fcr AV-Ingenieure - NETGEAR Hub\" \/>\n<meta property=\"og:url\" content=\"https:\/\/dehub.netgear.com\/de\/hub\/business\/av\/the-ultimate-av-product-reference-guide-for-av-engineers\/\" \/>\n<meta property=\"og:site_name\" content=\"NETGEAR Hub\" \/>\n<meta property=\"article:publisher\" content=\"https:\/\/www.facebook.com\/NetgearAU\/\" \/>\n<meta property=\"article:modified_time\" content=\"2025-10-22T12:59:29+00:00\" \/>\n<meta property=\"og:image\" content=\"https:\/\/dehub.netgear.com\/de\/hub\/wp-content\/uploads\/2025\/10\/DAT-AV_Hero-383x288-1.webp\" \/>\n\t<meta property=\"og:image:width\" content=\"383\" \/>\n\t<meta property=\"og:image:height\" content=\"288\" \/>\n\t<meta property=\"og:image:type\" content=\"image\/webp\" \/>\n<meta name=\"twitter:card\" content=\"summary_large_image\" \/>\n<meta name=\"twitter:site\" content=\"@NETGEAR\" \/>\n<script type=\"application\/ld+json\" class=\"yoast-schema-graph\">{\"@context\":\"https:\\\/\\\/schema.org\",\"@graph\":[{\"@type\":\"WebPage\",\"@id\":\"https:\\\/\\\/dehub.netgear.com\\\/de\\\/hub\\\/business\\\/av\\\/the-ultimate-av-product-reference-guide-for-av-engineers\\\/\",\"url\":\"https:\\\/\\\/dehub.netgear.com\\\/de\\\/hub\\\/business\\\/av\\\/the-ultimate-av-product-reference-guide-for-av-engineers\\\/\",\"name\":\"Der ultimative AV-Produktreferenzleitfaden f\u00fcr AV-Ingenieure - NETGEAR Hub\",\"isPartOf\":{\"@id\":\"https:\\\/\\\/dehub.netgear.com\\\/de\\\/hub\\\/#website\"},\"primaryImageOfPage\":{\"@id\":\"https:\\\/\\\/dehub.netgear.com\\\/de\\\/hub\\\/business\\\/av\\\/the-ultimate-av-product-reference-guide-for-av-engineers\\\/#primaryimage\"},\"image\":{\"@id\":\"https:\\\/\\\/dehub.netgear.com\\\/de\\\/hub\\\/business\\\/av\\\/the-ultimate-av-product-reference-guide-for-av-engineers\\\/#primaryimage\"},\"thumbnailUrl\":\"https:\\\/\\\/dehub.netgear.com\\\/de\\\/hub\\\/wp-content\\\/uploads\\\/2025\\\/10\\\/DAT-AV_Hero-383x288-1.webp\",\"datePublished\":\"2025-10-22T12:51:15+00:00\",\"dateModified\":\"2025-10-22T12:59:29+00:00\",\"breadcrumb\":{\"@id\":\"https:\\\/\\\/dehub.netgear.com\\\/de\\\/hub\\\/business\\\/av\\\/the-ultimate-av-product-reference-guide-for-av-engineers\\\/#breadcrumb\"},\"inLanguage\":\"de\",\"potentialAction\":[{\"@type\":\"ReadAction\",\"target\":[\"https:\\\/\\\/dehub.netgear.com\\\/de\\\/hub\\\/business\\\/av\\\/the-ultimate-av-product-reference-guide-for-av-engineers\\\/\"]}]},{\"@type\":\"ImageObject\",\"inLanguage\":\"de\",\"@id\":\"https:\\\/\\\/dehub.netgear.com\\\/de\\\/hub\\\/business\\\/av\\\/the-ultimate-av-product-reference-guide-for-av-engineers\\\/#primaryimage\",\"url\":\"https:\\\/\\\/dehub.netgear.com\\\/de\\\/hub\\\/wp-content\\\/uploads\\\/2025\\\/10\\\/DAT-AV_Hero-383x288-1.webp\",\"contentUrl\":\"https:\\\/\\\/dehub.netgear.com\\\/de\\\/hub\\\/wp-content\\\/uploads\\\/2025\\\/10\\\/DAT-AV_Hero-383x288-1.webp\",\"width\":383,\"height\":288},{\"@type\":\"BreadcrumbList\",\"@id\":\"https:\\\/\\\/dehub.netgear.com\\\/de\\\/hub\\\/business\\\/av\\\/the-ultimate-av-product-reference-guide-for-av-engineers\\\/#breadcrumb\",\"itemListElement\":[{\"@type\":\"ListItem\",\"position\":1,\"name\":\"Home\",\"item\":\"https:\\\/\\\/dehub.netgear.com\\\/de\\\/hub\\\/\"},{\"@type\":\"ListItem\",\"position\":2,\"name\":\"Business Articles Hub\",\"item\":\"https:\\\/\\\/dehub.netgear.com\\\/de\\\/hub\\\/business\\\/\"},{\"@type\":\"ListItem\",\"position\":3,\"name\":\"Business AV\",\"item\":\"https:\\\/\\\/dehub.netgear.com\\\/de\\\/hub\\\/business\\\/av\\\/\"},{\"@type\":\"ListItem\",\"position\":4,\"name\":\"Der ultimative AV-Produktreferenzleitfaden f\u00fcr AV-Ingenieure\"}]},{\"@type\":\"WebSite\",\"@id\":\"https:\\\/\\\/dehub.netgear.com\\\/de\\\/hub\\\/#website\",\"url\":\"https:\\\/\\\/dehub.netgear.com\\\/de\\\/hub\\\/\",\"name\":\"NETGEAR\",\"description\":\"Erkunden Sie unsere Hub-Seiten und st\u00f6bern Sie in Artikeln, um mehr \u00fcber NETGEAR Produkte und Technologien zu erfahren.\",\"publisher\":{\"@id\":\"https:\\\/\\\/dehub.netgear.com\\\/de\\\/hub\\\/#organization\"},\"potentialAction\":[{\"@type\":\"SearchAction\",\"target\":{\"@type\":\"EntryPoint\",\"urlTemplate\":\"https:\\\/\\\/dehub.netgear.com\\\/de\\\/hub\\\/?s={search_term_string}\"},\"query-input\":{\"@type\":\"PropertyValueSpecification\",\"valueRequired\":true,\"valueName\":\"search_term_string\"}}],\"inLanguage\":\"de\"},{\"@type\":\"Organization\",\"@id\":\"https:\\\/\\\/dehub.netgear.com\\\/de\\\/hub\\\/#organization\",\"name\":\"NETGEAR\",\"url\":\"https:\\\/\\\/dehub.netgear.com\\\/de\\\/hub\\\/\",\"logo\":{\"@type\":\"ImageObject\",\"inLanguage\":\"de\",\"@id\":\"https:\\\/\\\/dehub.netgear.com\\\/de\\\/hub\\\/#\\\/schema\\\/logo\\\/image\\\/\",\"url\":\"https:\\\/\\\/www.dehub.netgear.com\\\/de\\\/hub\\\/wp-content\\\/uploads\\\/2019\\\/07\\\/NETGEAR_logo.jpg\",\"contentUrl\":\"https:\\\/\\\/www.dehub.netgear.com\\\/de\\\/hub\\\/wp-content\\\/uploads\\\/2019\\\/07\\\/NETGEAR_logo.jpg\",\"width\":1500,\"height\":501,\"caption\":\"NETGEAR\"},\"image\":{\"@id\":\"https:\\\/\\\/dehub.netgear.com\\\/de\\\/hub\\\/#\\\/schema\\\/logo\\\/image\\\/\"},\"sameAs\":[\"https:\\\/\\\/www.facebook.com\\\/NetgearAU\\\/\",\"https:\\\/\\\/x.com\\\/NETGEAR\",\"https:\\\/\\\/www.linkedin.com\\\/company\\\/netgear\"]}]}<\/script>\n<!-- \/ Yoast SEO plugin. -->","yoast_head_json":{"title":"Der ultimative AV-Produktreferenzleitfaden f\u00fcr AV-Ingenieure - NETGEAR Hub","robots":{"index":"index","follow":"follow","max-snippet":"max-snippet:-1","max-image-preview":"max-image-preview:large","max-video-preview":"max-video-preview:-1"},"canonical":"https:\/\/dehub.netgear.com\/de\/hub\/business\/av\/the-ultimate-av-product-reference-guide-for-av-engineers\/","og_locale":"de_DE","og_type":"article","og_title":"Der ultimative AV-Produktreferenzleitfaden f\u00fcr AV-Ingenieure - NETGEAR Hub","og_url":"https:\/\/dehub.netgear.com\/de\/hub\/business\/av\/the-ultimate-av-product-reference-guide-for-av-engineers\/","og_site_name":"NETGEAR Hub","article_publisher":"https:\/\/www.facebook.com\/NetgearAU\/","article_modified_time":"2025-10-22T12:59:29+00:00","og_image":[{"width":383,"height":288,"url":"https:\/\/dehub.netgear.com\/de\/hub\/wp-content\/uploads\/2025\/10\/DAT-AV_Hero-383x288-1.webp","type":"image\/webp"}],"twitter_card":"summary_large_image","twitter_site":"@NETGEAR","schema":{"@context":"https:\/\/schema.org","@graph":[{"@type":"WebPage","@id":"https:\/\/dehub.netgear.com\/de\/hub\/business\/av\/the-ultimate-av-product-reference-guide-for-av-engineers\/","url":"https:\/\/dehub.netgear.com\/de\/hub\/business\/av\/the-ultimate-av-product-reference-guide-for-av-engineers\/","name":"Der ultimative AV-Produktreferenzleitfaden f\u00fcr AV-Ingenieure - NETGEAR Hub","isPartOf":{"@id":"https:\/\/dehub.netgear.com\/de\/hub\/#website"},"primaryImageOfPage":{"@id":"https:\/\/dehub.netgear.com\/de\/hub\/business\/av\/the-ultimate-av-product-reference-guide-for-av-engineers\/#primaryimage"},"image":{"@id":"https:\/\/dehub.netgear.com\/de\/hub\/business\/av\/the-ultimate-av-product-reference-guide-for-av-engineers\/#primaryimage"},"thumbnailUrl":"https:\/\/dehub.netgear.com\/de\/hub\/wp-content\/uploads\/2025\/10\/DAT-AV_Hero-383x288-1.webp","datePublished":"2025-10-22T12:51:15+00:00","dateModified":"2025-10-22T12:59:29+00:00","breadcrumb":{"@id":"https:\/\/dehub.netgear.com\/de\/hub\/business\/av\/the-ultimate-av-product-reference-guide-for-av-engineers\/#breadcrumb"},"inLanguage":"de","potentialAction":[{"@type":"ReadAction","target":["https:\/\/dehub.netgear.com\/de\/hub\/business\/av\/the-ultimate-av-product-reference-guide-for-av-engineers\/"]}]},{"@type":"ImageObject","inLanguage":"de","@id":"https:\/\/dehub.netgear.com\/de\/hub\/business\/av\/the-ultimate-av-product-reference-guide-for-av-engineers\/#primaryimage","url":"https:\/\/dehub.netgear.com\/de\/hub\/wp-content\/uploads\/2025\/10\/DAT-AV_Hero-383x288-1.webp","contentUrl":"https:\/\/dehub.netgear.com\/de\/hub\/wp-content\/uploads\/2025\/10\/DAT-AV_Hero-383x288-1.webp","width":383,"height":288},{"@type":"BreadcrumbList","@id":"https:\/\/dehub.netgear.com\/de\/hub\/business\/av\/the-ultimate-av-product-reference-guide-for-av-engineers\/#breadcrumb","itemListElement":[{"@type":"ListItem","position":1,"name":"Home","item":"https:\/\/dehub.netgear.com\/de\/hub\/"},{"@type":"ListItem","position":2,"name":"Business Articles Hub","item":"https:\/\/dehub.netgear.com\/de\/hub\/business\/"},{"@type":"ListItem","position":3,"name":"Business AV","item":"https:\/\/dehub.netgear.com\/de\/hub\/business\/av\/"},{"@type":"ListItem","position":4,"name":"Der ultimative AV-Produktreferenzleitfaden f\u00fcr AV-Ingenieure"}]},{"@type":"WebSite","@id":"https:\/\/dehub.netgear.com\/de\/hub\/#website","url":"https:\/\/dehub.netgear.com\/de\/hub\/","name":"NETGEAR","description":"Erkunden Sie unsere Hub-Seiten und st\u00f6bern Sie in Artikeln, um mehr \u00fcber NETGEAR Produkte und Technologien zu erfahren.","publisher":{"@id":"https:\/\/dehub.netgear.com\/de\/hub\/#organization"},"potentialAction":[{"@type":"SearchAction","target":{"@type":"EntryPoint","urlTemplate":"https:\/\/dehub.netgear.com\/de\/hub\/?s={search_term_string}"},"query-input":{"@type":"PropertyValueSpecification","valueRequired":true,"valueName":"search_term_string"}}],"inLanguage":"de"},{"@type":"Organization","@id":"https:\/\/dehub.netgear.com\/de\/hub\/#organization","name":"NETGEAR","url":"https:\/\/dehub.netgear.com\/de\/hub\/","logo":{"@type":"ImageObject","inLanguage":"de","@id":"https:\/\/dehub.netgear.com\/de\/hub\/#\/schema\/logo\/image\/","url":"https:\/\/www.dehub.netgear.com\/de\/hub\/wp-content\/uploads\/2019\/07\/NETGEAR_logo.jpg","contentUrl":"https:\/\/www.dehub.netgear.com\/de\/hub\/wp-content\/uploads\/2019\/07\/NETGEAR_logo.jpg","width":1500,"height":501,"caption":"NETGEAR"},"image":{"@id":"https:\/\/dehub.netgear.com\/de\/hub\/#\/schema\/logo\/image\/"},"sameAs":["https:\/\/www.facebook.com\/NetgearAU\/","https:\/\/x.com\/NETGEAR","https:\/\/www.linkedin.com\/company\/netgear"]}]}},"_links":{"self":[{"href":"https:\/\/dehub.netgear.com\/de\/hub\/wp-json\/wp\/v2\/pages\/10948","targetHints":{"allow":["GET"]}}],"collection":[{"href":"https:\/\/dehub.netgear.com\/de\/hub\/wp-json\/wp\/v2\/pages"}],"about":[{"href":"https:\/\/dehub.netgear.com\/de\/hub\/wp-json\/wp\/v2\/types\/page"}],"author":[{"embeddable":true,"href":"https:\/\/dehub.netgear.com\/de\/hub\/wp-json\/wp\/v2\/users\/94"}],"replies":[{"embeddable":true,"href":"https:\/\/dehub.netgear.com\/de\/hub\/wp-json\/wp\/v2\/comments?post=10948"}],"version-history":[{"count":1,"href":"https:\/\/dehub.netgear.com\/de\/hub\/wp-json\/wp\/v2\/pages\/10948\/revisions"}],"predecessor-version":[{"id":10949,"href":"https:\/\/dehub.netgear.com\/de\/hub\/wp-json\/wp\/v2\/pages\/10948\/revisions\/10949"}],"up":[{"embeddable":true,"href":"https:\/\/dehub.netgear.com\/de\/hub\/wp-json\/wp\/v2\/pages\/6754"}],"wp:featuredmedia":[{"embeddable":true,"href":"https:\/\/dehub.netgear.com\/de\/hub\/wp-json\/wp\/v2\/media\/10945"}],"wp:attachment":[{"href":"https:\/\/dehub.netgear.com\/de\/hub\/wp-json\/wp\/v2\/media?parent=10948"}],"curies":[{"name":"wp","href":"https:\/\/api.w.org\/{rel}","templated":true}]}}