{"id":10801,"date":"2025-06-16T14:25:09","date_gmt":"2025-10-10T12:25:34","guid":{"rendered":"https:\/\/dehub.netgear.com\/de\/hub\/?page_id=10801"},"modified":"2025-10-13T09:22:19","modified_gmt":"2025-10-13T07:22:19","slug":"samsung-transforms-av-training-with-netgear-solutions","status":"publish","type":"page","link":"https:\/\/dehub.netgear.com\/de\/hub\/business\/case-studies\/av-case-studies\/samsung-transforms-av-training-with-netgear-solutions\/","title":{"rendered":"Samsungs AV-Netzwerk-Revolution"},"content":{"rendered":"<p><img loading=\"lazy\" decoding=\"async\" class=\"alignone size-full wp-image-10681\" style=\"border-radius: 1em;\" src=\"https:\/\/www.netgear.com\/hub\/wp-content\/uploads\/2025\/06\/AS.4.1_WorkingatSamsung_img01.avif\" alt=\"\" width=\"1048\" height=\"511\" \/><\/p>\n    <div class=\"table-of-content bg-gray\">\n        <p><strong>IN THIS ARTICLE<\/strong><\/p>\n        <ul>\n                        <li><a href=\"#topic1\">ZUSAMMENFASSUNG<\/a><\/li>\n                        <li><a href=\"#topic2\">HINTERGRUND<\/a><\/li>\n                        <li><a href=\"#topic3\">HERAUSFORDERUNGEN<\/a><\/li>\n                        <li><a href=\"#topic4\">L\u00d6SUNG<\/a><\/li>\n                        <li><a href=\"#topic5\">ERGEBNISSE<\/a><\/li>\n                        <li><a href=\"#topic6\">FAZIT<\/a><\/li>\n                        <li><a href=\"#topic7\">WEITERE INFORMATIONEN<\/a><\/li>\n                    <\/ul>\n    <\/div>\n        <div id=\"topic1\" class=\"skip-item\">\n                        <h2>ZUSAMMENFASSUNG<\/h2>\n                <div style=\"background-color: #eeeeee;padding: 20px;width: 33%;float: right\">\n<p><strong>Firmenname:<\/strong><br \/>\nSamsung Human Resources Development Institute (SHRDI)<\/p>\n<p><strong>Branche:<\/strong><br \/>\nUnternehmensschulung und -entwicklung<\/p>\n<p><strong>Firmenwebsite:<\/strong><br \/>\n<a href=\"https:\/\/www.samsung.com\">samsung.com<\/a><\/p>\n<p><strong>Standort:<\/strong><br \/>\nS\u00fcdkorea<\/p>\n<\/div>\n<p>Das Samsung Human Resources Development Institute ben\u00f6tigte eine hochmoderne AV-Netzwerkinfrastruktur, um seine Mission der Entwicklung von Spitzenkr\u00e4ften durch immersive Schulungserlebnisse zu unterst\u00fctzen. Durch die Implementierung der NETGEAR AV-Switch-L\u00f6sungen schuf SHRDI ein robustes R\u00fcckgrat f\u00fcr die Dante-AV-Integration in mehreren Konferenz- und Schulungsr\u00e4umen. Die Einf\u00fchrung hat die AV-Leistung erheblich verbessert, die Latenz reduziert, die Verwaltung f\u00fcr IT-Teams vereinfacht und eine skalierbare Grundlage f\u00fcr zuk\u00fcnftiges Wachstum geschaffen.<\/p>\n    <\/div>\n        <div id=\"topic2\" class=\"skip-item\">\n                        <h2>HINTERGRUND<\/h2>\n                <p data-start=\"68\" data-end=\"509\">Das Samsung Human Resources Development Institute (SHRDI) spielt eine zentrale Rolle bei der Talententwicklung innerhalb der Samsung-Organisation. Da sich die Schulungsmethoden weiterentwickelt haben und zunehmend anspruchsvollere audiovisuellen Elemente beinhalten, erkannte das Institut die Notwendigkeit eines Infrastruktur-Upgrades, das qualitativ hochwertiges AV-Streaming, Konferenzen und interaktive Lernerfahrungen unterst\u00fctzen kann.<\/p>\n<p data-start=\"511\" data-end=\"840\">Das Institut fungiert sowohl als Schulungszentrum als auch als Schaufenster f\u00fcr Samsungs Engagement f\u00fcr technologische Exzellenz und Innovation. Die Einrichtungen erforderten ein AV-Netzwerk, das eine einwandfreie Leistung liefert und gleichzeitig unterschiedlichen Schulungsszenarien und Kollaborationsbed\u00fcrfnissen gerecht wird.<\/p>\n    <\/div>\n        <div id=\"topic3\" class=\"skip-item\">\n                        <h2>HERAUSFORDERUNGEN<\/h2>\n                <p data-start=\"865\" data-end=\"964\">SHRDI stand vor mehreren bedeutenden Herausforderungen bei der Modernisierung der AV-Infrastruktur:<\/p>\n<ul data-start=\"966\" data-end=\"1559\">\n<li data-start=\"966\" data-end=\"1096\">\n<p data-start=\"968\" data-end=\"1096\">Aufbau eines hochbandbreiten, latenzarmen Netzwerks, das Echtzeit-AV-Streaming gleichzeitig in mehreren R\u00e4umen bew\u00e4ltigen kann<\/p>\n<\/li>\n<li data-start=\"1097\" data-end=\"1234\">\n<p data-start=\"1099\" data-end=\"1234\">Erfolgreiche Integration der Dante AV-Technologie, um synchronisierte und hochqualitative Audio- und Video\u00fcbertragung sicherzustellen<\/p>\n<\/li>\n<li data-start=\"1235\" data-end=\"1336\">\n<p data-start=\"1237\" data-end=\"1336\">Schaffung einer L\u00f6sung mit Raum-f\u00fcr-Raum-Flexibilit\u00e4t bei gleichzeitig zentralisierter Verwaltung<\/p>\n<\/li>\n<li data-start=\"1337\" data-end=\"1473\">\n<p data-start=\"1339\" data-end=\"1473\">Aufbau einer zukunftssicheren Infrastruktur, die mit den sich weiterentwickelnden Schulungstechnologien und -methoden skalierbar ist<\/p>\n<\/li>\n<li data-start=\"1474\" data-end=\"1559\">\n<p data-start=\"1476\" data-end=\"1559\">Gew\u00e4hrleistung von Zuverl\u00e4ssigkeit und Redundanz f\u00fcr trainingskritische Sitzungen<\/p>\n<\/li>\n<\/ul>\n    <\/div>\n        <div id=\"topic4\" class=\"skip-item\">\n                        <h2>L\u00d6SUNG<\/h2>\n                <p data-start=\"1573\" data-end=\"1718\">Nach Pr\u00fcfung verschiedener Optionen entschied sich SHRDI f\u00fcr NETGEAR als Technologiepartner und implementierte eine umfassende AV-Netzwerkl\u00f6sung.<\/p>\n<p data-start=\"1720\" data-end=\"1796\">Die Implementierung umfasste eine beeindruckende Auswahl an NETGEAR-Ger\u00e4ten:<\/p>\n<ul data-start=\"1798\" data-end=\"2020\">\n<li data-start=\"1798\" data-end=\"1830\">\n<p data-start=\"1800\" data-end=\"1830\">57 GSM4230PX-100EUS Switches<\/p>\n<\/li>\n<li data-start=\"1831\" data-end=\"1863\">\n<p data-start=\"1833\" data-end=\"1863\">18 GSM4210PX-100KOS Switches<\/p>\n<\/li>\n<li data-start=\"1864\" data-end=\"1893\">\n<p data-start=\"1866\" data-end=\"1893\">2 CSM4532-100EUS Switches<\/p>\n<\/li>\n<li data-start=\"1894\" data-end=\"1925\">\n<p data-start=\"1896\" data-end=\"1925\">13 VSM4320C-100NES Switches<\/p>\n<\/li>\n<li data-start=\"1926\" data-end=\"1957\">\n<p data-start=\"1928\" data-end=\"1957\">13 APS600W-300AJS Netzteile<\/p>\n<\/li>\n<li data-start=\"1958\" data-end=\"1988\">\n<p data-start=\"1960\" data-end=\"1988\">2 XSM4344C-100NES Switches<\/p>\n<\/li>\n<li data-start=\"1989\" data-end=\"2020\">\n<p data-start=\"1991\" data-end=\"2020\">2 APS1200W-200NES Netzteile<\/p>\n<\/li>\n<\/ul>\n<p data-start=\"2022\" data-end=\"2156\">Diese Ger\u00e4te wurden strategisch im gesamten Geb\u00e4ude verteilt, um eine verteilte und dennoch einheitliche AV-Infrastruktur zu schaffen:<\/p>\n<ul data-start=\"2158\" data-end=\"2939\">\n<li data-start=\"2158\" data-end=\"2354\">\n<p data-start=\"2160\" data-end=\"2354\"><strong data-start=\"2160\" data-end=\"2195\">Raumspezifische Bereitstellung:<\/strong> Jeder Konferenz- und Schulungsraum erhielt dedizierte AV-Switches, die eine isolierte Leistung gew\u00e4hrleisten und bei Bedarf die Fehlerbehebung vereinfachen.<\/p>\n<\/li>\n<li data-start=\"2355\" data-end=\"2559\">\n<p data-start=\"2357\" data-end=\"2559\"><strong data-start=\"2357\" data-end=\"2382\">Dante AV-Integration:<\/strong> Das Netzwerk wurde sorgf\u00e4ltig konfiguriert, um Dante AV-Protokolle zu unterst\u00fctzen und so latenzarme und hochqualitative Medien\u00fcbertragung im gesamten Geb\u00e4ude zu erm\u00f6glichen.<\/p>\n<\/li>\n<li data-start=\"2560\" data-end=\"2757\">\n<p data-start=\"2562\" data-end=\"2757\"><strong data-start=\"2562\" data-end=\"2593\">Redundante Stromversorgung:<\/strong> APS600W- und APS1200W-Netzteile sorgen f\u00fcr hohe Verf\u00fcgbarkeit und Lastverteilung und gew\u00e4hrleisten einen unterbrechungsfreien Betrieb auch bei Stromschwankungen.<\/p>\n<\/li>\n<li data-start=\"2758\" data-end=\"2939\">\n<p data-start=\"2760\" data-end=\"2939\"><strong data-start=\"2760\" data-end=\"2781\">Modulares Design:<\/strong> Die Netzwerkarchitektur wurde mit Blick auf Skalierbarkeit gestaltet, um zuk\u00fcnftige Erweiterungen und die Integration neuer AV-Technologien zu erm\u00f6glichen.<\/p>\n<\/li>\n<\/ul>\n    <\/div>\n        <div id=\"topic5\" class=\"skip-item\">\n                        <h2>ERGEBNISSE<\/h2>\n                <p data-start=\"2957\" data-end=\"3026\">Die von NETGEAR unterst\u00fctzte L\u00f6sung liefert herausragende Leistungen:<\/p>\n<ul data-start=\"3028\" data-end=\"3958\">\n<li data-start=\"3028\" data-end=\"3199\">\n<p data-start=\"3030\" data-end=\"3199\"><strong data-start=\"3030\" data-end=\"3058\">Verbesserte AV-Qualit\u00e4t:<\/strong> Die Latenz wurde drastisch reduziert, was zu fl\u00fcssigeren und perfekt synchronisierten AV-Streams w\u00e4hrend Konferenzen und Schulungen f\u00fchrt.<\/p>\n<\/li>\n<li data-start=\"3200\" data-end=\"3431\">\n<p data-start=\"3202\" data-end=\"3431\"><strong data-start=\"3202\" data-end=\"3230\">Vereinfachte Verwaltung:<\/strong> Die Effizienz des IT-Teams hat sich durch zentralisierte Verwaltung via NETGEARs intuitiver Benutzeroberfl\u00e4che verbessert, was schnelle Konfigurations\u00e4nderungen und proaktive \u00dcberwachung erm\u00f6glicht.<\/p>\n<\/li>\n<li data-start=\"3432\" data-end=\"3634\">\n<p data-start=\"3434\" data-end=\"3634\"><strong data-start=\"3434\" data-end=\"3465\">Flexibilit\u00e4t Raum-f\u00fcr-Raum:<\/strong> Jeder Raum arbeitet mit eigenen Ressourcen, wodurch St\u00f6rger\u00e4usche vermieden und ma\u00dfgeschneiderte Konfigurationen f\u00fcr spezielle Schulungsbed\u00fcrfnisse erm\u00f6glicht werden.<\/p>\n<\/li>\n<li data-start=\"3635\" data-end=\"3800\">\n<p data-start=\"3637\" data-end=\"3800\"><strong data-start=\"3637\" data-end=\"3667\">Skalierbare Infrastruktur:<\/strong> Die Installation erlaubt die nahtlose Integration zus\u00e4tzlicher Ger\u00e4te und Dienste, w\u00e4hrend SHRDI seine AV-Anforderungen erweitert.<\/p>\n<\/li>\n<li data-start=\"3801\" data-end=\"3958\">\n<p data-start=\"3803\" data-end=\"3958\"><strong data-start=\"3803\" data-end=\"3829\">Zuverl\u00e4ssiger Betrieb:<\/strong> Stromredundanz und Hardware in Unternehmensqualit\u00e4t gew\u00e4hrleisten eine konsistente Leistung bei trainingskritischen Eins\u00e4tzen.<\/p>\n<\/li>\n<\/ul>\n    <\/div>\n        <div id=\"topic6\" class=\"skip-item\">\n                        <h2>FAZIT<\/h2>\n                <p data-start=\"3971\" data-end=\"4392\">Diese umfassende AV-Netzwerkbereitstellung zeigt, wie NETGEAR AV-L\u00f6sungen in Kombination mit Dante AV-Technologie Unternehmensschulungen revolutionieren k\u00f6nnen. Das Samsung Human Resources Development Institute verf\u00fcgt nun \u00fcber eine robuste, skalierbare Netzwerkinfrastruktur, die die Effektivit\u00e4t der Kommunikation verbessert und gleichzeitig die Flexibilit\u00e4t bietet, sich an sich wandelnde Schulungsmethoden anzupassen.<\/p>\n<p data-start=\"4394\" data-end=\"4600\">Mit NETGEAR als Technologiepartner hat SHRDI eine Grundlage geschaffen, um heute herausragende Lernerlebnisse zu liefern und f\u00fcr die Anforderungen zuk\u00fcnftiger Schulungstechnologien bestens ger\u00fcstet zu sein.<\/p>\n    <\/div>\n        <div id=\"topic7\" class=\"skip-item\">\n                        <h2>WEITERE INFORMATIONEN<\/h2>\n                <\/p>\n<p><!-- IT NETGEAR BUSINESS-L\u00d6SUNGEN--><\/p>\n<p>Mehr \u00fcber unsere Business-Produkte erfahren<\/p>\n<div class=\"hs-cta-embed hs-cta-simple-placeholder hs-cta-embed-243392275167\" style=\"max-width:100%;max-height:100%;width:260px;height:50.390625px\" data-hubspot-wrapper-cta-id=\"243392275167\"><br \/>\n  <a href=\"https:\/\/cta-na2.hubspot.com\/web-interactives\/public\/v1\/track\/redirect?encryptedPayload=AVxigLI%2Fu8J7nFnep8w0CfLqqlWixXySh0cANLn7TQ3MtLEGeFdfhQxw3AVxVzYlZOkZoVB4gdslqY4il1pZTz7RSKy0mNw%2BF1Y6bdIwWiFAFfgtF%2FkXW%2Fmq0JFY6OQExFSwjiafSp97IxwGv6iNNhiT9X6MQziOnjaAnh9UsXCYR2VD1S791%2F7MVwT1TQ%3D%3D&#038;webInteractiveContentId=243392275167&#038;portalId=242128791\" target=\"_blank\" rel=\"noopener\"><br \/>\n    <img decoding=\"async\" alt=\"NETGEAR AV-L&Ouml;SUNGEN\" loading=\"lazy\" src=\"https:\/\/hubspot-no-cache-na2-prod.s3.amazonaws.com\/cta\/default\/242128791\/interactive-243392275167.png\" style=\"height: 100%;width: 100%;object-fit: fill\" \/><br \/>\n  <\/a>\n<\/div>\n<\/p>\n<p><!-- IT ACADEMY --><\/p>\n<p> Alles \u00fcber IP-Netzwerke lernen \u2013 in der NETGEAR ACADEMY<\/p>\n<div class=\"hs-cta-embed hs-cta-simple-placeholder hs-cta-embed-243357267644\" style=\"max-width:100%;max-height:100%;width:260px;height:50.390625px\" data-hubspot-wrapper-cta-id=\"243357267644\"><br \/>\n  <a href=\"https:\/\/cta-na2.hubspot.com\/web-interactives\/public\/v1\/track\/redirect?encryptedPayload=AVxigLKW9uCCU9FL7iPOCpU%2BvA8Z1UfLRQT8691iSSqh%2BqLrpD%2FITlt6RGXTdhci0W5DkR0wb%2FpK%2BWToDj8Qf0HaQwR0kyzZgK35i%2BhitHvCmHPH8BmXutiugzeYtEHOY6aYTSXoNxDjJJwwtUXAzSqnxQuhx5jjnWcHl4zUp4Dt1tTG2PymP7esgNCNHKHECJ76tda5x0hFMo8JQo6UwGGb9CBw4fyYnA%3D%3D&#038;webInteractiveContentId=243357267644&#038;portalId=242128791\" target=\"_blank\" rel=\"noopener\"><br \/>\n    <img decoding=\"async\" alt=\"NETGEAR ACADEMY\" loading=\"lazy\" src=\"https:\/\/hubspot-no-cache-na2-prod.s3.amazonaws.com\/cta\/default\/242128791\/interactive-243357267644.png\" style=\"height: 100%;width: 100%;object-fit: fill\" \/><br \/>\n  <\/a>\n<\/div>\n<\/p>\n<p>\n<!-- KONTAKT PRO-IT-TEAM --><\/p>\n<p> Unsere Ingenieure unterst\u00fctzen Sie kostenlos bei Ihrem Projekt<\/p>\n<div class=\"hs-cta-embed hs-cta-simple-placeholder hs-cta-embed-243357266676\" style=\"max-width:100%;max-height:100%;width:270px;height:50.390625px\" data-hubspot-wrapper-cta-id=\"243357266676\"><br \/>\n  <a href=\"https:\/\/cta-na2.hubspot.com\/web-interactives\/public\/v1\/track\/redirect?encryptedPayload=AVxigLL9MaHliYSOIHWsJvXrVuyffxSFGu%2FOD4neANfzotKQLgtjDgnA0CFJQWLPGl5hkjLPFJf7A76nk1yWw939l8y7nc4NGJ1%2Fa58epF2QbqIhW7KyV%2Fr75%2B8GCI%2FfEXyeGuic8buAEe%2F8pDQ63tT6ExQvwvvuG%2BeK5mOqM%2FlNsZUaeR4q5pghXZB3yAUIu7WWwKynlh9Y3Ug9ymAN6sNjHEzXMCgwSYmLqMh7eixTsrgTswO85eLb8rCODQ%3D%3D&#038;webInteractiveContentId=243357266676&#038;portalId=242128791\" target=\"_blank\" rel=\"noopener\"><br \/>\n    <img decoding=\"async\" alt=\"KONTAKT PROAV-TEAM\" loading=\"lazy\" src=\"https:\/\/hubspot-no-cache-na2-prod.s3.amazonaws.com\/cta\/default\/242128791\/interactive-243357266676.png\" style=\"height: 100%;width: 100%;object-fit: fill\" \/><br \/>\n  <\/a>\n<\/div>\n<\/p>\n<p><iframe loading=\"lazy\" src=\"https:\/\/405nrr.share-na2.hsforms.com\/25w_D-U5iS-e5KaSaP86jnQ\" width=\"100%\" height=\"1200px\"><\/iframe><\/p>\n    <\/div>\n    \n","protected":false},"excerpt":{"rendered":"","protected":false},"author":94,"featured_media":10802,"parent":10321,"menu_order":0,"comment_status":"closed","ping_status":"closed","template":"templates\/blog-wifi.php","meta":{"_acf_changed":false,"footnotes":""},"class_list":["post-10801","page","type-page","status-publish","has-post-thumbnail","hentry"],"acf":[],"yoast_head":"<!-- This site is optimized with the Yoast SEO plugin v27.4 - https:\/\/yoast.com\/product\/yoast-seo-wordpress\/ -->\n<title>Samsungs AV-Netzwerk-Revolution - NETGEAR Hub<\/title>\n<meta name=\"robots\" content=\"index, follow, max-snippet:-1, max-image-preview:large, max-video-preview:-1\" \/>\n<link rel=\"canonical\" href=\"https:\/\/dehub.netgear.com\/de\/hub\/business\/case-studies\/av-case-studies\/samsung-transforms-av-training-with-netgear-solutions\/\" \/>\n<meta property=\"og:locale\" content=\"de_DE\" \/>\n<meta property=\"og:type\" content=\"article\" \/>\n<meta property=\"og:title\" content=\"Samsungs AV-Netzwerk-Revolution - NETGEAR Hub\" \/>\n<meta property=\"og:url\" content=\"https:\/\/dehub.netgear.com\/de\/hub\/business\/case-studies\/av-case-studies\/samsung-transforms-av-training-with-netgear-solutions\/\" \/>\n<meta property=\"og:site_name\" content=\"NETGEAR Hub\" \/>\n<meta property=\"article:publisher\" content=\"https:\/\/www.facebook.com\/NetgearAU\/\" \/>\n<meta property=\"article:modified_time\" content=\"2025-10-13T07:22:19+00:00\" \/>\n<meta property=\"og:image\" content=\"https:\/\/dehub.netgear.com\/de\/hub\/wp-content\/uploads\/2025\/10\/Samsung_headquarters-383x288-1.jpg\" \/>\n\t<meta property=\"og:image:width\" content=\"383\" \/>\n\t<meta property=\"og:image:height\" content=\"288\" \/>\n\t<meta property=\"og:image:type\" content=\"image\/jpeg\" \/>\n<meta name=\"twitter:card\" content=\"summary_large_image\" \/>\n<meta name=\"twitter:site\" content=\"@NETGEAR\" \/>\n<script type=\"application\/ld+json\" class=\"yoast-schema-graph\">{\"@context\":\"https:\\\/\\\/schema.org\",\"@graph\":[{\"@type\":\"WebPage\",\"@id\":\"https:\\\/\\\/dehub.netgear.com\\\/de\\\/hub\\\/business\\\/case-studies\\\/av-case-studies\\\/samsung-transforms-av-training-with-netgear-solutions\\\/\",\"url\":\"https:\\\/\\\/dehub.netgear.com\\\/de\\\/hub\\\/business\\\/case-studies\\\/av-case-studies\\\/samsung-transforms-av-training-with-netgear-solutions\\\/\",\"name\":\"Samsungs AV-Netzwerk-Revolution - NETGEAR Hub\",\"isPartOf\":{\"@id\":\"https:\\\/\\\/dehub.netgear.com\\\/de\\\/hub\\\/#website\"},\"primaryImageOfPage\":{\"@id\":\"https:\\\/\\\/dehub.netgear.com\\\/de\\\/hub\\\/business\\\/case-studies\\\/av-case-studies\\\/samsung-transforms-av-training-with-netgear-solutions\\\/#primaryimage\"},\"image\":{\"@id\":\"https:\\\/\\\/dehub.netgear.com\\\/de\\\/hub\\\/business\\\/case-studies\\\/av-case-studies\\\/samsung-transforms-av-training-with-netgear-solutions\\\/#primaryimage\"},\"thumbnailUrl\":\"https:\\\/\\\/dehub.netgear.com\\\/de\\\/hub\\\/wp-content\\\/uploads\\\/2025\\\/10\\\/Samsung_headquarters-383x288-1.jpg\",\"datePublished\":\"2025-10-10T12:25:34+00:00\",\"dateModified\":\"2025-10-13T07:22:19+00:00\",\"breadcrumb\":{\"@id\":\"https:\\\/\\\/dehub.netgear.com\\\/de\\\/hub\\\/business\\\/case-studies\\\/av-case-studies\\\/samsung-transforms-av-training-with-netgear-solutions\\\/#breadcrumb\"},\"inLanguage\":\"de\",\"potentialAction\":[{\"@type\":\"ReadAction\",\"target\":[\"https:\\\/\\\/dehub.netgear.com\\\/de\\\/hub\\\/business\\\/case-studies\\\/av-case-studies\\\/samsung-transforms-av-training-with-netgear-solutions\\\/\"]}]},{\"@type\":\"ImageObject\",\"inLanguage\":\"de\",\"@id\":\"https:\\\/\\\/dehub.netgear.com\\\/de\\\/hub\\\/business\\\/case-studies\\\/av-case-studies\\\/samsung-transforms-av-training-with-netgear-solutions\\\/#primaryimage\",\"url\":\"https:\\\/\\\/dehub.netgear.com\\\/de\\\/hub\\\/wp-content\\\/uploads\\\/2025\\\/10\\\/Samsung_headquarters-383x288-1.jpg\",\"contentUrl\":\"https:\\\/\\\/dehub.netgear.com\\\/de\\\/hub\\\/wp-content\\\/uploads\\\/2025\\\/10\\\/Samsung_headquarters-383x288-1.jpg\",\"width\":383,\"height\":288},{\"@type\":\"BreadcrumbList\",\"@id\":\"https:\\\/\\\/dehub.netgear.com\\\/de\\\/hub\\\/business\\\/case-studies\\\/av-case-studies\\\/samsung-transforms-av-training-with-netgear-solutions\\\/#breadcrumb\",\"itemListElement\":[{\"@type\":\"ListItem\",\"position\":1,\"name\":\"Home\",\"item\":\"https:\\\/\\\/dehub.netgear.com\\\/de\\\/hub\\\/\"},{\"@type\":\"ListItem\",\"position\":2,\"name\":\"Business Articles Hub\",\"item\":\"https:\\\/\\\/dehub.netgear.com\\\/de\\\/hub\\\/business\\\/\"},{\"@type\":\"ListItem\",\"position\":3,\"name\":\"All Case Studies &#8211; DE\",\"item\":\"https:\\\/\\\/dehub.netgear.com\\\/de\\\/hub\\\/business\\\/case-studies\\\/\"},{\"@type\":\"ListItem\",\"position\":4,\"name\":\"AV Case Studies &#8211; DE\",\"item\":\"https:\\\/\\\/dehub.netgear.com\\\/de\\\/hub\\\/business\\\/case-studies\\\/av-case-studies\\\/\"},{\"@type\":\"ListItem\",\"position\":5,\"name\":\"Samsungs AV-Netzwerk-Revolution\"}]},{\"@type\":\"WebSite\",\"@id\":\"https:\\\/\\\/dehub.netgear.com\\\/de\\\/hub\\\/#website\",\"url\":\"https:\\\/\\\/dehub.netgear.com\\\/de\\\/hub\\\/\",\"name\":\"NETGEAR\",\"description\":\"Erkunden Sie unsere Hub-Seiten und st\u00f6bern Sie in Artikeln, um mehr \u00fcber NETGEAR Produkte und Technologien zu erfahren.\",\"publisher\":{\"@id\":\"https:\\\/\\\/dehub.netgear.com\\\/de\\\/hub\\\/#organization\"},\"potentialAction\":[{\"@type\":\"SearchAction\",\"target\":{\"@type\":\"EntryPoint\",\"urlTemplate\":\"https:\\\/\\\/dehub.netgear.com\\\/de\\\/hub\\\/?s={search_term_string}\"},\"query-input\":{\"@type\":\"PropertyValueSpecification\",\"valueRequired\":true,\"valueName\":\"search_term_string\"}}],\"inLanguage\":\"de\"},{\"@type\":\"Organization\",\"@id\":\"https:\\\/\\\/dehub.netgear.com\\\/de\\\/hub\\\/#organization\",\"name\":\"NETGEAR\",\"url\":\"https:\\\/\\\/dehub.netgear.com\\\/de\\\/hub\\\/\",\"logo\":{\"@type\":\"ImageObject\",\"inLanguage\":\"de\",\"@id\":\"https:\\\/\\\/dehub.netgear.com\\\/de\\\/hub\\\/#\\\/schema\\\/logo\\\/image\\\/\",\"url\":\"https:\\\/\\\/www.dehub.netgear.com\\\/de\\\/hub\\\/wp-content\\\/uploads\\\/2019\\\/07\\\/NETGEAR_logo.jpg\",\"contentUrl\":\"https:\\\/\\\/www.dehub.netgear.com\\\/de\\\/hub\\\/wp-content\\\/uploads\\\/2019\\\/07\\\/NETGEAR_logo.jpg\",\"width\":1500,\"height\":501,\"caption\":\"NETGEAR\"},\"image\":{\"@id\":\"https:\\\/\\\/dehub.netgear.com\\\/de\\\/hub\\\/#\\\/schema\\\/logo\\\/image\\\/\"},\"sameAs\":[\"https:\\\/\\\/www.facebook.com\\\/NetgearAU\\\/\",\"https:\\\/\\\/x.com\\\/NETGEAR\",\"https:\\\/\\\/www.linkedin.com\\\/company\\\/netgear\"]}]}<\/script>\n<!-- \/ Yoast SEO plugin. -->","yoast_head_json":{"title":"Samsungs AV-Netzwerk-Revolution - NETGEAR Hub","robots":{"index":"index","follow":"follow","max-snippet":"max-snippet:-1","max-image-preview":"max-image-preview:large","max-video-preview":"max-video-preview:-1"},"canonical":"https:\/\/dehub.netgear.com\/de\/hub\/business\/case-studies\/av-case-studies\/samsung-transforms-av-training-with-netgear-solutions\/","og_locale":"de_DE","og_type":"article","og_title":"Samsungs AV-Netzwerk-Revolution - NETGEAR Hub","og_url":"https:\/\/dehub.netgear.com\/de\/hub\/business\/case-studies\/av-case-studies\/samsung-transforms-av-training-with-netgear-solutions\/","og_site_name":"NETGEAR Hub","article_publisher":"https:\/\/www.facebook.com\/NetgearAU\/","article_modified_time":"2025-10-13T07:22:19+00:00","og_image":[{"width":383,"height":288,"url":"https:\/\/dehub.netgear.com\/de\/hub\/wp-content\/uploads\/2025\/10\/Samsung_headquarters-383x288-1.jpg","type":"image\/jpeg"}],"twitter_card":"summary_large_image","twitter_site":"@NETGEAR","schema":{"@context":"https:\/\/schema.org","@graph":[{"@type":"WebPage","@id":"https:\/\/dehub.netgear.com\/de\/hub\/business\/case-studies\/av-case-studies\/samsung-transforms-av-training-with-netgear-solutions\/","url":"https:\/\/dehub.netgear.com\/de\/hub\/business\/case-studies\/av-case-studies\/samsung-transforms-av-training-with-netgear-solutions\/","name":"Samsungs AV-Netzwerk-Revolution - NETGEAR Hub","isPartOf":{"@id":"https:\/\/dehub.netgear.com\/de\/hub\/#website"},"primaryImageOfPage":{"@id":"https:\/\/dehub.netgear.com\/de\/hub\/business\/case-studies\/av-case-studies\/samsung-transforms-av-training-with-netgear-solutions\/#primaryimage"},"image":{"@id":"https:\/\/dehub.netgear.com\/de\/hub\/business\/case-studies\/av-case-studies\/samsung-transforms-av-training-with-netgear-solutions\/#primaryimage"},"thumbnailUrl":"https:\/\/dehub.netgear.com\/de\/hub\/wp-content\/uploads\/2025\/10\/Samsung_headquarters-383x288-1.jpg","datePublished":"2025-10-10T12:25:34+00:00","dateModified":"2025-10-13T07:22:19+00:00","breadcrumb":{"@id":"https:\/\/dehub.netgear.com\/de\/hub\/business\/case-studies\/av-case-studies\/samsung-transforms-av-training-with-netgear-solutions\/#breadcrumb"},"inLanguage":"de","potentialAction":[{"@type":"ReadAction","target":["https:\/\/dehub.netgear.com\/de\/hub\/business\/case-studies\/av-case-studies\/samsung-transforms-av-training-with-netgear-solutions\/"]}]},{"@type":"ImageObject","inLanguage":"de","@id":"https:\/\/dehub.netgear.com\/de\/hub\/business\/case-studies\/av-case-studies\/samsung-transforms-av-training-with-netgear-solutions\/#primaryimage","url":"https:\/\/dehub.netgear.com\/de\/hub\/wp-content\/uploads\/2025\/10\/Samsung_headquarters-383x288-1.jpg","contentUrl":"https:\/\/dehub.netgear.com\/de\/hub\/wp-content\/uploads\/2025\/10\/Samsung_headquarters-383x288-1.jpg","width":383,"height":288},{"@type":"BreadcrumbList","@id":"https:\/\/dehub.netgear.com\/de\/hub\/business\/case-studies\/av-case-studies\/samsung-transforms-av-training-with-netgear-solutions\/#breadcrumb","itemListElement":[{"@type":"ListItem","position":1,"name":"Home","item":"https:\/\/dehub.netgear.com\/de\/hub\/"},{"@type":"ListItem","position":2,"name":"Business Articles Hub","item":"https:\/\/dehub.netgear.com\/de\/hub\/business\/"},{"@type":"ListItem","position":3,"name":"All Case Studies &#8211; DE","item":"https:\/\/dehub.netgear.com\/de\/hub\/business\/case-studies\/"},{"@type":"ListItem","position":4,"name":"AV Case Studies &#8211; DE","item":"https:\/\/dehub.netgear.com\/de\/hub\/business\/case-studies\/av-case-studies\/"},{"@type":"ListItem","position":5,"name":"Samsungs AV-Netzwerk-Revolution"}]},{"@type":"WebSite","@id":"https:\/\/dehub.netgear.com\/de\/hub\/#website","url":"https:\/\/dehub.netgear.com\/de\/hub\/","name":"NETGEAR","description":"Erkunden Sie unsere Hub-Seiten und st\u00f6bern Sie in Artikeln, um mehr \u00fcber NETGEAR Produkte und Technologien zu erfahren.","publisher":{"@id":"https:\/\/dehub.netgear.com\/de\/hub\/#organization"},"potentialAction":[{"@type":"SearchAction","target":{"@type":"EntryPoint","urlTemplate":"https:\/\/dehub.netgear.com\/de\/hub\/?s={search_term_string}"},"query-input":{"@type":"PropertyValueSpecification","valueRequired":true,"valueName":"search_term_string"}}],"inLanguage":"de"},{"@type":"Organization","@id":"https:\/\/dehub.netgear.com\/de\/hub\/#organization","name":"NETGEAR","url":"https:\/\/dehub.netgear.com\/de\/hub\/","logo":{"@type":"ImageObject","inLanguage":"de","@id":"https:\/\/dehub.netgear.com\/de\/hub\/#\/schema\/logo\/image\/","url":"https:\/\/www.dehub.netgear.com\/de\/hub\/wp-content\/uploads\/2019\/07\/NETGEAR_logo.jpg","contentUrl":"https:\/\/www.dehub.netgear.com\/de\/hub\/wp-content\/uploads\/2019\/07\/NETGEAR_logo.jpg","width":1500,"height":501,"caption":"NETGEAR"},"image":{"@id":"https:\/\/dehub.netgear.com\/de\/hub\/#\/schema\/logo\/image\/"},"sameAs":["https:\/\/www.facebook.com\/NetgearAU\/","https:\/\/x.com\/NETGEAR","https:\/\/www.linkedin.com\/company\/netgear"]}]}},"_links":{"self":[{"href":"https:\/\/dehub.netgear.com\/de\/hub\/wp-json\/wp\/v2\/pages\/10801","targetHints":{"allow":["GET"]}}],"collection":[{"href":"https:\/\/dehub.netgear.com\/de\/hub\/wp-json\/wp\/v2\/pages"}],"about":[{"href":"https:\/\/dehub.netgear.com\/de\/hub\/wp-json\/wp\/v2\/types\/page"}],"author":[{"embeddable":true,"href":"https:\/\/dehub.netgear.com\/de\/hub\/wp-json\/wp\/v2\/users\/94"}],"replies":[{"embeddable":true,"href":"https:\/\/dehub.netgear.com\/de\/hub\/wp-json\/wp\/v2\/comments?post=10801"}],"version-history":[{"count":3,"href":"https:\/\/dehub.netgear.com\/de\/hub\/wp-json\/wp\/v2\/pages\/10801\/revisions"}],"predecessor-version":[{"id":10859,"href":"https:\/\/dehub.netgear.com\/de\/hub\/wp-json\/wp\/v2\/pages\/10801\/revisions\/10859"}],"up":[{"embeddable":true,"href":"https:\/\/dehub.netgear.com\/de\/hub\/wp-json\/wp\/v2\/pages\/10321"}],"wp:featuredmedia":[{"embeddable":true,"href":"https:\/\/dehub.netgear.com\/de\/hub\/wp-json\/wp\/v2\/media\/10802"}],"wp:attachment":[{"href":"https:\/\/dehub.netgear.com\/de\/hub\/wp-json\/wp\/v2\/media?parent=10801"}],"curies":[{"name":"wp","href":"https:\/\/api.w.org\/{rel}","templated":true}]}}