{"id":10787,"date":"2025-01-31T11:49:09","date_gmt":"2025-10-10T09:49:05","guid":{"rendered":"https:\/\/dehub.netgear.com\/de\/hub\/?page_id=10787"},"modified":"2025-10-13T09:29:32","modified_gmt":"2025-10-13T07:29:32","slug":"slovak-academy-of-sciences","status":"publish","type":"page","link":"https:\/\/dehub.netgear.com\/de\/hub\/business\/case-studies\/av-case-studies\/slovak-academy-of-sciences\/","title":{"rendered":"Revolutionizing research collaboration"},"content":{"rendered":"<p><img loading=\"lazy\" decoding=\"async\" class=\"alignone size-full wp-image-10681\" style=\"border-radius: 1em;\" src=\"https:\/\/www.netgear.com\/hub\/wp-content\/uploads\/2025\/01\/SAV_header.jpeg\" alt=\"\" width=\"1048\" height=\"511\" \/><\/p>\n    <div class=\"table-of-content bg-gray\">\n        <p><strong>IN THIS ARTICLE<\/strong><\/p>\n        <ul>\n                        <li><a href=\"#topic1\">ZUSAMMENFASSUNG<\/a><\/li>\n                        <li><a href=\"#topic2\">HINTERGRUND<\/a><\/li>\n                        <li><a href=\"#topic3\">HERAUSFORDERUNGEN<\/a><\/li>\n                        <li><a href=\"#topic4\">L\u00d6SUNG<\/a><\/li>\n                        <li><a href=\"#topic5\">IMPLEMENTIERUNG<\/a><\/li>\n                        <li><a href=\"#topic6\">ERGEBNIS<\/a><\/li>\n                        <li><a href=\"#topic7\">MEHR INFORMATIONEN<\/a><\/li>\n                    <\/ul>\n    <\/div>\n        <div id=\"topic1\" class=\"skip-item\">\n                        <h2>ZUSAMMENFASSUNG<\/h2>\n                <div style=\"background-color: #eeeeee;padding: 20px;width: 33%;float: right\">\n<p><strong>Firmenname:<\/strong><br \/>\nSlowakische Akademie der Wissenschaften (SAV)<\/p>\n<p><strong>Branche:<\/strong><br \/>\nBildung<\/p>\n<p><strong>Firmenwebsite:<\/strong><br \/>\n<a href=\"https:\/\/www.sav.sk\">www.sav.sk<\/a><\/p>\n<p><strong>Standort:<\/strong><br \/>\nBratislava, Slowakei<\/p>\n<p><strong>Partner:<\/strong><br \/>\nOptio s.r.o.: optio.sk<\/p>\n<\/div>\n<p>Die Slowakische Akademie der Wissenschaften (SAV), die bedeutendste wissenschaftliche Einrichtung der Slowakei, ben\u00f6tigte eine robuste und skalierbare AV-over-IP (AVoIP)-Netzwerkl\u00f6sung, um die Zusammenarbeit zu verbessern, die Daten\u00fcbertragung zu optimieren und die Kommunikation zwischen den Forschungsabteilungen zu erleichtern.<\/p>\n<p>Mit der Expertise von Optio s.r.o., einem f\u00fchrenden AV-Systemintegrator, und der Leistungsf\u00e4higkeit der NETGEAR AV-Switches konnte die Akademie ein leistungsstarkes AV-Netzwerk einf\u00fchren, das eine nahtlose, latenzarme und zuverl\u00e4ssige Kommunikation f\u00fcr Forschung und Wissensaustausch gew\u00e4hrleistet.<\/p>\n    <\/div>\n        <div id=\"topic2\" class=\"skip-item\">\n                        <h2>HINTERGRUND<\/h2>\n                <p data-start=\"142\" data-end=\"675\">Die Slowakische Akademie der Wissenschaften (SAV), gegr\u00fcndet 1953 und mit Sitz in Bratislava, ist eine multidisziplin\u00e4re Institution, die Spitzenforschung in den Naturwissenschaften, technischen Wissenschaften sowie den Sozial- und Geisteswissenschaften betreibt. Als wichtiger Akteur in europ\u00e4ischen Forschungsprogrammen wie Horizon Europe arbeitet die SAV mit Forschungszentren weltweit, Universit\u00e4ten, der Privatwirtschaft und der slowakischen Regierung zusammen, um wissenschaftliche Entdeckungen und Innovationen voranzutreiben.<\/p>\n<p data-start=\"677\" data-end=\"954\">Um eine nahtlose interne Zusammenarbeit und den Wissensaustausch zu erm\u00f6glichen, suchte die SAV nach einer fortschrittlichen AVoIP-L\u00f6sung, die hochaufl\u00f6sende Video\u00fcbertragung, latenzarmes Streaming und zentrale Netzwerkverwaltung \u00fcber mehrere Fachbereiche hinweg gew\u00e4hrleistet.<\/p>\n<div class=\"skip-ftr-img\"><img decoding=\"async\" class=\"aligncenter\" src=\"https:\/\/www.netgear.com\/hub\/wp-content\/uploads\/2025\/01\/SVA_feature.jpg\" alt=\"\" \/><\/div>\n    <\/div>\n        <div id=\"topic3\" class=\"skip-item\">\n                        <h2>HERAUSFORDERUNGEN<\/h2>\n                <p data-start=\"988\" data-end=\"1296\">Die SAV stand vor mehreren wesentlichen Herausforderungen bei der Modernisierung ihrer AV-Infrastruktur. Die Institution ben\u00f6tigte leistungsf\u00e4hige L\u00f6sungen, um kristallklare Bildqualit\u00e4t, null Latenz und Lippen-Synchronit\u00e4t f\u00fcr Live-Pr\u00e4sentationen, Videokonferenzen und Datenvisualisierungen sicherzustellen.<\/p>\n<p data-start=\"1298\" data-end=\"1778\">Skalierbarkeit und Flexibilit\u00e4t waren essenziell, da das System mehrere Forschungsabteilungen unterst\u00fctzen und zuk\u00fcnftige Erweiterungen erm\u00f6glichen sollte. Die Netzwerkzuverl\u00e4ssigkeit war ein zentrales Anliegen \u2013 eine stabile, sichere und effiziente AV-Infrastruktur war erforderlich, um einen unterbrechungsfreien Wissensaustausch zu garantieren. Zudem musste die L\u00f6sung sich nahtlos in bestehende AV-Systeme integrieren lassen und gleichzeitig technologisch zukunftssicher sein.<\/p>\n    <\/div>\n        <div id=\"topic4\" class=\"skip-item\">\n                        <h2>L\u00d6SUNG<\/h2>\n                <p data-start=\"1801\" data-end=\"2004\">Um diese Herausforderungen zu bew\u00e4ltigen, empfahl Optio den Einsatz von NETGEAR AV-Switches, die f\u00fcr ihre hohe Bandbreite, ihre vorkonfigurierten AV-Profile und ihre vereinfachte Verwaltung bekannt sind.<\/p>\n<p data-start=\"2006\" data-end=\"2044\">Zentrale Komponenten der L\u00f6sung waren:<\/p>\n<ul data-start=\"2046\" data-end=\"2536\">\n<li data-start=\"2046\" data-end=\"2211\">\n<p data-start=\"2048\" data-end=\"2211\">NETGEAR M4250- und M4350-AV-Switches \u2013 speziell entwickelt f\u00fcr AV-over-IP-Anwendungen, mit niedriger Latenz, hoher Bandbreite und zuverl\u00e4ssiger Netzwerkleistung.<\/p>\n<\/li>\n<li data-start=\"2212\" data-end=\"2389\">\n<p data-start=\"2214\" data-end=\"2389\">Ma\u00dfgeschneiderte AV-Konfigurationen \u2013 Nutzung der voreingestellten AV-Profile von NETGEAR, um die Einrichtung zu vereinfachen und Audio- sowie Video-Streaming zu optimieren.<\/p>\n<\/li>\n<li data-start=\"2390\" data-end=\"2536\">\n<p data-start=\"2392\" data-end=\"2536\">Zentrale Netzwerkverwaltung \u2013 Einsatz von NETGEAR Engage 2.0 f\u00fcr intuitive Kontrolle und nahtlose Integration mit der vorhandenen Infrastruktur.<\/p>\n<\/li>\n<\/ul>\n    <\/div>\n        <div id=\"topic5\" class=\"skip-item\">\n                        <h2>IMPLEMENTIERUNG<\/h2>\n                <p>Als Umsetzungspartner spielte Optio eine entscheidende Rolle bei der Planung einer ma\u00dfgeschneiderten AV-Netzwerkarchitektur, abgestimmt auf die Forschungsanforderungen der SAV. Das Team setzte NETGEAR AV-Switches ein und konfigurierte diese so, dass sie sich nahtlos mit bestehenden AV-Komponenten verbinden lie\u00dfen. Schulungen und technischer Support wurden bereitgestellt, damit die IT- und AV-Teams der SAV das System effizient betreiben und warten k\u00f6nnen. Durch die Nutzung von NETGEARs Kompetenz im AV-Netzwerkbereich lieferte Optio eine skalierbare, leistungsstarke L\u00f6sung, die die Forschungszusammenarbeit und den Wissensaustausch verbessert.<\/p>\n    <\/div>\n        <div id=\"topic6\" class=\"skip-item\">\n                        <h2>ERGEBNIS<\/h2>\n                <p data-start=\"3241\" data-end=\"3662\">Die Einf\u00fchrung der NETGEAR AV-Switches hat die AV-Leistung, Zuverl\u00e4ssigkeit und Skalierbarkeit an der Slowakischen Akademie der Wissenschaften deutlich verbessert. Das neue System garantiert ultra-niedrige Latenz und kristallklare Visuals, erm\u00f6glicht reibungslose Kommunikation und Datenfreigabe zwischen den Abteilungen. Es bietet zudem Raum f\u00fcr k\u00fcnftige Erweiterungen und die einfache Hinzuf\u00fcgung weiterer AV-Endpunkte.<\/p>\n<p data-start=\"3664\" data-end=\"3966\">Die Netzwerkverwaltung wurde vereinfacht und der Arbeitsaufwand f\u00fcr die IT durch zentrale Kontrolle und automatisierte AV-Konfigurationen reduziert. Die zuverl\u00e4ssige, bandbreitenstarke Leistung der NETGEAR AV-Switches unterst\u00fctzt eine effiziente Forschungszusammenarbeit und die Verbreitung von Wissen.<\/p>\n    <\/div>\n        <div id=\"topic7\" class=\"skip-item\">\n                        <h2>MEHR INFORMATIONEN<\/h2>\n                <p>Mehr \u00fcber unsere Business-Produkte erfahren<\/p>\n<div class=\"hs-cta-embed hs-cta-simple-placeholder hs-cta-embed-243392275167\" style=\"max-width: 100%;max-height: 100%;width: 260px;height: 50.390625px\" data-hubspot-wrapper-cta-id=\"243392275167\"><a href=\"https:\/\/cta-na2.hubspot.com\/web-interactives\/public\/v1\/track\/redirect?encryptedPayload=AVxigLI%2Fu8J7nFnep8w0CfLqqlWixXySh0cANLn7TQ3MtLEGeFdfhQxw3AVxVzYlZOkZoVB4gdslqY4il1pZTz7RSKy0mNw%2BF1Y6bdIwWiFAFfgtF%2FkXW%2Fmq0JFY6OQExFSwjiafSp97IxwGv6iNNhiT9X6MQziOnjaAnh9UsXCYR2VD1S791%2F7MVwT1TQ%3D%3D&amp;webInteractiveContentId=243392275167&amp;portalId=242128791\" target=\"_blank\" rel=\"noopener\"><br \/>\n<img decoding=\"async\" style=\"height: 100%;width: 100%;object-fit: fill\" src=\"https:\/\/hubspot-no-cache-na2-prod.s3.amazonaws.com\/cta\/default\/242128791\/interactive-243392275167.png\" alt=\"NETGEAR AV-L\u00d6SUNGEN\" \/><br \/>\n<\/a><\/div>\n<p><!-- IT ACADEMY --><\/p>\n<p>Alles \u00fcber IP-Netzwerke lernen \u2013 in der NETGEAR ACADEMY<\/p>\n<div class=\"hs-cta-embed hs-cta-simple-placeholder hs-cta-embed-243357267644\" style=\"max-width: 100%;max-height: 100%;width: 260px;height: 50.390625px\" data-hubspot-wrapper-cta-id=\"243357267644\"><a href=\"https:\/\/cta-na2.hubspot.com\/web-interactives\/public\/v1\/track\/redirect?encryptedPayload=AVxigLKW9uCCU9FL7iPOCpU%2BvA8Z1UfLRQT8691iSSqh%2BqLrpD%2FITlt6RGXTdhci0W5DkR0wb%2FpK%2BWToDj8Qf0HaQwR0kyzZgK35i%2BhitHvCmHPH8BmXutiugzeYtEHOY6aYTSXoNxDjJJwwtUXAzSqnxQuhx5jjnWcHl4zUp4Dt1tTG2PymP7esgNCNHKHECJ76tda5x0hFMo8JQo6UwGGb9CBw4fyYnA%3D%3D&amp;webInteractiveContentId=243357267644&amp;portalId=242128791\" target=\"_blank\" rel=\"noopener\"><br \/>\n<img decoding=\"async\" style=\"height: 100%;width: 100%;object-fit: fill\" src=\"https:\/\/hubspot-no-cache-na2-prod.s3.amazonaws.com\/cta\/default\/242128791\/interactive-243357267644.png\" alt=\"NETGEAR ACADEMY\" \/><br \/>\n<\/a><\/div>\n<p><!-- KONTAKT PRO-IT-TEAM --><\/p>\n<p>Unsere Ingenieure unterst\u00fctzen Sie kostenlos bei Ihrem Projekt<\/p>\n<div class=\"hs-cta-embed hs-cta-simple-placeholder hs-cta-embed-243357266676\" style=\"max-width: 100%;max-height: 100%;width: 270px;height: 50.390625px\" data-hubspot-wrapper-cta-id=\"243357266676\"><a href=\"https:\/\/cta-na2.hubspot.com\/web-interactives\/public\/v1\/track\/redirect?encryptedPayload=AVxigLL9MaHliYSOIHWsJvXrVuyffxSFGu%2FOD4neANfzotKQLgtjDgnA0CFJQWLPGl5hkjLPFJf7A76nk1yWw939l8y7nc4NGJ1%2Fa58epF2QbqIhW7KyV%2Fr75%2B8GCI%2FfEXyeGuic8buAEe%2F8pDQ63tT6ExQvwvvuG%2BeK5mOqM%2FlNsZUaeR4q5pghXZB3yAUIu7WWwKynlh9Y3Ug9ymAN6sNjHEzXMCgwSYmLqMh7eixTsrgTswO85eLb8rCODQ%3D%3D&amp;webInteractiveContentId=243357266676&amp;portalId=242128791\" target=\"_blank\" rel=\"noopener\"><br \/>\n<img decoding=\"async\" style=\"height: 100%;width: 100%;object-fit: fill\" src=\"https:\/\/hubspot-no-cache-na2-prod.s3.amazonaws.com\/cta\/default\/242128791\/interactive-243357266676.png\" alt=\"KONTAKT PROAV-TEAM\" \/><br \/>\n<\/a><\/div>\n<p><iframe loading=\"lazy\" src=\"https:\/\/405nrr.share-na2.hsforms.com\/25w_D-U5iS-e5KaSaP86jnQ\" width=\"100%\" height=\"1200px\"><\/iframe><\/p>\n    <\/div>\n    \n","protected":false},"excerpt":{"rendered":"","protected":false},"author":94,"featured_media":10789,"parent":10321,"menu_order":0,"comment_status":"closed","ping_status":"closed","template":"templates\/blog-wifi.php","meta":{"_acf_changed":false,"footnotes":""},"class_list":["post-10787","page","type-page","status-publish","has-post-thumbnail","hentry"],"acf":[],"yoast_head":"<!-- This site is optimized with the Yoast SEO plugin v27.4 - https:\/\/yoast.com\/product\/yoast-seo-wordpress\/ -->\n<title>Revolutionizing research collaboration - NETGEAR Hub<\/title>\n<meta name=\"robots\" content=\"index, follow, max-snippet:-1, max-image-preview:large, max-video-preview:-1\" \/>\n<link rel=\"canonical\" href=\"https:\/\/dehub.netgear.com\/de\/hub\/business\/case-studies\/av-case-studies\/slovak-academy-of-sciences\/\" \/>\n<meta property=\"og:locale\" content=\"de_DE\" \/>\n<meta property=\"og:type\" content=\"article\" \/>\n<meta property=\"og:title\" content=\"Revolutionizing research collaboration - NETGEAR Hub\" \/>\n<meta property=\"og:url\" content=\"https:\/\/dehub.netgear.com\/de\/hub\/business\/case-studies\/av-case-studies\/slovak-academy-of-sciences\/\" \/>\n<meta property=\"og:site_name\" content=\"NETGEAR Hub\" \/>\n<meta property=\"article:publisher\" content=\"https:\/\/www.facebook.com\/NetgearAU\/\" \/>\n<meta property=\"article:modified_time\" content=\"2025-10-13T07:29:32+00:00\" \/>\n<meta property=\"og:image\" content=\"https:\/\/dehub.netgear.com\/de\/hub\/wp-content\/uploads\/2025\/10\/SVA_featured-new-383x288-uk.jpg\" \/>\n\t<meta property=\"og:image:width\" content=\"383\" \/>\n\t<meta property=\"og:image:height\" content=\"288\" \/>\n\t<meta property=\"og:image:type\" content=\"image\/jpeg\" \/>\n<meta name=\"twitter:card\" content=\"summary_large_image\" \/>\n<meta name=\"twitter:site\" content=\"@NETGEAR\" \/>\n<script type=\"application\/ld+json\" class=\"yoast-schema-graph\">{\"@context\":\"https:\\\/\\\/schema.org\",\"@graph\":[{\"@type\":\"WebPage\",\"@id\":\"https:\\\/\\\/dehub.netgear.com\\\/de\\\/hub\\\/business\\\/case-studies\\\/av-case-studies\\\/slovak-academy-of-sciences\\\/\",\"url\":\"https:\\\/\\\/dehub.netgear.com\\\/de\\\/hub\\\/business\\\/case-studies\\\/av-case-studies\\\/slovak-academy-of-sciences\\\/\",\"name\":\"Revolutionizing research collaboration - NETGEAR Hub\",\"isPartOf\":{\"@id\":\"https:\\\/\\\/dehub.netgear.com\\\/de\\\/hub\\\/#website\"},\"primaryImageOfPage\":{\"@id\":\"https:\\\/\\\/dehub.netgear.com\\\/de\\\/hub\\\/business\\\/case-studies\\\/av-case-studies\\\/slovak-academy-of-sciences\\\/#primaryimage\"},\"image\":{\"@id\":\"https:\\\/\\\/dehub.netgear.com\\\/de\\\/hub\\\/business\\\/case-studies\\\/av-case-studies\\\/slovak-academy-of-sciences\\\/#primaryimage\"},\"thumbnailUrl\":\"https:\\\/\\\/dehub.netgear.com\\\/de\\\/hub\\\/wp-content\\\/uploads\\\/2025\\\/10\\\/SVA_featured-new-383x288-uk.jpg\",\"datePublished\":\"2025-10-10T09:49:05+00:00\",\"dateModified\":\"2025-10-13T07:29:32+00:00\",\"breadcrumb\":{\"@id\":\"https:\\\/\\\/dehub.netgear.com\\\/de\\\/hub\\\/business\\\/case-studies\\\/av-case-studies\\\/slovak-academy-of-sciences\\\/#breadcrumb\"},\"inLanguage\":\"de\",\"potentialAction\":[{\"@type\":\"ReadAction\",\"target\":[\"https:\\\/\\\/dehub.netgear.com\\\/de\\\/hub\\\/business\\\/case-studies\\\/av-case-studies\\\/slovak-academy-of-sciences\\\/\"]}]},{\"@type\":\"ImageObject\",\"inLanguage\":\"de\",\"@id\":\"https:\\\/\\\/dehub.netgear.com\\\/de\\\/hub\\\/business\\\/case-studies\\\/av-case-studies\\\/slovak-academy-of-sciences\\\/#primaryimage\",\"url\":\"https:\\\/\\\/dehub.netgear.com\\\/de\\\/hub\\\/wp-content\\\/uploads\\\/2025\\\/10\\\/SVA_featured-new-383x288-uk.jpg\",\"contentUrl\":\"https:\\\/\\\/dehub.netgear.com\\\/de\\\/hub\\\/wp-content\\\/uploads\\\/2025\\\/10\\\/SVA_featured-new-383x288-uk.jpg\",\"width\":383,\"height\":288},{\"@type\":\"BreadcrumbList\",\"@id\":\"https:\\\/\\\/dehub.netgear.com\\\/de\\\/hub\\\/business\\\/case-studies\\\/av-case-studies\\\/slovak-academy-of-sciences\\\/#breadcrumb\",\"itemListElement\":[{\"@type\":\"ListItem\",\"position\":1,\"name\":\"Home\",\"item\":\"https:\\\/\\\/dehub.netgear.com\\\/de\\\/hub\\\/\"},{\"@type\":\"ListItem\",\"position\":2,\"name\":\"Business Articles Hub\",\"item\":\"https:\\\/\\\/dehub.netgear.com\\\/de\\\/hub\\\/business\\\/\"},{\"@type\":\"ListItem\",\"position\":3,\"name\":\"All Case Studies &#8211; DE\",\"item\":\"https:\\\/\\\/dehub.netgear.com\\\/de\\\/hub\\\/business\\\/case-studies\\\/\"},{\"@type\":\"ListItem\",\"position\":4,\"name\":\"AV Case Studies &#8211; DE\",\"item\":\"https:\\\/\\\/dehub.netgear.com\\\/de\\\/hub\\\/business\\\/case-studies\\\/av-case-studies\\\/\"},{\"@type\":\"ListItem\",\"position\":5,\"name\":\"Revolutionizing research collaboration\"}]},{\"@type\":\"WebSite\",\"@id\":\"https:\\\/\\\/dehub.netgear.com\\\/de\\\/hub\\\/#website\",\"url\":\"https:\\\/\\\/dehub.netgear.com\\\/de\\\/hub\\\/\",\"name\":\"NETGEAR\",\"description\":\"Erkunden Sie unsere Hub-Seiten und st\u00f6bern Sie in Artikeln, um mehr \u00fcber NETGEAR Produkte und Technologien zu erfahren.\",\"publisher\":{\"@id\":\"https:\\\/\\\/dehub.netgear.com\\\/de\\\/hub\\\/#organization\"},\"potentialAction\":[{\"@type\":\"SearchAction\",\"target\":{\"@type\":\"EntryPoint\",\"urlTemplate\":\"https:\\\/\\\/dehub.netgear.com\\\/de\\\/hub\\\/?s={search_term_string}\"},\"query-input\":{\"@type\":\"PropertyValueSpecification\",\"valueRequired\":true,\"valueName\":\"search_term_string\"}}],\"inLanguage\":\"de\"},{\"@type\":\"Organization\",\"@id\":\"https:\\\/\\\/dehub.netgear.com\\\/de\\\/hub\\\/#organization\",\"name\":\"NETGEAR\",\"url\":\"https:\\\/\\\/dehub.netgear.com\\\/de\\\/hub\\\/\",\"logo\":{\"@type\":\"ImageObject\",\"inLanguage\":\"de\",\"@id\":\"https:\\\/\\\/dehub.netgear.com\\\/de\\\/hub\\\/#\\\/schema\\\/logo\\\/image\\\/\",\"url\":\"https:\\\/\\\/www.dehub.netgear.com\\\/de\\\/hub\\\/wp-content\\\/uploads\\\/2019\\\/07\\\/NETGEAR_logo.jpg\",\"contentUrl\":\"https:\\\/\\\/www.dehub.netgear.com\\\/de\\\/hub\\\/wp-content\\\/uploads\\\/2019\\\/07\\\/NETGEAR_logo.jpg\",\"width\":1500,\"height\":501,\"caption\":\"NETGEAR\"},\"image\":{\"@id\":\"https:\\\/\\\/dehub.netgear.com\\\/de\\\/hub\\\/#\\\/schema\\\/logo\\\/image\\\/\"},\"sameAs\":[\"https:\\\/\\\/www.facebook.com\\\/NetgearAU\\\/\",\"https:\\\/\\\/x.com\\\/NETGEAR\",\"https:\\\/\\\/www.linkedin.com\\\/company\\\/netgear\"]}]}<\/script>\n<!-- \/ Yoast SEO plugin. -->","yoast_head_json":{"title":"Revolutionizing research collaboration - NETGEAR Hub","robots":{"index":"index","follow":"follow","max-snippet":"max-snippet:-1","max-image-preview":"max-image-preview:large","max-video-preview":"max-video-preview:-1"},"canonical":"https:\/\/dehub.netgear.com\/de\/hub\/business\/case-studies\/av-case-studies\/slovak-academy-of-sciences\/","og_locale":"de_DE","og_type":"article","og_title":"Revolutionizing research collaboration - NETGEAR Hub","og_url":"https:\/\/dehub.netgear.com\/de\/hub\/business\/case-studies\/av-case-studies\/slovak-academy-of-sciences\/","og_site_name":"NETGEAR Hub","article_publisher":"https:\/\/www.facebook.com\/NetgearAU\/","article_modified_time":"2025-10-13T07:29:32+00:00","og_image":[{"width":383,"height":288,"url":"https:\/\/dehub.netgear.com\/de\/hub\/wp-content\/uploads\/2025\/10\/SVA_featured-new-383x288-uk.jpg","type":"image\/jpeg"}],"twitter_card":"summary_large_image","twitter_site":"@NETGEAR","schema":{"@context":"https:\/\/schema.org","@graph":[{"@type":"WebPage","@id":"https:\/\/dehub.netgear.com\/de\/hub\/business\/case-studies\/av-case-studies\/slovak-academy-of-sciences\/","url":"https:\/\/dehub.netgear.com\/de\/hub\/business\/case-studies\/av-case-studies\/slovak-academy-of-sciences\/","name":"Revolutionizing research collaboration - NETGEAR Hub","isPartOf":{"@id":"https:\/\/dehub.netgear.com\/de\/hub\/#website"},"primaryImageOfPage":{"@id":"https:\/\/dehub.netgear.com\/de\/hub\/business\/case-studies\/av-case-studies\/slovak-academy-of-sciences\/#primaryimage"},"image":{"@id":"https:\/\/dehub.netgear.com\/de\/hub\/business\/case-studies\/av-case-studies\/slovak-academy-of-sciences\/#primaryimage"},"thumbnailUrl":"https:\/\/dehub.netgear.com\/de\/hub\/wp-content\/uploads\/2025\/10\/SVA_featured-new-383x288-uk.jpg","datePublished":"2025-10-10T09:49:05+00:00","dateModified":"2025-10-13T07:29:32+00:00","breadcrumb":{"@id":"https:\/\/dehub.netgear.com\/de\/hub\/business\/case-studies\/av-case-studies\/slovak-academy-of-sciences\/#breadcrumb"},"inLanguage":"de","potentialAction":[{"@type":"ReadAction","target":["https:\/\/dehub.netgear.com\/de\/hub\/business\/case-studies\/av-case-studies\/slovak-academy-of-sciences\/"]}]},{"@type":"ImageObject","inLanguage":"de","@id":"https:\/\/dehub.netgear.com\/de\/hub\/business\/case-studies\/av-case-studies\/slovak-academy-of-sciences\/#primaryimage","url":"https:\/\/dehub.netgear.com\/de\/hub\/wp-content\/uploads\/2025\/10\/SVA_featured-new-383x288-uk.jpg","contentUrl":"https:\/\/dehub.netgear.com\/de\/hub\/wp-content\/uploads\/2025\/10\/SVA_featured-new-383x288-uk.jpg","width":383,"height":288},{"@type":"BreadcrumbList","@id":"https:\/\/dehub.netgear.com\/de\/hub\/business\/case-studies\/av-case-studies\/slovak-academy-of-sciences\/#breadcrumb","itemListElement":[{"@type":"ListItem","position":1,"name":"Home","item":"https:\/\/dehub.netgear.com\/de\/hub\/"},{"@type":"ListItem","position":2,"name":"Business Articles Hub","item":"https:\/\/dehub.netgear.com\/de\/hub\/business\/"},{"@type":"ListItem","position":3,"name":"All Case Studies &#8211; DE","item":"https:\/\/dehub.netgear.com\/de\/hub\/business\/case-studies\/"},{"@type":"ListItem","position":4,"name":"AV Case Studies &#8211; DE","item":"https:\/\/dehub.netgear.com\/de\/hub\/business\/case-studies\/av-case-studies\/"},{"@type":"ListItem","position":5,"name":"Revolutionizing research collaboration"}]},{"@type":"WebSite","@id":"https:\/\/dehub.netgear.com\/de\/hub\/#website","url":"https:\/\/dehub.netgear.com\/de\/hub\/","name":"NETGEAR","description":"Erkunden Sie unsere Hub-Seiten und st\u00f6bern Sie in Artikeln, um mehr \u00fcber NETGEAR Produkte und Technologien zu erfahren.","publisher":{"@id":"https:\/\/dehub.netgear.com\/de\/hub\/#organization"},"potentialAction":[{"@type":"SearchAction","target":{"@type":"EntryPoint","urlTemplate":"https:\/\/dehub.netgear.com\/de\/hub\/?s={search_term_string}"},"query-input":{"@type":"PropertyValueSpecification","valueRequired":true,"valueName":"search_term_string"}}],"inLanguage":"de"},{"@type":"Organization","@id":"https:\/\/dehub.netgear.com\/de\/hub\/#organization","name":"NETGEAR","url":"https:\/\/dehub.netgear.com\/de\/hub\/","logo":{"@type":"ImageObject","inLanguage":"de","@id":"https:\/\/dehub.netgear.com\/de\/hub\/#\/schema\/logo\/image\/","url":"https:\/\/www.dehub.netgear.com\/de\/hub\/wp-content\/uploads\/2019\/07\/NETGEAR_logo.jpg","contentUrl":"https:\/\/www.dehub.netgear.com\/de\/hub\/wp-content\/uploads\/2019\/07\/NETGEAR_logo.jpg","width":1500,"height":501,"caption":"NETGEAR"},"image":{"@id":"https:\/\/dehub.netgear.com\/de\/hub\/#\/schema\/logo\/image\/"},"sameAs":["https:\/\/www.facebook.com\/NetgearAU\/","https:\/\/x.com\/NETGEAR","https:\/\/www.linkedin.com\/company\/netgear"]}]}},"_links":{"self":[{"href":"https:\/\/dehub.netgear.com\/de\/hub\/wp-json\/wp\/v2\/pages\/10787","targetHints":{"allow":["GET"]}}],"collection":[{"href":"https:\/\/dehub.netgear.com\/de\/hub\/wp-json\/wp\/v2\/pages"}],"about":[{"href":"https:\/\/dehub.netgear.com\/de\/hub\/wp-json\/wp\/v2\/types\/page"}],"author":[{"embeddable":true,"href":"https:\/\/dehub.netgear.com\/de\/hub\/wp-json\/wp\/v2\/users\/94"}],"replies":[{"embeddable":true,"href":"https:\/\/dehub.netgear.com\/de\/hub\/wp-json\/wp\/v2\/comments?post=10787"}],"version-history":[{"count":3,"href":"https:\/\/dehub.netgear.com\/de\/hub\/wp-json\/wp\/v2\/pages\/10787\/revisions"}],"predecessor-version":[{"id":10867,"href":"https:\/\/dehub.netgear.com\/de\/hub\/wp-json\/wp\/v2\/pages\/10787\/revisions\/10867"}],"up":[{"embeddable":true,"href":"https:\/\/dehub.netgear.com\/de\/hub\/wp-json\/wp\/v2\/pages\/10321"}],"wp:featuredmedia":[{"embeddable":true,"href":"https:\/\/dehub.netgear.com\/de\/hub\/wp-json\/wp\/v2\/media\/10789"}],"wp:attachment":[{"href":"https:\/\/dehub.netgear.com\/de\/hub\/wp-json\/wp\/v2\/media?parent=10787"}],"curies":[{"name":"wp","href":"https:\/\/api.w.org\/{rel}","templated":true}]}}