{"id":10763,"date":"2025-09-26T01:37:01","date_gmt":"2025-10-08T23:37:01","guid":{"rendered":"https:\/\/dehub.netgear.com\/de\/hub\/?page_id=10763"},"modified":"2025-10-09T01:40:36","modified_gmt":"2025-10-08T23:40:36","slug":"boosting-efficiency-netgear-hybrid-smpte-profile","status":"publish","type":"page","link":"https:\/\/dehub.netgear.com\/de\/hub\/business\/av\/boosting-efficiency-netgear-hybrid-smpte-profile\/","title":{"rendered":"Steigern Sie die Effizienz im Rundfunk mit dem Hybrid-SMPTE-Profil von NETGEAR"},"content":{"rendered":"    <div class=\"table-of-content bg-gray\">\n        <p><strong>IN THIS ARTICLE<\/strong><\/p>\n        <ul>\n                        <li><a href=\"#topic1\">Die Entwicklung der Broadcast-Netzwerke<\/a><\/li>\n                        <li><a href=\"#topic3\">Herausforderungen f\u00fcr Medienunternehmen<\/a><\/li>\n                        <li><a href=\"#topic4\">Die Bedeutung der Betriebseffizienz im Rundfunk<\/a><\/li>\n                        <li><a href=\"#topic5\">Was das Hybrid-SMPTE-Profil von NETGEAR einzigartig macht<\/a><\/li>\n                        <li><a href=\"#topic6\">Anwendungen in der Praxis und Erfolgsgeschichten<\/a><\/li>\n                        <li><a href=\"#topic7\">Zuk\u00fcnftige Trends und Auswirkungen auf die Branche<\/a><\/li>\n                        <li><a href=\"#topic8\">Weitere Informationen<\/a><\/li>\n                    <\/ul>\n    <\/div>\n        <div id=\"topic1\" class=\"skip-item\">\n                        <h2>Die Entwicklung der Broadcast-Netzwerke<\/h2>\n                <p>Die Broadcast-Netzwerkinfrastruktur hat in den letzten Jahrzehnten einen tiefgreifenden Wandel durchlaufen. Zu Beginn st\u00fctzte sich die Branche stark auf die Serial Digital Interface (SDI) zur \u00dcbertragung von Videosignalen. Obwohl SDI sich als zuverl\u00e4ssig erwiesen hat, wurden seine Grenzen in Bezug auf Skalierbarkeit und Flexibilit\u00e4t deutlich. Mit der steigenden Nachfrage nach Inhalten in h\u00f6herer Aufl\u00f6sung und komplexeren Workflows wuchs der Bedarf an einer fortschrittlicheren und anpassungsf\u00e4higeren L\u00f6sung.<\/p>\n<p>Mit dem Aufkommen der IP-basierten Netzwerke begann eine neue \u00c4ra. Durch die \u00dcbertragung von Audio, Video und Daten \u00fcber standardisierte Ethernet-Netzwerke haben IP-L\u00f6sungen die Broadcast-Branche revolutioniert. Der Wechsel von SDI zu IP bietet den Rundfunkanstalten beispiellose Flexibilit\u00e4t, Skalierbarkeit und Kosteneffizienz. Diese Umstellung brachte jedoch auch Herausforderungen mit sich \u2013 insbesondere bei der Integration von getakteten und ungetakteten Netzwerkteilen.<\/p>\n    <\/div>\n        <div id=\"topic2\" class=\"skip-item\">\n                        <div class=\"video\" style=\"opacity: 1;text-align: center\"><iframe loading=\"lazy\" src=\"https:\/\/242128791.fs1.hubspotusercontent-na2.net\/hubfs\/242128791\/kitplus-interviewing-richard-jonker-on-broadcast-trends.mp4\" width=\"853\" height=\"505\" frameborder=\"0\" allowfullscreen=\"allowfullscreen\"><span data-mce-type=\"bookmark\" style=\"width: 0px;overflow: hidden;line-height: 0\" class=\"mce_SELRES_start\">\ufeff<\/span><span data-mce-type=\"bookmark\" style=\"width: 0px;overflow: hidden;line-height: 0\" class=\"mce_SELRES_start\"><\/span><span data-mce-type=\"bookmark\" style=\"width: 0px;overflow: hidden;line-height: 0\" class=\"mce_SELRES_start\"><\/span><span data-mce-type=\"bookmark\" style=\"width: 0px;overflow: hidden;line-height: 0\" class=\"mce_SELRES_start\"><\/span><\/iframe><\/div>\n<div style=\"text-align: center\">IBC 2025: Kitplus interviewt Richard Jonker von NETGEAR zu den neuesten Trends.<\/div>\n    <\/div>\n        <div id=\"topic3\" class=\"skip-item\">\n                        <h2>Herausforderungen f\u00fcr Medienunternehmen<\/h2>\n                <p>Medienunternehmen stehen vor zahlreichen Herausforderungen bei der Bew\u00e4ltigung moderner Broadcast-Workflows. Eine der dringendsten Aufgaben ist die nahtlose Integration zwischen verschiedenen Netzwerktypen \u2013 insbesondere zwischen getakteten und ungetakteten Netzwerken. In klassischen Broadcast-Umgebungen sind pr\u00e4zise Timing und Synchronisation entscheidend. Jede Abweichung kann zu Bildaussetzern, Audio-Synchronisationsproblemen und anderen technischen Fehlern f\u00fchren.<\/p>\n<p>Hinzu kommt die schnelle technologische Entwicklung, die Medienunternehmen zwingt, ihre Infrastruktur st\u00e4ndig zu modernisieren. Diese kontinuierliche Anpassung ist zeit- und kostenintensiv. Mit der zunehmenden Nutzung von Cloud-basierten L\u00f6sungen gewinnen zudem Datensouver\u00e4nit\u00e4t und Sicherheit an Bedeutung. Der Schutz sensibler Inhalte bei gleichzeitiger Wahrung der Betriebseffizienz ist ein schwieriger Balanceakt.<\/p>\n    <\/div>\n        <div id=\"topic4\" class=\"skip-item\">\n                        <h2>Die Bedeutung der Betriebseffizienz im Rundfunk<\/h2>\n                <p>Betriebseffizienz ist eine zentrale Priorit\u00e4t f\u00fcr CTOs in der Medienbranche. Angesichts des Drucks, Kosten zu senken und gleichzeitig hohe Qualit\u00e4t zu gew\u00e4hrleisten, m\u00fcssen Rundfunkanstalten Wege finden, ihre Abl\u00e4ufe zu optimieren \u2013 durch effizientere Workflows, weniger Ausfallzeiten und minimale manuelle Eingriffe.<\/p>\n<p>Das Hybrid-SMPTE-Profil von NETGEAR begegnet diesen Herausforderungen direkt, indem es die Netzwerkkonfiguration und -verwaltung vereinfacht. Durch Automatisierung vieler komplexer Prozesse bei der Einrichtung und Wartung eines Broadcast-Netzwerks k\u00f6nnen Medienunternehmen sich auf ihre Kernkompetenz konzentrieren \u2013 die Erstellung hochwertiger Inhalte.<\/p>\n    <\/div>\n        <div id=\"topic5\" class=\"skip-item\">\n                        <h2>Was das Hybrid-SMPTE-Profil von NETGEAR einzigartig macht<\/h2>\n                <p>Das Hybrid-SMPTE-Profil von NETGEAR ist ein echter Game-Changer f\u00fcr die Broadcast-Branche. Es erm\u00f6glicht die nahtlose Integration von getakteten und ungetakteten Netzwerkteilen und bietet damit eine Flexibilit\u00e4t und Effizienz, die herk\u00f6mmliche Unternehmensl\u00f6sungen nicht erreichen. Das Profil unterst\u00fctzt sowohl PTP-f\u00e4hige als auch nicht-PTP-f\u00e4hige Komponenten, sodass pr\u00e4zises Timing dort erhalten bleibt, wo es erforderlich ist, w\u00e4hrend die Komplexit\u00e4t in anderen Bereichen sinkt.<\/p>\n<p>Ein herausragendes Merkmal von NETGEARs L\u00f6sung ist ihre Benutzerfreundlichkeit. Konfigurationen, die fr\u00fcher Tage oder Wochen dauerten, k\u00f6nnen nun in wenigen Minuten abgeschlossen werden \u2013 dank Automatisierung und vorkonfigurierter Profile. Das Ergebnis ist ein robustes, einfach zu verwaltendes Netzwerk, das es Rundfunkanstalten erm\u00f6glicht, sich auf die Bereitstellung hochwertiger Inhalte zu konzentrieren.<\/p>\n    <\/div>\n        <div id=\"topic6\" class=\"skip-item\">\n                        <h2>Anwendungen in der Praxis und Erfolgsgeschichten<\/h2>\n                <p>Die Wirkung des Hybrid-SMPTE-Profils ist bereits in der Praxis sp\u00fcrbar. W\u00e4hrend der Olympischen Spiele in Paris konnte die Netzwerkeinrichtung dank der automatisierten Konfiguration von NETGEAR von einer Woche auf nur wenige Minuten reduziert werden. Dies sparte nicht nur Zeit, sondern minimierte auch menschliche Fehler und sorgte f\u00fcr eine reibungslose \u00dcbertragung.<\/p>\n<p>Ein weiteres Beispiel stammt aus der Formel 1: Durch den Einsatz der Hybrid-Netzwerkl\u00f6sung von NETGEAR konnten die Riedel-Intercom-Systeme w\u00e4hrend Live-\u00dcbertragungen pr\u00e4zises Timing und Synchronisation aufrechterhalten, sodass jedes Detail des Rennens perfekt erfasst wurde. Diese Beispiele verdeutlichen die Vielseitigkeit und Effizienz der NETGEAR-L\u00f6sung.<\/p>\n    <\/div>\n        <div id=\"topic7\" class=\"skip-item\">\n                        <h2>Zuk\u00fcnftige Trends und Auswirkungen auf die Branche<\/h2>\n                <p>Mit der fortschreitenden Entwicklung der Broadcast-Technologie wird die Bedeutung flexibler und effizienter Netzwerkl\u00f6sungen weiter zunehmen. Das Hybrid-SMPTE-Profil von NETGEAR wird dabei eine Schl\u00fcsselrolle spielen. Die F\u00e4higkeit, getaktete und ungetaktete Netzwerke zu integrieren, schafft die Grundlage f\u00fcr fortschrittlichere und anpassungsf\u00e4higere Workflows.<\/p>\n<p>Zuk\u00fcnftig werden K\u00fcnstliche Intelligenz (KI) und Machine Learning (ML) eine noch gr\u00f6\u00dfere Rolle in der Broadcast-Produktion spielen. Diese Technologien k\u00f6nnen die Effizienz weiter steigern, indem sie Routineaufgaben automatisieren und tiefere Einblicke in die Netzwerkleistung bieten. Dank NETGEARs Innovationskraft werden die L\u00f6sungen des Unternehmens stets mit den Branchentrends mitwachsen und Rundfunkanstalten die Werkzeuge bieten, um wettbewerbsf\u00e4hig zu bleiben.<\/p>\n<p><strong>Fazit<\/strong><\/p>\n<p>Das Hybrid-SMPTE-Profil von NETGEAR revolutioniert die Broadcast-Vernetzung mit einer L\u00f6sung, die effizient und kosteng\u00fcnstig ist. Durch die Vereinfachung der Integration von getakteten und ungetakteten Netzwerken k\u00f6nnen Medienunternehmen ihre Abl\u00e4ufe optimieren und sich auf die Produktion hochwertiger Inhalte konzentrieren. NETGEARs innovative Ans\u00e4tze werden zweifellos eine zentrale Rolle bei der Gestaltung der Zukunft der Broadcast-Vernetzung spielen.<\/p>\n    <\/div>\n        <div id=\"topic8\" class=\"skip-item\">\n                        <h2>Weitere Informationen<\/h2>\n                <\/p>\n<p><!-- AV NETGEAR BUSINESS-L\u00d6SUNGEN--><\/p>\n<p>Mehr \u00fcber unsere AV-Produkte erfahren<\/p>\n<div class=\"hs-cta-embed hs-cta-simple-placeholder hs-cta-embed-243392275167\" style=\"max-width:100%;max-height:100%;width:260px;height:50.390625px\" data-hubspot-wrapper-cta-id=\"243392275167\"><br \/>\n  <a href=\"https:\/\/cta-na2.hubspot.com\/web-interactives\/public\/v1\/track\/redirect?encryptedPayload=AVxigLI%2Fu8J7nFnep8w0CfLqqlWixXySh0cANLn7TQ3MtLEGeFdfhQxw3AVxVzYlZOkZoVB4gdslqY4il1pZTz7RSKy0mNw%2BF1Y6bdIwWiFAFfgtF%2FkXW%2Fmq0JFY6OQExFSwjiafSp97IxwGv6iNNhiT9X6MQziOnjaAnh9UsXCYR2VD1S791%2F7MVwT1TQ%3D%3D&#038;webInteractiveContentId=243392275167&#038;portalId=242128791\" target=\"_blank\" rel=\"noopener\"><br \/>\n    <img decoding=\"async\" alt=\"NETGEAR AV-L&Ouml;SUNGEN\" loading=\"lazy\" src=\"https:\/\/hubspot-no-cache-na2-prod.s3.amazonaws.com\/cta\/default\/242128791\/interactive-243392275167.png\" style=\"height: 100%;width: 100%;object-fit: fill\" \/><br \/>\n  <\/a>\n<\/div>\n<\/p>\n<p><!-- ACADEMY --><\/p>\n<p> Alles \u00fcber IP-Netzwerke lernen \u2013 in der NETGEAR ACADEMY<\/p>\n<div class=\"hs-cta-embed hs-cta-simple-placeholder hs-cta-embed-243357267644\" style=\"max-width:100%;max-height:100%;width:260px;height:50.390625px\" data-hubspot-wrapper-cta-id=\"243357267644\"><br \/>\n  <a href=\"https:\/\/cta-na2.hubspot.com\/web-interactives\/public\/v1\/track\/redirect?encryptedPayload=AVxigLKW9uCCU9FL7iPOCpU%2BvA8Z1UfLRQT8691iSSqh%2BqLrpD%2FITlt6RGXTdhci0W5DkR0wb%2FpK%2BWToDj8Qf0HaQwR0kyzZgK35i%2BhitHvCmHPH8BmXutiugzeYtEHOY6aYTSXoNxDjJJwwtUXAzSqnxQuhx5jjnWcHl4zUp4Dt1tTG2PymP7esgNCNHKHECJ76tda5x0hFMo8JQo6UwGGb9CBw4fyYnA%3D%3D&#038;webInteractiveContentId=243357267644&#038;portalId=242128791\" target=\"_blank\" rel=\"noopener\"><br \/>\n    <img decoding=\"async\" alt=\"NETGEAR ACADEMY\" loading=\"lazy\" src=\"https:\/\/hubspot-no-cache-na2-prod.s3.amazonaws.com\/cta\/default\/242128791\/interactive-243357267644.png\" style=\"height: 100%;width: 100%;object-fit: fill\" \/><br \/>\n  <\/a>\n<\/div>\n<\/p>\n<p>\n<!-- KONTAKT PRO-AV-TEAM --><\/p>\n<p> Unsere Ingenieure unterst\u00fctzen Sie kostenlos bei Ihrem Projekt<\/p>\n<div class=\"hs-cta-embed hs-cta-simple-placeholder hs-cta-embed-243357266676\" style=\"max-width:100%;max-height:100%;width:270px;height:50.390625px\" data-hubspot-wrapper-cta-id=\"243357266676\"><br \/>\n  <a href=\"https:\/\/cta-na2.hubspot.com\/web-interactives\/public\/v1\/track\/redirect?encryptedPayload=AVxigLL9MaHliYSOIHWsJvXrVuyffxSFGu%2FOD4neANfzotKQLgtjDgnA0CFJQWLPGl5hkjLPFJf7A76nk1yWw939l8y7nc4NGJ1%2Fa58epF2QbqIhW7KyV%2Fr75%2B8GCI%2FfEXyeGuic8buAEe%2F8pDQ63tT6ExQvwvvuG%2BeK5mOqM%2FlNsZUaeR4q5pghXZB3yAUIu7WWwKynlh9Y3Ug9ymAN6sNjHEzXMCgwSYmLqMh7eixTsrgTswO85eLb8rCODQ%3D%3D&#038;webInteractiveContentId=243357266676&#038;portalId=242128791\" target=\"_blank\" rel=\"noopener\"><br \/>\n    <img decoding=\"async\" alt=\"KONTAKT PROAV-TEAM\" loading=\"lazy\" src=\"https:\/\/hubspot-no-cache-na2-prod.s3.amazonaws.com\/cta\/default\/242128791\/interactive-243357266676.png\" style=\"height: 100%;width: 100%;object-fit: fill\" \/><br \/>\n  <\/a>\n<\/div>\n<\/p>\n<p><iframe loading=\"lazy\" src=\"https:\/\/405nrr.share-na2.hsforms.com\/25w_D-U5iS-e5KaSaP86jnQ\" width=\"100%\" height=\"1200px\"><\/iframe><\/p>\n    <\/div>\n    \n","protected":false},"excerpt":{"rendered":"","protected":false},"author":94,"featured_media":10764,"parent":6754,"menu_order":0,"comment_status":"closed","ping_status":"closed","template":"templates\/blog-wifi.php","meta":{"_acf_changed":false,"footnotes":""},"class_list":["post-10763","page","type-page","status-publish","has-post-thumbnail","hentry"],"acf":[],"yoast_head":"<!-- This site is optimized with the Yoast SEO plugin v27.4 - https:\/\/yoast.com\/product\/yoast-seo-wordpress\/ -->\n<title>Steigern Sie die Effizienz im Rundfunk mit dem Hybrid-SMPTE-Profil von NETGEAR - NETGEAR Hub<\/title>\n<meta name=\"description\" content=\"Steigern Sie die Effizienz im Rundfunk mit dem Hybrid-SMPTE-Profil von NETGEAR \u2013 vereinfachen Sie IP-Workflows durch Automatisierung und nahtlose Integration.\" \/>\n<meta name=\"robots\" content=\"index, follow, max-snippet:-1, max-image-preview:large, max-video-preview:-1\" \/>\n<link rel=\"canonical\" href=\"https:\/\/dehub.netgear.com\/de\/hub\/business\/av\/boosting-efficiency-netgear-hybrid-smpte-profile\/\" \/>\n<meta property=\"og:locale\" content=\"de_DE\" \/>\n<meta property=\"og:type\" content=\"article\" \/>\n<meta property=\"og:title\" content=\"Steigern Sie die Effizienz im Rundfunk mit dem Hybrid-SMPTE-Profil von NETGEAR - NETGEAR Hub\" \/>\n<meta property=\"og:description\" content=\"Steigern Sie die Effizienz im Rundfunk mit dem Hybrid-SMPTE-Profil von NETGEAR \u2013 vereinfachen Sie IP-Workflows durch Automatisierung und nahtlose Integration.\" \/>\n<meta property=\"og:url\" content=\"https:\/\/dehub.netgear.com\/de\/hub\/business\/av\/boosting-efficiency-netgear-hybrid-smpte-profile\/\" \/>\n<meta property=\"og:site_name\" content=\"NETGEAR Hub\" \/>\n<meta property=\"article:publisher\" content=\"https:\/\/www.facebook.com\/NetgearAU\/\" \/>\n<meta property=\"article:modified_time\" content=\"2025-10-08T23:40:36+00:00\" \/>\n<meta property=\"og:image\" content=\"https:\/\/dehub.netgear.com\/de\/hub\/wp-content\/uploads\/2025\/10\/Hybrid-SMPTE-profile-1024x546.png\" \/>\n\t<meta property=\"og:image:width\" content=\"1024\" \/>\n\t<meta property=\"og:image:height\" content=\"546\" \/>\n\t<meta property=\"og:image:type\" content=\"image\/png\" \/>\n<meta name=\"twitter:card\" content=\"summary_large_image\" \/>\n<meta name=\"twitter:site\" content=\"@NETGEAR\" \/>\n<script type=\"application\/ld+json\" class=\"yoast-schema-graph\">{\"@context\":\"https:\\\/\\\/schema.org\",\"@graph\":[{\"@type\":\"WebPage\",\"@id\":\"https:\\\/\\\/dehub.netgear.com\\\/de\\\/hub\\\/business\\\/av\\\/boosting-efficiency-netgear-hybrid-smpte-profile\\\/\",\"url\":\"https:\\\/\\\/dehub.netgear.com\\\/de\\\/hub\\\/business\\\/av\\\/boosting-efficiency-netgear-hybrid-smpte-profile\\\/\",\"name\":\"Steigern Sie die Effizienz im Rundfunk mit dem Hybrid-SMPTE-Profil von NETGEAR - NETGEAR Hub\",\"isPartOf\":{\"@id\":\"https:\\\/\\\/dehub.netgear.com\\\/de\\\/hub\\\/#website\"},\"primaryImageOfPage\":{\"@id\":\"https:\\\/\\\/dehub.netgear.com\\\/de\\\/hub\\\/business\\\/av\\\/boosting-efficiency-netgear-hybrid-smpte-profile\\\/#primaryimage\"},\"image\":{\"@id\":\"https:\\\/\\\/dehub.netgear.com\\\/de\\\/hub\\\/business\\\/av\\\/boosting-efficiency-netgear-hybrid-smpte-profile\\\/#primaryimage\"},\"thumbnailUrl\":\"https:\\\/\\\/dehub.netgear.com\\\/de\\\/hub\\\/wp-content\\\/uploads\\\/2025\\\/10\\\/Hybrid-SMPTE-profile.png\",\"datePublished\":\"2025-10-08T23:37:01+00:00\",\"dateModified\":\"2025-10-08T23:40:36+00:00\",\"description\":\"Steigern Sie die Effizienz im Rundfunk mit dem Hybrid-SMPTE-Profil von NETGEAR \u2013 vereinfachen Sie IP-Workflows durch Automatisierung und nahtlose Integration.\",\"breadcrumb\":{\"@id\":\"https:\\\/\\\/dehub.netgear.com\\\/de\\\/hub\\\/business\\\/av\\\/boosting-efficiency-netgear-hybrid-smpte-profile\\\/#breadcrumb\"},\"inLanguage\":\"de\",\"potentialAction\":[{\"@type\":\"ReadAction\",\"target\":[\"https:\\\/\\\/dehub.netgear.com\\\/de\\\/hub\\\/business\\\/av\\\/boosting-efficiency-netgear-hybrid-smpte-profile\\\/\"]}]},{\"@type\":\"ImageObject\",\"inLanguage\":\"de\",\"@id\":\"https:\\\/\\\/dehub.netgear.com\\\/de\\\/hub\\\/business\\\/av\\\/boosting-efficiency-netgear-hybrid-smpte-profile\\\/#primaryimage\",\"url\":\"https:\\\/\\\/dehub.netgear.com\\\/de\\\/hub\\\/wp-content\\\/uploads\\\/2025\\\/10\\\/Hybrid-SMPTE-profile.png\",\"contentUrl\":\"https:\\\/\\\/dehub.netgear.com\\\/de\\\/hub\\\/wp-content\\\/uploads\\\/2025\\\/10\\\/Hybrid-SMPTE-profile.png\",\"width\":1875,\"height\":999},{\"@type\":\"BreadcrumbList\",\"@id\":\"https:\\\/\\\/dehub.netgear.com\\\/de\\\/hub\\\/business\\\/av\\\/boosting-efficiency-netgear-hybrid-smpte-profile\\\/#breadcrumb\",\"itemListElement\":[{\"@type\":\"ListItem\",\"position\":1,\"name\":\"Home\",\"item\":\"https:\\\/\\\/dehub.netgear.com\\\/de\\\/hub\\\/\"},{\"@type\":\"ListItem\",\"position\":2,\"name\":\"Business Articles Hub\",\"item\":\"https:\\\/\\\/dehub.netgear.com\\\/de\\\/hub\\\/business\\\/\"},{\"@type\":\"ListItem\",\"position\":3,\"name\":\"Business AV\",\"item\":\"https:\\\/\\\/dehub.netgear.com\\\/de\\\/hub\\\/business\\\/av\\\/\"},{\"@type\":\"ListItem\",\"position\":4,\"name\":\"Steigern Sie die Effizienz im Rundfunk mit dem Hybrid-SMPTE-Profil von NETGEAR\"}]},{\"@type\":\"WebSite\",\"@id\":\"https:\\\/\\\/dehub.netgear.com\\\/de\\\/hub\\\/#website\",\"url\":\"https:\\\/\\\/dehub.netgear.com\\\/de\\\/hub\\\/\",\"name\":\"NETGEAR\",\"description\":\"Erkunden Sie unsere Hub-Seiten und st\u00f6bern Sie in Artikeln, um mehr \u00fcber NETGEAR Produkte und Technologien zu erfahren.\",\"publisher\":{\"@id\":\"https:\\\/\\\/dehub.netgear.com\\\/de\\\/hub\\\/#organization\"},\"potentialAction\":[{\"@type\":\"SearchAction\",\"target\":{\"@type\":\"EntryPoint\",\"urlTemplate\":\"https:\\\/\\\/dehub.netgear.com\\\/de\\\/hub\\\/?s={search_term_string}\"},\"query-input\":{\"@type\":\"PropertyValueSpecification\",\"valueRequired\":true,\"valueName\":\"search_term_string\"}}],\"inLanguage\":\"de\"},{\"@type\":\"Organization\",\"@id\":\"https:\\\/\\\/dehub.netgear.com\\\/de\\\/hub\\\/#organization\",\"name\":\"NETGEAR\",\"url\":\"https:\\\/\\\/dehub.netgear.com\\\/de\\\/hub\\\/\",\"logo\":{\"@type\":\"ImageObject\",\"inLanguage\":\"de\",\"@id\":\"https:\\\/\\\/dehub.netgear.com\\\/de\\\/hub\\\/#\\\/schema\\\/logo\\\/image\\\/\",\"url\":\"https:\\\/\\\/www.dehub.netgear.com\\\/de\\\/hub\\\/wp-content\\\/uploads\\\/2019\\\/07\\\/NETGEAR_logo.jpg\",\"contentUrl\":\"https:\\\/\\\/www.dehub.netgear.com\\\/de\\\/hub\\\/wp-content\\\/uploads\\\/2019\\\/07\\\/NETGEAR_logo.jpg\",\"width\":1500,\"height\":501,\"caption\":\"NETGEAR\"},\"image\":{\"@id\":\"https:\\\/\\\/dehub.netgear.com\\\/de\\\/hub\\\/#\\\/schema\\\/logo\\\/image\\\/\"},\"sameAs\":[\"https:\\\/\\\/www.facebook.com\\\/NetgearAU\\\/\",\"https:\\\/\\\/x.com\\\/NETGEAR\",\"https:\\\/\\\/www.linkedin.com\\\/company\\\/netgear\"]}]}<\/script>\n<!-- \/ Yoast SEO plugin. -->","yoast_head_json":{"title":"Steigern Sie die Effizienz im Rundfunk mit dem Hybrid-SMPTE-Profil von NETGEAR - NETGEAR Hub","description":"Steigern Sie die Effizienz im Rundfunk mit dem Hybrid-SMPTE-Profil von NETGEAR \u2013 vereinfachen Sie IP-Workflows durch Automatisierung und nahtlose Integration.","robots":{"index":"index","follow":"follow","max-snippet":"max-snippet:-1","max-image-preview":"max-image-preview:large","max-video-preview":"max-video-preview:-1"},"canonical":"https:\/\/dehub.netgear.com\/de\/hub\/business\/av\/boosting-efficiency-netgear-hybrid-smpte-profile\/","og_locale":"de_DE","og_type":"article","og_title":"Steigern Sie die Effizienz im Rundfunk mit dem Hybrid-SMPTE-Profil von NETGEAR - NETGEAR Hub","og_description":"Steigern Sie die Effizienz im Rundfunk mit dem Hybrid-SMPTE-Profil von NETGEAR \u2013 vereinfachen Sie IP-Workflows durch Automatisierung und nahtlose Integration.","og_url":"https:\/\/dehub.netgear.com\/de\/hub\/business\/av\/boosting-efficiency-netgear-hybrid-smpte-profile\/","og_site_name":"NETGEAR Hub","article_publisher":"https:\/\/www.facebook.com\/NetgearAU\/","article_modified_time":"2025-10-08T23:40:36+00:00","og_image":[{"width":1024,"height":546,"url":"https:\/\/dehub.netgear.com\/de\/hub\/wp-content\/uploads\/2025\/10\/Hybrid-SMPTE-profile-1024x546.png","type":"image\/png"}],"twitter_card":"summary_large_image","twitter_site":"@NETGEAR","schema":{"@context":"https:\/\/schema.org","@graph":[{"@type":"WebPage","@id":"https:\/\/dehub.netgear.com\/de\/hub\/business\/av\/boosting-efficiency-netgear-hybrid-smpte-profile\/","url":"https:\/\/dehub.netgear.com\/de\/hub\/business\/av\/boosting-efficiency-netgear-hybrid-smpte-profile\/","name":"Steigern Sie die Effizienz im Rundfunk mit dem Hybrid-SMPTE-Profil von NETGEAR - NETGEAR Hub","isPartOf":{"@id":"https:\/\/dehub.netgear.com\/de\/hub\/#website"},"primaryImageOfPage":{"@id":"https:\/\/dehub.netgear.com\/de\/hub\/business\/av\/boosting-efficiency-netgear-hybrid-smpte-profile\/#primaryimage"},"image":{"@id":"https:\/\/dehub.netgear.com\/de\/hub\/business\/av\/boosting-efficiency-netgear-hybrid-smpte-profile\/#primaryimage"},"thumbnailUrl":"https:\/\/dehub.netgear.com\/de\/hub\/wp-content\/uploads\/2025\/10\/Hybrid-SMPTE-profile.png","datePublished":"2025-10-08T23:37:01+00:00","dateModified":"2025-10-08T23:40:36+00:00","description":"Steigern Sie die Effizienz im Rundfunk mit dem Hybrid-SMPTE-Profil von NETGEAR \u2013 vereinfachen Sie IP-Workflows durch Automatisierung und nahtlose Integration.","breadcrumb":{"@id":"https:\/\/dehub.netgear.com\/de\/hub\/business\/av\/boosting-efficiency-netgear-hybrid-smpte-profile\/#breadcrumb"},"inLanguage":"de","potentialAction":[{"@type":"ReadAction","target":["https:\/\/dehub.netgear.com\/de\/hub\/business\/av\/boosting-efficiency-netgear-hybrid-smpte-profile\/"]}]},{"@type":"ImageObject","inLanguage":"de","@id":"https:\/\/dehub.netgear.com\/de\/hub\/business\/av\/boosting-efficiency-netgear-hybrid-smpte-profile\/#primaryimage","url":"https:\/\/dehub.netgear.com\/de\/hub\/wp-content\/uploads\/2025\/10\/Hybrid-SMPTE-profile.png","contentUrl":"https:\/\/dehub.netgear.com\/de\/hub\/wp-content\/uploads\/2025\/10\/Hybrid-SMPTE-profile.png","width":1875,"height":999},{"@type":"BreadcrumbList","@id":"https:\/\/dehub.netgear.com\/de\/hub\/business\/av\/boosting-efficiency-netgear-hybrid-smpte-profile\/#breadcrumb","itemListElement":[{"@type":"ListItem","position":1,"name":"Home","item":"https:\/\/dehub.netgear.com\/de\/hub\/"},{"@type":"ListItem","position":2,"name":"Business Articles Hub","item":"https:\/\/dehub.netgear.com\/de\/hub\/business\/"},{"@type":"ListItem","position":3,"name":"Business AV","item":"https:\/\/dehub.netgear.com\/de\/hub\/business\/av\/"},{"@type":"ListItem","position":4,"name":"Steigern Sie die Effizienz im Rundfunk mit dem Hybrid-SMPTE-Profil von NETGEAR"}]},{"@type":"WebSite","@id":"https:\/\/dehub.netgear.com\/de\/hub\/#website","url":"https:\/\/dehub.netgear.com\/de\/hub\/","name":"NETGEAR","description":"Erkunden Sie unsere Hub-Seiten und st\u00f6bern Sie in Artikeln, um mehr \u00fcber NETGEAR Produkte und Technologien zu erfahren.","publisher":{"@id":"https:\/\/dehub.netgear.com\/de\/hub\/#organization"},"potentialAction":[{"@type":"SearchAction","target":{"@type":"EntryPoint","urlTemplate":"https:\/\/dehub.netgear.com\/de\/hub\/?s={search_term_string}"},"query-input":{"@type":"PropertyValueSpecification","valueRequired":true,"valueName":"search_term_string"}}],"inLanguage":"de"},{"@type":"Organization","@id":"https:\/\/dehub.netgear.com\/de\/hub\/#organization","name":"NETGEAR","url":"https:\/\/dehub.netgear.com\/de\/hub\/","logo":{"@type":"ImageObject","inLanguage":"de","@id":"https:\/\/dehub.netgear.com\/de\/hub\/#\/schema\/logo\/image\/","url":"https:\/\/www.dehub.netgear.com\/de\/hub\/wp-content\/uploads\/2019\/07\/NETGEAR_logo.jpg","contentUrl":"https:\/\/www.dehub.netgear.com\/de\/hub\/wp-content\/uploads\/2019\/07\/NETGEAR_logo.jpg","width":1500,"height":501,"caption":"NETGEAR"},"image":{"@id":"https:\/\/dehub.netgear.com\/de\/hub\/#\/schema\/logo\/image\/"},"sameAs":["https:\/\/www.facebook.com\/NetgearAU\/","https:\/\/x.com\/NETGEAR","https:\/\/www.linkedin.com\/company\/netgear"]}]}},"_links":{"self":[{"href":"https:\/\/dehub.netgear.com\/de\/hub\/wp-json\/wp\/v2\/pages\/10763","targetHints":{"allow":["GET"]}}],"collection":[{"href":"https:\/\/dehub.netgear.com\/de\/hub\/wp-json\/wp\/v2\/pages"}],"about":[{"href":"https:\/\/dehub.netgear.com\/de\/hub\/wp-json\/wp\/v2\/types\/page"}],"author":[{"embeddable":true,"href":"https:\/\/dehub.netgear.com\/de\/hub\/wp-json\/wp\/v2\/users\/94"}],"replies":[{"embeddable":true,"href":"https:\/\/dehub.netgear.com\/de\/hub\/wp-json\/wp\/v2\/comments?post=10763"}],"version-history":[{"count":2,"href":"https:\/\/dehub.netgear.com\/de\/hub\/wp-json\/wp\/v2\/pages\/10763\/revisions"}],"predecessor-version":[{"id":10766,"href":"https:\/\/dehub.netgear.com\/de\/hub\/wp-json\/wp\/v2\/pages\/10763\/revisions\/10766"}],"up":[{"embeddable":true,"href":"https:\/\/dehub.netgear.com\/de\/hub\/wp-json\/wp\/v2\/pages\/6754"}],"wp:featuredmedia":[{"embeddable":true,"href":"https:\/\/dehub.netgear.com\/de\/hub\/wp-json\/wp\/v2\/media\/10764"}],"wp:attachment":[{"href":"https:\/\/dehub.netgear.com\/de\/hub\/wp-json\/wp\/v2\/media?parent=10763"}],"curies":[{"name":"wp","href":"https:\/\/api.w.org\/{rel}","templated":true}]}}