{"id":10733,"date":"2025-09-17T09:52:18","date_gmt":"2025-09-17T07:52:18","guid":{"rendered":"https:\/\/dehub.netgear.com\/de\/hub\/business\/enterprise-it\/how-netgear-powers-education-through-connectivity-2\/"},"modified":"2025-09-26T11:30:00","modified_gmt":"2025-09-26T09:30:00","slug":"poe-switches-video-surveillance-guide","status":"publish","type":"page","link":"https:\/\/dehub.netgear.com\/de\/hub\/business\/enterprise-it\/poe-switches-video-surveillance-guide\/","title":{"rendered":"Der ultimative Leitfaden zur Auswahl von PoE-Switches f\u00fcr Video\u00fcberwachung"},"content":{"rendered":"<p><img loading=\"lazy\" decoding=\"async\" class=\"alignone size-full wp-image-10681\" style=\"border-radius: 1em;\" src=\"https:\/\/dehub.netgear.com\/de\/hub\/wp-content\/uploads\/2025\/09\/poe-security-camera-gi-625905168.jpg\" alt=\"\" width=\"1048\" height=\"511\" \/><\/p>\n    <div class=\"table-of-content bg-gray\">\n        <p><strong>IN THIS ARTICLE<\/strong><\/p>\n        <ul>\n                        <li><a href=\"#topic1\">Warum der richtige PoE-Switch f\u00fcr die Video\u00fcberwachung wichtig ist<\/a><\/li>\n                        <li><a href=\"#topic2\">Was erwartet Sie im NETGEAR Business Surveillance Switch Guide?<\/a><\/li>\n                        <li><a href=\"#topic3\">F\u00fcr wen ist dieser Leitfaden geeignet?<\/a><\/li>\n                        <li><a href=\"#topic4\">Laden Sie den NETGEAR Business Surveillance Switch Guide herunter<\/a><\/li>\n                        <li><a href=\"#topic5\">Bauen Sie ein besseres Video\u00fcberwachungsnetzwerk mit NETGEAR Business auf<\/a><\/li>\n                        <li><a href=\"#topic6\">Mehr informationen<\/a><\/li>\n                    <\/ul>\n    <\/div>\n        <div id=\"topic1\" class=\"skip-item\">\n                        <h2>Warum der richtige PoE-Switch f\u00fcr die Video\u00fcberwachung wichtig ist<\/h2>\n                <p data-start=\"120\" data-end=\"452\">Moderne \u00dcberwachungskamerasysteme verlassen sich auf PoE-Switches, die sowohl Strom als auch Daten \u00fcber ein einziges Ethernet-Kabel \u00fcbertragen. Doch nicht alle PoE-Switches sind gleich. Die Wahl eines Switches mit unzureichendem Strombudget, zu wenigen Ports oder fehlenden erweiterten Funktionen kann zu folgenden Problemen f\u00fchren:<\/p>\n<ul data-start=\"454\" data-end=\"624\">\n<li data-start=\"454\" data-end=\"505\">\n<p data-start=\"456\" data-end=\"505\">Nicht gen\u00fcgend Stromversorgung f\u00fcr alle Kameras<\/p>\n<\/li>\n<li data-start=\"506\" data-end=\"561\">\n<p data-start=\"508\" data-end=\"561\">Ungeplante Ausfallzeiten bei Updates oder Neustarts<\/p>\n<\/li>\n<li data-start=\"562\" data-end=\"624\">\n<p data-start=\"564\" data-end=\"624\">Schwierigkeiten bei der Skalierung, wenn das System w\u00e4chst<\/p>\n<\/li>\n<\/ul>\n<p data-start=\"626\" data-end=\"825\">Hier hebt sich NETGEAR Business hervor. Die Produktpalette umfasst unmanaged, smart und voll verwaltete PoE-Switches, die L\u00f6sungen f\u00fcr kleine Unternehmen, Gro\u00dfunternehmen und alles dazwischen bieten.<\/p>\n    <\/div>\n        <div id=\"topic2\" class=\"skip-item\">\n                        <h2>Was erwartet Sie im NETGEAR Business Surveillance Switch Guide?<\/h2>\n                <p data-start=\"119\" data-end=\"334\"><strong data-start=\"119\" data-end=\"153\">Detaillierter Produktvergleich<\/strong><br data-start=\"153\" data-end=\"156\" \/>Vergleichen Sie unmanaged, smart managed und voll verwaltete Switches nebeneinander. Finden Sie schnell die Modelle, die Ihren Anforderungen an Ports und Strombudget entsprechen.<\/p>\n<p data-start=\"336\" data-end=\"387\">\u2705 <strong data-start=\"338\" data-end=\"385\">PoE-Funktionen speziell f\u00fcr die \u00dcberwachung<\/strong><\/p>\n<p data-start=\"389\" data-end=\"497\">Erfahren Sie mehr \u00fcber erweiterte PoE-F\u00e4higkeiten, die Ihre Sicherheitskameras reibungslos am Laufen halten:<\/p>\n<ul data-start=\"499\" data-end=\"810\">\n<li data-start=\"499\" data-end=\"565\">\n<p data-start=\"501\" data-end=\"565\"><strong data-start=\"501\" data-end=\"516\">Dynamic PoE<\/strong> \u2013 Optimiert die Stromverteilung \u00fcber die Ports<\/p>\n<\/li>\n<li data-start=\"566\" data-end=\"647\">\n<p data-start=\"568\" data-end=\"647\"><strong data-start=\"568\" data-end=\"588\">PoE Self-Healing<\/strong> \u2013 Stellt nicht reagierende Ger\u00e4te automatisch wieder her<\/p>\n<\/li>\n<li data-start=\"648\" data-end=\"729\">\n<p data-start=\"650\" data-end=\"729\"><strong data-start=\"650\" data-end=\"674\">Ununterbrochenes PoE<\/strong> \u2013 Versorgt Ger\u00e4te w\u00e4hrend Firmware-Updates mit Strom<\/p>\n<\/li>\n<li data-start=\"730\" data-end=\"810\">\n<p data-start=\"732\" data-end=\"810\"><strong data-start=\"732\" data-end=\"743\">FlexPoE<\/strong> \u2013 Erh\u00f6hen Sie Ihr PoE-Strombudget, ohne den Switch auszutauschen<\/p>\n<\/li>\n<\/ul>\n<p data-start=\"812\" data-end=\"845\">\u2705 <strong data-start=\"814\" data-end=\"843\">Zukunftssichere Netzwerke<\/strong><\/p>\n<p data-start=\"847\" data-end=\"1069\">Erfahren Sie, wie NETGEAR Business Switches mit Ihrem Unternehmen wachsen k\u00f6nnen \u2013 dank skalierbarer L\u00f6sungen wie Ultra60 PoE++ f\u00fcr Ger\u00e4te mit hohem Stromverbrauch und Multi-Gigabit-Uplinks f\u00fcr schnellere Daten\u00fcbertragung.<\/p>\n<p data-start=\"1071\" data-end=\"1117\">\u2705 <strong data-start=\"1073\" data-end=\"1115\">Garantie- und Compliance-Informationen<\/strong><\/p>\n<p data-start=\"1119\" data-end=\"1296\">Seien Sie sicher, dass NETGEAR Business Produkte mit robusten Garantien und NDAA-Konformit\u00e4t f\u00fcr den Einsatz in Regierungs- und sicherheitssensiblen Umgebungen geliefert werden.<\/p>\n    <\/div>\n        <div id=\"topic3\" class=\"skip-item\">\n                        <h2>F\u00fcr wen ist dieser Leitfaden geeignet?<\/h2>\n                <p data-start=\"95\" data-end=\"126\">Dieser Leitfaden ist ideal f\u00fcr:<\/p>\n<ul data-start=\"128\" data-end=\"389\">\n<li data-start=\"128\" data-end=\"181\">\n<p data-start=\"130\" data-end=\"181\">IT-Fachkr\u00e4fte, die Sicherheitsnetzwerke verwalten<\/p>\n<\/li>\n<li data-start=\"182\" data-end=\"242\">\n<p data-start=\"184\" data-end=\"242\">Gesch\u00e4ftsinhaber, die ein Video\u00fcberwachungssystem planen<\/p>\n<\/li>\n<li data-start=\"243\" data-end=\"321\">\n<p data-start=\"245\" data-end=\"321\">Installateure und Systemintegratoren, die zuverl\u00e4ssige PoE-L\u00f6sungen suchen<\/p>\n<\/li>\n<li data-start=\"322\" data-end=\"389\">\n<p data-start=\"324\" data-end=\"389\">Alle, die die besten PoE-Switches f\u00fcr IP-Kameras finden m\u00f6chten<\/p>\n<\/li>\n<\/ul>\n    <\/div>\n        <div id=\"topic4\" class=\"skip-item\">\n                        <h2>Laden Sie den NETGEAR Business Surveillance Switch Guide herunter<\/h2>\n                <p>Ready to design a smarter, more reliable video surveillance network? Get your free copy of the NETGEAR Business Surveillance Switch Guide today and take the guesswork out of PoE switch selection.<\/p>\n<p><a class=\"explore-btn\" href=\"https:\/\/get.netgear.com\/hubfs\/General%20NTGR%20Enterprise%20Files\/Surveillance%20Switch%20Guide.pdf\">Download: PoE-Switches f\u00fcr Video\u00fcberwachung<\/a><\/p>\n    <\/div>\n        <div id=\"topic5\" class=\"skip-item\">\n                        <h2>Bauen Sie ein besseres Video\u00fcberwachungsnetzwerk mit NETGEAR Business auf<\/h2>\n                <p>Mit jahrzehntelanger Netzwerkerfahrung bietet NETGEAR Business leistungsstarke und kosteneffiziente Switches, denen Profis weltweit vertrauen. Machen Sie Ihr Video\u00fcberwachungssystem zukunftssicher \u2013 beginnen Sie mit unserem kostenlosen Leitfaden zur Auswahl des richtigen PoE-Switches.<\/p>\n    <\/div>\n        <div id=\"topic6\" class=\"skip-item\">\n                        <h2>Mehr informationen<\/h2>\n                <p><!--IT ACADEMY--><\/p>\n<p>\nAlles \u00fcber IP-Netzwerke lernen \u2013 in der NETGEAR ACADEMY<\/p>\n<div class=\"hs-cta-embed hs-cta-simple-placeholder hs-cta-embed-242204954356\" style=\"max-width:100%;max-height:100%;width:260px;height:50.390625px\" data-hubspot-wrapper-cta-id=\"242204954356\"><br \/>\n  <a href=\"https:\/\/cta-na2.hubspot.com\/web-interactives\/public\/v1\/track\/redirect?encryptedPayload=AVxigLLkH9zel89o4qb5Zt0HNH2fd%2FRPXNoIMgiMzse7LTSjZhAi9JGmYnyHR1fYgVtqiIdLJk0UNBiYKxNP%2B%2FkdsBG1bikxBOFgBdX7C8VIedE8pHvRDgz%2F5zbzhiRhRBSaQNkZPdEPlmtk1BrN3KAJybsrZkfDr26KvP5h8b3eKmfGBpfusntV9159BNLCOue6HmfkXhcXHdUr6kvupL%2BZSl13fw11hQ%3D%3D&#038;webInteractiveContentId=242204954356&#038;portalId=242128791\" target=\"_blank\" rel=\"noopener\"><br \/>\n    <img decoding=\"async\" alt=\"NETGEAR ACADEMY\" loading=\"lazy\" src=\"https:\/\/hubspot-no-cache-na2-prod.s3.amazonaws.com\/cta\/default\/242128791\/interactive-242204954356.png\" style=\"height: 100%;width: 100%;object-fit: fill\" \/><br \/>\n  <\/a>\n<\/div>\n<\/p>\n<p><!--NETGEAR BUSINESS-L\u00d6SUNGEN--><br \/>\nMehr \u00fcber unsere Business-Produkte erfahren<\/p>\n<div class=\"hs-cta-embed hs-cta-simple-placeholder hs-cta-embed-242892643058\" style=\"max-width:100%;max-height:100%;width:290px;height:50.390625px\" data-hubspot-wrapper-cta-id=\"242892643058\"><br \/>\n  <a href=\"https:\/\/cta-na2.hubspot.com\/web-interactives\/public\/v1\/track\/redirect?encryptedPayload=AVxigLKSM9WTTg7%2FAeRV5qugDCzPgQ8MwIY0MWnrXLIcw1araTPlipAsbwW69SXPDIx4zCiH7IZWeqt%2BemeJLODhF%2FDlADckUBODpWmfLAeC%2B10Ud4YKVbb7l5mPLqwZdwx6VwqQcDHRL6LCGiyEcIh1qQqL0T3sxlnvr0t4bAvKCKjkKFXgqcVzXA%3D%3D&#038;webInteractiveContentId=242892643058&#038;portalId=242128791\" target=\"_blank\" rel=\"noopener\"><br \/>\n    <img decoding=\"async\" alt=\"NETGEAR BUSINESS-L&Ouml;SUNGEN\" loading=\"lazy\" src=\"https:\/\/hubspot-no-cache-na2-prod.s3.amazonaws.com\/cta\/default\/242128791\/interactive-242892643058.png\" style=\"height: 100%;width: 100%;object-fit: fill\" \/><br \/>\n  <\/a>\n<\/div>\n<\/p>\n<p><!--KONTAKT PRO-IT-TEAM--><br \/>\nUnsere Ingenieure unterst\u00fctzen Sie kostenlos bei Ihrem Projekt<\/p>\n<div class=\"hs-cta-embed hs-cta-simple-placeholder hs-cta-embed-243357216462\" style=\"max-width:100%;max-height:100%;width:270px;height:50.390625px\" data-hubspot-wrapper-cta-id=\"243357216462\"><br \/>\n  <a href=\"https:\/\/cta-na2.hubspot.com\/web-interactives\/public\/v1\/track\/redirect?encryptedPayload=AVxigLLDLW9VQWb4KrQmRcjsqTuf%2FuyDW3WXwEj5f3NU4BFDIv27kSpH0qSkjVgPUXivdMHP6X%2BeAUdqAbP3ZmLXheRarsiChTaBxrimYPLe5owZ4Po3%2BEI5fHLIb0j84l5QAeQI%2FZ%2BZihAb%2BlU%2FueLTfsxF4M%2BIVn1iR5q12JvVvFRHaIeXzA7yOoLAGAv9jXkl2yiFxusDYF1p%2By7izKTLjNTlKdS1%2BNmZ7s0%3D&#038;webInteractiveContentId=243357216462&#038;portalId=242128791\" target=\"_blank\" rel=\"noopener\"><br \/>\n    <img decoding=\"async\" alt=\"KONTAKT PRO-IT-TEAM\" loading=\"lazy\" src=\"https:\/\/hubspot-no-cache-na2-prod.s3.amazonaws.com\/cta\/default\/242128791\/interactive-243357216462.png\" style=\"height: 100%;width: 100%;object-fit: fill\" \/><br \/>\n  <\/a>\n<\/div>\n<\/p>\n<p><iframe loading=\"lazy\" src=\"https:\/\/405nrr.share-na2.hsforms.com\/25w_D-U5iS-e5KaSaP86jnQ\" width=\"100%\" height=\"1200px\"><\/iframe><\/p>\n    <\/div>\n    \n","protected":false},"excerpt":{"rendered":"","protected":false},"author":94,"featured_media":10732,"parent":6714,"menu_order":3,"comment_status":"closed","ping_status":"closed","template":"templates\/mesh-vs-wifi.php","meta":{"_acf_changed":false,"footnotes":""},"class_list":["post-10733","page","type-page","status-publish","has-post-thumbnail","hentry"],"acf":[],"yoast_head":"<!-- This site is optimized with the Yoast SEO plugin v27.4 - https:\/\/yoast.com\/product\/yoast-seo-wordpress\/ -->\n<title>Der ultimative Leitfaden zur Auswahl von PoE-Switches f\u00fcr Video\u00fcberwachung - NETGEAR Hub<\/title>\n<meta name=\"robots\" content=\"index, follow, max-snippet:-1, max-image-preview:large, max-video-preview:-1\" \/>\n<link rel=\"canonical\" href=\"https:\/\/dehub.netgear.com\/de\/hub\/business\/enterprise-it\/poe-switches-video-surveillance-guide\/\" \/>\n<meta property=\"og:locale\" content=\"de_DE\" \/>\n<meta property=\"og:type\" content=\"article\" \/>\n<meta property=\"og:title\" content=\"Der ultimative Leitfaden zur Auswahl von PoE-Switches f\u00fcr Video\u00fcberwachung - NETGEAR Hub\" \/>\n<meta property=\"og:url\" content=\"https:\/\/dehub.netgear.com\/de\/hub\/business\/enterprise-it\/poe-switches-video-surveillance-guide\/\" \/>\n<meta property=\"og:site_name\" content=\"NETGEAR Hub\" \/>\n<meta property=\"article:publisher\" content=\"https:\/\/www.facebook.com\/NetgearAU\/\" \/>\n<meta property=\"article:modified_time\" content=\"2025-09-26T09:30:00+00:00\" \/>\n<meta property=\"og:image\" content=\"https:\/\/dehub.netgear.com\/de\/hub\/wp-content\/uploads\/2025\/09\/poe-security-camera-gi-625905168-383x288-1.jpg\" \/>\n\t<meta property=\"og:image:width\" content=\"383\" \/>\n\t<meta property=\"og:image:height\" content=\"288\" \/>\n\t<meta property=\"og:image:type\" content=\"image\/jpeg\" \/>\n<meta name=\"twitter:card\" content=\"summary_large_image\" \/>\n<meta name=\"twitter:site\" content=\"@NETGEAR\" \/>\n<script type=\"application\/ld+json\" class=\"yoast-schema-graph\">{\"@context\":\"https:\\\/\\\/schema.org\",\"@graph\":[{\"@type\":\"WebPage\",\"@id\":\"https:\\\/\\\/dehub.netgear.com\\\/de\\\/hub\\\/business\\\/enterprise-it\\\/poe-switches-video-surveillance-guide\\\/\",\"url\":\"https:\\\/\\\/dehub.netgear.com\\\/de\\\/hub\\\/business\\\/enterprise-it\\\/poe-switches-video-surveillance-guide\\\/\",\"name\":\"Der ultimative Leitfaden zur Auswahl von PoE-Switches f\u00fcr Video\u00fcberwachung - NETGEAR Hub\",\"isPartOf\":{\"@id\":\"https:\\\/\\\/dehub.netgear.com\\\/de\\\/hub\\\/#website\"},\"primaryImageOfPage\":{\"@id\":\"https:\\\/\\\/dehub.netgear.com\\\/de\\\/hub\\\/business\\\/enterprise-it\\\/poe-switches-video-surveillance-guide\\\/#primaryimage\"},\"image\":{\"@id\":\"https:\\\/\\\/dehub.netgear.com\\\/de\\\/hub\\\/business\\\/enterprise-it\\\/poe-switches-video-surveillance-guide\\\/#primaryimage\"},\"thumbnailUrl\":\"https:\\\/\\\/dehub.netgear.com\\\/de\\\/hub\\\/wp-content\\\/uploads\\\/2025\\\/09\\\/poe-security-camera-gi-625905168-383x288-1.jpg\",\"datePublished\":\"2025-09-17T07:52:18+00:00\",\"dateModified\":\"2025-09-26T09:30:00+00:00\",\"breadcrumb\":{\"@id\":\"https:\\\/\\\/dehub.netgear.com\\\/de\\\/hub\\\/business\\\/enterprise-it\\\/poe-switches-video-surveillance-guide\\\/#breadcrumb\"},\"inLanguage\":\"de\",\"potentialAction\":[{\"@type\":\"ReadAction\",\"target\":[\"https:\\\/\\\/dehub.netgear.com\\\/de\\\/hub\\\/business\\\/enterprise-it\\\/poe-switches-video-surveillance-guide\\\/\"]}]},{\"@type\":\"ImageObject\",\"inLanguage\":\"de\",\"@id\":\"https:\\\/\\\/dehub.netgear.com\\\/de\\\/hub\\\/business\\\/enterprise-it\\\/poe-switches-video-surveillance-guide\\\/#primaryimage\",\"url\":\"https:\\\/\\\/dehub.netgear.com\\\/de\\\/hub\\\/wp-content\\\/uploads\\\/2025\\\/09\\\/poe-security-camera-gi-625905168-383x288-1.jpg\",\"contentUrl\":\"https:\\\/\\\/dehub.netgear.com\\\/de\\\/hub\\\/wp-content\\\/uploads\\\/2025\\\/09\\\/poe-security-camera-gi-625905168-383x288-1.jpg\",\"width\":383,\"height\":288,\"caption\":\"Mature Male Technician Standing On Stepladder Fitting CCTV Camera On Wall\"},{\"@type\":\"BreadcrumbList\",\"@id\":\"https:\\\/\\\/dehub.netgear.com\\\/de\\\/hub\\\/business\\\/enterprise-it\\\/poe-switches-video-surveillance-guide\\\/#breadcrumb\",\"itemListElement\":[{\"@type\":\"ListItem\",\"position\":1,\"name\":\"Home\",\"item\":\"https:\\\/\\\/dehub.netgear.com\\\/de\\\/hub\\\/\"},{\"@type\":\"ListItem\",\"position\":2,\"name\":\"Business Articles Hub\",\"item\":\"https:\\\/\\\/dehub.netgear.com\\\/de\\\/hub\\\/business\\\/\"},{\"@type\":\"ListItem\",\"position\":3,\"name\":\"Business Networking Articles Hub\",\"item\":\"https:\\\/\\\/dehub.netgear.com\\\/de\\\/hub\\\/business\\\/enterprise-it\\\/\"},{\"@type\":\"ListItem\",\"position\":4,\"name\":\"Der ultimative Leitfaden zur Auswahl von PoE-Switches f\u00fcr Video\u00fcberwachung\"}]},{\"@type\":\"WebSite\",\"@id\":\"https:\\\/\\\/dehub.netgear.com\\\/de\\\/hub\\\/#website\",\"url\":\"https:\\\/\\\/dehub.netgear.com\\\/de\\\/hub\\\/\",\"name\":\"NETGEAR\",\"description\":\"Erkunden Sie unsere Hub-Seiten und st\u00f6bern Sie in Artikeln, um mehr \u00fcber NETGEAR Produkte und Technologien zu erfahren.\",\"publisher\":{\"@id\":\"https:\\\/\\\/dehub.netgear.com\\\/de\\\/hub\\\/#organization\"},\"potentialAction\":[{\"@type\":\"SearchAction\",\"target\":{\"@type\":\"EntryPoint\",\"urlTemplate\":\"https:\\\/\\\/dehub.netgear.com\\\/de\\\/hub\\\/?s={search_term_string}\"},\"query-input\":{\"@type\":\"PropertyValueSpecification\",\"valueRequired\":true,\"valueName\":\"search_term_string\"}}],\"inLanguage\":\"de\"},{\"@type\":\"Organization\",\"@id\":\"https:\\\/\\\/dehub.netgear.com\\\/de\\\/hub\\\/#organization\",\"name\":\"NETGEAR\",\"url\":\"https:\\\/\\\/dehub.netgear.com\\\/de\\\/hub\\\/\",\"logo\":{\"@type\":\"ImageObject\",\"inLanguage\":\"de\",\"@id\":\"https:\\\/\\\/dehub.netgear.com\\\/de\\\/hub\\\/#\\\/schema\\\/logo\\\/image\\\/\",\"url\":\"https:\\\/\\\/www.dehub.netgear.com\\\/de\\\/hub\\\/wp-content\\\/uploads\\\/2019\\\/07\\\/NETGEAR_logo.jpg\",\"contentUrl\":\"https:\\\/\\\/www.dehub.netgear.com\\\/de\\\/hub\\\/wp-content\\\/uploads\\\/2019\\\/07\\\/NETGEAR_logo.jpg\",\"width\":1500,\"height\":501,\"caption\":\"NETGEAR\"},\"image\":{\"@id\":\"https:\\\/\\\/dehub.netgear.com\\\/de\\\/hub\\\/#\\\/schema\\\/logo\\\/image\\\/\"},\"sameAs\":[\"https:\\\/\\\/www.facebook.com\\\/NetgearAU\\\/\",\"https:\\\/\\\/x.com\\\/NETGEAR\",\"https:\\\/\\\/www.linkedin.com\\\/company\\\/netgear\"]}]}<\/script>\n<!-- \/ Yoast SEO plugin. -->","yoast_head_json":{"title":"Der ultimative Leitfaden zur Auswahl von PoE-Switches f\u00fcr Video\u00fcberwachung - NETGEAR Hub","robots":{"index":"index","follow":"follow","max-snippet":"max-snippet:-1","max-image-preview":"max-image-preview:large","max-video-preview":"max-video-preview:-1"},"canonical":"https:\/\/dehub.netgear.com\/de\/hub\/business\/enterprise-it\/poe-switches-video-surveillance-guide\/","og_locale":"de_DE","og_type":"article","og_title":"Der ultimative Leitfaden zur Auswahl von PoE-Switches f\u00fcr Video\u00fcberwachung - NETGEAR Hub","og_url":"https:\/\/dehub.netgear.com\/de\/hub\/business\/enterprise-it\/poe-switches-video-surveillance-guide\/","og_site_name":"NETGEAR Hub","article_publisher":"https:\/\/www.facebook.com\/NetgearAU\/","article_modified_time":"2025-09-26T09:30:00+00:00","og_image":[{"width":383,"height":288,"url":"https:\/\/dehub.netgear.com\/de\/hub\/wp-content\/uploads\/2025\/09\/poe-security-camera-gi-625905168-383x288-1.jpg","type":"image\/jpeg"}],"twitter_card":"summary_large_image","twitter_site":"@NETGEAR","schema":{"@context":"https:\/\/schema.org","@graph":[{"@type":"WebPage","@id":"https:\/\/dehub.netgear.com\/de\/hub\/business\/enterprise-it\/poe-switches-video-surveillance-guide\/","url":"https:\/\/dehub.netgear.com\/de\/hub\/business\/enterprise-it\/poe-switches-video-surveillance-guide\/","name":"Der ultimative Leitfaden zur Auswahl von PoE-Switches f\u00fcr Video\u00fcberwachung - NETGEAR Hub","isPartOf":{"@id":"https:\/\/dehub.netgear.com\/de\/hub\/#website"},"primaryImageOfPage":{"@id":"https:\/\/dehub.netgear.com\/de\/hub\/business\/enterprise-it\/poe-switches-video-surveillance-guide\/#primaryimage"},"image":{"@id":"https:\/\/dehub.netgear.com\/de\/hub\/business\/enterprise-it\/poe-switches-video-surveillance-guide\/#primaryimage"},"thumbnailUrl":"https:\/\/dehub.netgear.com\/de\/hub\/wp-content\/uploads\/2025\/09\/poe-security-camera-gi-625905168-383x288-1.jpg","datePublished":"2025-09-17T07:52:18+00:00","dateModified":"2025-09-26T09:30:00+00:00","breadcrumb":{"@id":"https:\/\/dehub.netgear.com\/de\/hub\/business\/enterprise-it\/poe-switches-video-surveillance-guide\/#breadcrumb"},"inLanguage":"de","potentialAction":[{"@type":"ReadAction","target":["https:\/\/dehub.netgear.com\/de\/hub\/business\/enterprise-it\/poe-switches-video-surveillance-guide\/"]}]},{"@type":"ImageObject","inLanguage":"de","@id":"https:\/\/dehub.netgear.com\/de\/hub\/business\/enterprise-it\/poe-switches-video-surveillance-guide\/#primaryimage","url":"https:\/\/dehub.netgear.com\/de\/hub\/wp-content\/uploads\/2025\/09\/poe-security-camera-gi-625905168-383x288-1.jpg","contentUrl":"https:\/\/dehub.netgear.com\/de\/hub\/wp-content\/uploads\/2025\/09\/poe-security-camera-gi-625905168-383x288-1.jpg","width":383,"height":288,"caption":"Mature Male Technician Standing On Stepladder Fitting CCTV Camera On Wall"},{"@type":"BreadcrumbList","@id":"https:\/\/dehub.netgear.com\/de\/hub\/business\/enterprise-it\/poe-switches-video-surveillance-guide\/#breadcrumb","itemListElement":[{"@type":"ListItem","position":1,"name":"Home","item":"https:\/\/dehub.netgear.com\/de\/hub\/"},{"@type":"ListItem","position":2,"name":"Business Articles Hub","item":"https:\/\/dehub.netgear.com\/de\/hub\/business\/"},{"@type":"ListItem","position":3,"name":"Business Networking Articles Hub","item":"https:\/\/dehub.netgear.com\/de\/hub\/business\/enterprise-it\/"},{"@type":"ListItem","position":4,"name":"Der ultimative Leitfaden zur Auswahl von PoE-Switches f\u00fcr Video\u00fcberwachung"}]},{"@type":"WebSite","@id":"https:\/\/dehub.netgear.com\/de\/hub\/#website","url":"https:\/\/dehub.netgear.com\/de\/hub\/","name":"NETGEAR","description":"Erkunden Sie unsere Hub-Seiten und st\u00f6bern Sie in Artikeln, um mehr \u00fcber NETGEAR Produkte und Technologien zu erfahren.","publisher":{"@id":"https:\/\/dehub.netgear.com\/de\/hub\/#organization"},"potentialAction":[{"@type":"SearchAction","target":{"@type":"EntryPoint","urlTemplate":"https:\/\/dehub.netgear.com\/de\/hub\/?s={search_term_string}"},"query-input":{"@type":"PropertyValueSpecification","valueRequired":true,"valueName":"search_term_string"}}],"inLanguage":"de"},{"@type":"Organization","@id":"https:\/\/dehub.netgear.com\/de\/hub\/#organization","name":"NETGEAR","url":"https:\/\/dehub.netgear.com\/de\/hub\/","logo":{"@type":"ImageObject","inLanguage":"de","@id":"https:\/\/dehub.netgear.com\/de\/hub\/#\/schema\/logo\/image\/","url":"https:\/\/www.dehub.netgear.com\/de\/hub\/wp-content\/uploads\/2019\/07\/NETGEAR_logo.jpg","contentUrl":"https:\/\/www.dehub.netgear.com\/de\/hub\/wp-content\/uploads\/2019\/07\/NETGEAR_logo.jpg","width":1500,"height":501,"caption":"NETGEAR"},"image":{"@id":"https:\/\/dehub.netgear.com\/de\/hub\/#\/schema\/logo\/image\/"},"sameAs":["https:\/\/www.facebook.com\/NetgearAU\/","https:\/\/x.com\/NETGEAR","https:\/\/www.linkedin.com\/company\/netgear"]}]}},"_links":{"self":[{"href":"https:\/\/dehub.netgear.com\/de\/hub\/wp-json\/wp\/v2\/pages\/10733","targetHints":{"allow":["GET"]}}],"collection":[{"href":"https:\/\/dehub.netgear.com\/de\/hub\/wp-json\/wp\/v2\/pages"}],"about":[{"href":"https:\/\/dehub.netgear.com\/de\/hub\/wp-json\/wp\/v2\/types\/page"}],"author":[{"embeddable":true,"href":"https:\/\/dehub.netgear.com\/de\/hub\/wp-json\/wp\/v2\/users\/94"}],"replies":[{"embeddable":true,"href":"https:\/\/dehub.netgear.com\/de\/hub\/wp-json\/wp\/v2\/comments?post=10733"}],"version-history":[{"count":3,"href":"https:\/\/dehub.netgear.com\/de\/hub\/wp-json\/wp\/v2\/pages\/10733\/revisions"}],"predecessor-version":[{"id":10739,"href":"https:\/\/dehub.netgear.com\/de\/hub\/wp-json\/wp\/v2\/pages\/10733\/revisions\/10739"}],"up":[{"embeddable":true,"href":"https:\/\/dehub.netgear.com\/de\/hub\/wp-json\/wp\/v2\/pages\/6714"}],"wp:featuredmedia":[{"embeddable":true,"href":"https:\/\/dehub.netgear.com\/de\/hub\/wp-json\/wp\/v2\/media\/10732"}],"wp:attachment":[{"href":"https:\/\/dehub.netgear.com\/de\/hub\/wp-json\/wp\/v2\/media?parent=10733"}],"curies":[{"name":"wp","href":"https:\/\/api.w.org\/{rel}","templated":true}]}}