{"id":10568,"date":"2025-01-13T07:15:39","date_gmt":"2025-09-09T05:15:39","guid":{"rendered":"https:\/\/dehub.netgear.com\/de\/hub\/business\/case-studies\/it-case-studies\/larmenier-school-case-study-2\/"},"modified":"2025-11-25T16:57:29","modified_gmt":"2025-11-25T15:57:29","slug":"netgear-solutions-beijing-honghe","status":"publish","type":"page","link":"https:\/\/dehub.netgear.com\/de\/hub\/business\/case-studies\/it-case-studies\/netgear-solutions-beijing-honghe\/","title":{"rendered":"Verbesserung der Netzwerkstabilit\u00e4t"},"content":{"rendered":"<p>bei Beijing Honghe Intelligent System Co., Ltd. mit NETGEAR-L\u00f6sungen     <div class=\"table-of-content bg-gray\">\n        <p><strong>IN THIS ARTICLE<\/strong><\/p>\n        <ul>\n                        <li><a href=\"#topic1\">ZUSAMMENFASSUNG<\/a><\/li>\n                        <li><a href=\"#topic2\">GESCH\u00c4FTSHERAUSFORDERUNG<\/a><\/li>\n                        <li><a href=\"#topic3\">DIE L\u00d6SUNG<\/a><\/li>\n                        <li><a href=\"#topic4\">KUNDENZUFRIEDENHEIT<\/a><\/li>\n                    <\/ul>\n    <\/div>\n        <div id=\"topic1\" class=\"skip-item\">\n                        <h2>ZUSAMMENFASSUNG<\/h2>\n                <div style=\"background-color: #eeeeee;padding: 20px;width: 33%;float: right\">\n<p><strong>Unternehmen: <\/strong><br \/>\nHonghe Intelligent System Co., Ltd.<\/p>\n<p><strong>Sektor:<\/strong><br \/>\nIT-Systemhaus \/ Managed Service Provider (VAR\/MSP)<\/p>\n<p><strong>Website:<\/strong><br \/>\n<a href=\"\/\/www.hitevision.com\">hitevision.com<\/a><\/p>\n<p><strong>Standort:<\/strong><br \/>\nPeking, China<\/p>\n<\/div>\n<p>Beijing Honghe Intelligent System Co., Ltd. hatte erhebliche Probleme mit instabiler Netzabdeckung in ihren Audio- und Videokonferenzr\u00e4umen, was die Kommunikationseffizienz beeintr\u00e4chtigte. Durch den Einsatz von <strong data-start=\"641\" data-end=\"711\">intelligenten Netzwerkmanagement-Switches und -Routern von NETGEAR<\/strong> konnte das Unternehmen stabile und zuverl\u00e4ssige Verbindungen herstellen und die Verbindungsprobleme effektiv l\u00f6sen. Die intuitive Benutzeroberfl\u00e4che, die sofort einsatzbereite Funktionalit\u00e4t und der zeitnahe Support von NETGEAR trugen zu einer nahtlosen Implementierung und positiven Serviceerfahrung bei.<\/p>\n    <\/div>\n        <div id=\"topic2\" class=\"skip-item\">\n                        <h2>GESCH\u00c4FTSHERAUSFORDERUNG<\/h2>\n                <p>Vor der Implementierung der NETGEAR-Produkte hatte Beijing Honghe Intelligent System Co., Ltd. erhebliche Probleme mit der Netzabdeckung in den Audio- und Videokonferenzr\u00e4umen. Zwar war ein Signal verf\u00fcgbar, doch die Verbindung war instabil, was die Effizienz und Zuverl\u00e4ssigkeit der Kommunikationssysteme beeintr\u00e4chtigte \u2013 insbesondere in Umgebungen, in denen eine unterbrechungsfreie Audio- und Video\u00fcbertragung entscheidend ist.<\/p>\n    <\/div>\n        <div id=\"topic3\" class=\"skip-item\">\n                        <h2>DIE L\u00d6SUNG<\/h2>\n                <p data-start=\"1518\" data-end=\"1800\">Zur Behebung dieser Herausforderungen wurden <strong data-start=\"1563\" data-end=\"1631\">intelligente Netzwerkmanagement-Switches und -Router von NETGEAR<\/strong> eingesetzt. Diese Produkte sorgen f\u00fcr <strong data-start=\"1670\" data-end=\"1714\">eine stabile und zuverl\u00e4ssige Verbindung<\/strong> in den Audio- und Videokonferenzr\u00e4umen und l\u00f6sten die Verbindungsprobleme nachhaltig.<\/p>\n<p data-start=\"1802\" data-end=\"1862\">Die Kunden hoben mehrere Vorteile der NETGEAR-L\u00f6sung hervor:<\/p>\n<h4 data-start=\"1864\" data-end=\"1917\"><strong data-start=\"1869\" data-end=\"1915\">Benutzeroberfl\u00e4che &amp; einfache Einrichtung:<\/strong><\/h4>\n<p data-start=\"1918\" data-end=\"2030\">Die Benutzeroberfl\u00e4che war intuitiv und leicht zu bedienen, was die Einrichtung und Fehlerbehebung vereinfachte.<\/p>\n<h4 data-start=\"2032\" data-end=\"2064\"><strong data-start=\"2037\" data-end=\"2062\">Sofort einsatzbereit:<\/strong><\/h4>\n<p data-start=\"2065\" data-end=\"2158\">Die Produkte funktionierten direkt nach dem Auspacken \u2013 ohne komplexe Konfigurationsprozesse.<\/p>\n<h4 data-start=\"2160\" data-end=\"2188\"><strong data-start=\"2165\" data-end=\"2186\">Stabile Leistung:<\/strong><\/h4>\n<p data-start=\"2189\" data-end=\"2293\">Die hohe Zuverl\u00e4ssigkeit der Ger\u00e4te war entscheidend f\u00fcr eine konstant gute Audio- und Video\u00fcbertragung.<\/p>\n<h4 data-start=\"2295\" data-end=\"2324\"><strong data-start=\"2300\" data-end=\"2322\">Schneller Service:<\/strong><\/h4>\n<p data-start=\"2325\" data-end=\"2434\">Der Support von NETGEAR war zeitnah und effizient, was insgesamt zu einer positiven Serviceerfahrung beitrug.<\/p>\n    <\/div>\n        <div id=\"topic4\" class=\"skip-item\">\n                        <h2>KUNDENZUFRIEDENHEIT<\/h2>\n                <p data-start=\"2471\" data-end=\"2802\">Die NETGEAR-L\u00f6sung wurde an mehreren Standorten implementiert \u2013 unter anderem im <strong data-start=\"2552\" data-end=\"2605\">intelligenten Werk von Jinan Linuo Pharmaceutical<\/strong>. Dort wurden <strong data-start=\"2619\" data-end=\"2660\">17 Besprechungsr\u00e4ume in drei Geb\u00e4uden<\/strong> ausgestattet. Die Installation gew\u00e4hrleistete in allen R\u00e4umen eine zuverl\u00e4ssige und stabile Netzwerkabdeckung f\u00fcr reibungslose Kommunikation.<\/p>\n<p data-start=\"2804\" data-end=\"3029\">Beijing Honghe Intelligent System Co., Ltd. bewertete die Erfahrung mit den NETGEAR-Produkten und dem dazugeh\u00f6rigen Service <strong data-start=\"2928\" data-end=\"2947\">\u00e4u\u00dferst positiv<\/strong>. Die Ger\u00e4te waren qualitativ hochwertig, der Kundenservice schnell und effizient.<\/p>\n<p data-start=\"3031\" data-end=\"3112\">Das Unternehmen empfiehlt NETGEAR <strong data-start=\"3065\" data-end=\"3091\">uneingeschr\u00e4nkt weiter<\/strong>, insbesondere wegen:<\/p>\n<ul data-start=\"3114\" data-end=\"3215\">\n<li data-start=\"3114\" data-end=\"3140\">\n<p data-start=\"3116\" data-end=\"3140\">der stabilen Leistung,<\/p>\n<\/li>\n<li data-start=\"3141\" data-end=\"3184\">\n<p data-start=\"3143\" data-end=\"3184\">der benutzerfreundlichen Handhabung und<\/p>\n<\/li>\n<li data-start=\"3185\" data-end=\"3215\">\n<p data-start=\"3187\" data-end=\"3215\">der hohen Servicequalit\u00e4t.<\/p>\n<\/li>\n<\/ul>\n<p data-start=\"3217\" data-end=\"3419\">Dank des reibungslosen Betriebs und des zuverl\u00e4ssigen Supports ist NETGEAR ein <strong data-start=\"3296\" data-end=\"3334\">wertvoller Partner f\u00fcr Unternehmen<\/strong>, die auf eine konsistente und leistungsstarke Netzwerkinfrastruktur angewiesen sind.<\/p>\n<p data-start=\"3421\" data-end=\"3757\">Die L\u00f6sung sicherte eine <strong data-start=\"3446\" data-end=\"3483\">unterbrechungsfreie Netzabdeckung<\/strong>, die f\u00fcr die Audio- und Videokonferenzsysteme des Unternehmens entscheidend ist. Die einfache Benutzeroberfl\u00e4che f\u00fcr die Fehlersuche erleichterte zudem Einrichtung und Verwaltung des Netzwerks.<br data-start=\"3677\" data-end=\"3680\" \/><strong data-start=\"3680\" data-end=\"3757\">NETGEAR erf\u00fcllte alle gesch\u00e4ftlichen Anforderungen an die Funktionalit\u00e4t<\/strong><\/p>\n    <\/div>\n        <div id=\"topic5\" class=\"skip-item\">\n                        <p><iframe loading=\"lazy\" src=\"https:\/\/405nrr.share-na2.hsforms.com\/25w_D-U5iS-e5KaSaP86jnQ\" width=\"100%\" height=\"1200px\"><\/iframe><\/p>\n    <\/div>\n    <\/p>\n","protected":false},"excerpt":{"rendered":"<p>bei Beijing Honghe Intelligent System Co., Ltd. mit NETGEAR-L\u00f6sungen<\/p>\n","protected":false},"author":94,"featured_media":10571,"parent":10318,"menu_order":2,"comment_status":"closed","ping_status":"closed","template":"templates\/blog-wifi.php","meta":{"_acf_changed":false,"footnotes":""},"class_list":["post-10568","page","type-page","status-publish","has-post-thumbnail","hentry"],"acf":[],"yoast_head":"<!-- This site is optimized with the Yoast SEO plugin v27.5 - https:\/\/yoast.com\/product\/yoast-seo-wordpress\/ -->\n<title>Verbesserung der Netzwerkstabilit\u00e4t - NETGEAR Hub<\/title>\n<meta name=\"description\" content=\"Verbesserung der Netzwerkstabilit\u00e4t\" \/>\n<meta name=\"robots\" content=\"index, follow, max-snippet:-1, max-image-preview:large, max-video-preview:-1\" \/>\n<link rel=\"canonical\" href=\"https:\/\/dehub.netgear.com\/de\/hub\/business\/case-studies\/it-case-studies\/netgear-solutions-beijing-honghe\/\" \/>\n<meta property=\"og:locale\" content=\"de_DE\" \/>\n<meta property=\"og:type\" content=\"article\" \/>\n<meta property=\"og:title\" content=\"Verbesserung der Netzwerkstabilit\u00e4t - NETGEAR Hub\" \/>\n<meta property=\"og:description\" content=\"Verbesserung der Netzwerkstabilit\u00e4t\" \/>\n<meta property=\"og:url\" content=\"https:\/\/dehub.netgear.com\/de\/hub\/business\/case-studies\/it-case-studies\/netgear-solutions-beijing-honghe\/\" \/>\n<meta property=\"og:site_name\" content=\"NETGEAR Hub\" \/>\n<meta property=\"article:publisher\" content=\"https:\/\/www.facebook.com\/NetgearAU\/\" \/>\n<meta property=\"article:modified_time\" content=\"2025-11-25T15:57:29+00:00\" \/>\n<meta property=\"og:image\" content=\"https:\/\/dehub.netgear.com\/de\/hub\/wp-content\/uploads\/2025\/09\/vignette-Hitevision-featured-new-383x288-1.jpg\" \/>\n\t<meta property=\"og:image:width\" content=\"383\" \/>\n\t<meta property=\"og:image:height\" content=\"288\" \/>\n\t<meta property=\"og:image:type\" content=\"image\/jpeg\" \/>\n<meta name=\"twitter:card\" content=\"summary_large_image\" \/>\n<meta name=\"twitter:site\" content=\"@NETGEAR\" \/>\n<script type=\"application\/ld+json\" class=\"yoast-schema-graph\">{\"@context\":\"https:\\\/\\\/schema.org\",\"@graph\":[{\"@type\":\"WebPage\",\"@id\":\"https:\\\/\\\/dehub.netgear.com\\\/de\\\/hub\\\/business\\\/case-studies\\\/it-case-studies\\\/netgear-solutions-beijing-honghe\\\/\",\"url\":\"https:\\\/\\\/dehub.netgear.com\\\/de\\\/hub\\\/business\\\/case-studies\\\/it-case-studies\\\/netgear-solutions-beijing-honghe\\\/\",\"name\":\"Verbesserung der Netzwerkstabilit\u00e4t - NETGEAR Hub\",\"isPartOf\":{\"@id\":\"https:\\\/\\\/dehub.netgear.com\\\/de\\\/hub\\\/#website\"},\"primaryImageOfPage\":{\"@id\":\"https:\\\/\\\/dehub.netgear.com\\\/de\\\/hub\\\/business\\\/case-studies\\\/it-case-studies\\\/netgear-solutions-beijing-honghe\\\/#primaryimage\"},\"image\":{\"@id\":\"https:\\\/\\\/dehub.netgear.com\\\/de\\\/hub\\\/business\\\/case-studies\\\/it-case-studies\\\/netgear-solutions-beijing-honghe\\\/#primaryimage\"},\"thumbnailUrl\":\"https:\\\/\\\/dehub.netgear.com\\\/de\\\/hub\\\/wp-content\\\/uploads\\\/2025\\\/09\\\/vignette-Hitevision-featured-new-383x288-1.jpg\",\"datePublished\":\"2025-09-09T05:15:39+00:00\",\"dateModified\":\"2025-11-25T15:57:29+00:00\",\"description\":\"Verbesserung der Netzwerkstabilit\u00e4t\",\"breadcrumb\":{\"@id\":\"https:\\\/\\\/dehub.netgear.com\\\/de\\\/hub\\\/business\\\/case-studies\\\/it-case-studies\\\/netgear-solutions-beijing-honghe\\\/#breadcrumb\"},\"inLanguage\":\"de\",\"potentialAction\":[{\"@type\":\"ReadAction\",\"target\":[\"https:\\\/\\\/dehub.netgear.com\\\/de\\\/hub\\\/business\\\/case-studies\\\/it-case-studies\\\/netgear-solutions-beijing-honghe\\\/\"]}]},{\"@type\":\"ImageObject\",\"inLanguage\":\"de\",\"@id\":\"https:\\\/\\\/dehub.netgear.com\\\/de\\\/hub\\\/business\\\/case-studies\\\/it-case-studies\\\/netgear-solutions-beijing-honghe\\\/#primaryimage\",\"url\":\"https:\\\/\\\/dehub.netgear.com\\\/de\\\/hub\\\/wp-content\\\/uploads\\\/2025\\\/09\\\/vignette-Hitevision-featured-new-383x288-1.jpg\",\"contentUrl\":\"https:\\\/\\\/dehub.netgear.com\\\/de\\\/hub\\\/wp-content\\\/uploads\\\/2025\\\/09\\\/vignette-Hitevision-featured-new-383x288-1.jpg\",\"width\":383,\"height\":288},{\"@type\":\"BreadcrumbList\",\"@id\":\"https:\\\/\\\/dehub.netgear.com\\\/de\\\/hub\\\/business\\\/case-studies\\\/it-case-studies\\\/netgear-solutions-beijing-honghe\\\/#breadcrumb\",\"itemListElement\":[{\"@type\":\"ListItem\",\"position\":1,\"name\":\"Home\",\"item\":\"https:\\\/\\\/dehub.netgear.com\\\/de\\\/hub\\\/\"},{\"@type\":\"ListItem\",\"position\":2,\"name\":\"Business Articles Hub\",\"item\":\"https:\\\/\\\/dehub.netgear.com\\\/de\\\/hub\\\/business\\\/\"},{\"@type\":\"ListItem\",\"position\":3,\"name\":\"All Case Studies &#8211; DE\",\"item\":\"https:\\\/\\\/dehub.netgear.com\\\/de\\\/hub\\\/business\\\/case-studies\\\/\"},{\"@type\":\"ListItem\",\"position\":4,\"name\":\"IT-Fallstudien\",\"item\":\"https:\\\/\\\/dehub.netgear.com\\\/de\\\/hub\\\/business\\\/case-studies\\\/it-case-studies\\\/\"},{\"@type\":\"ListItem\",\"position\":5,\"name\":\"Verbesserung der Netzwerkstabilit\u00e4t\"}]},{\"@type\":\"WebSite\",\"@id\":\"https:\\\/\\\/dehub.netgear.com\\\/de\\\/hub\\\/#website\",\"url\":\"https:\\\/\\\/dehub.netgear.com\\\/de\\\/hub\\\/\",\"name\":\"NETGEAR\",\"description\":\"Erkunden Sie unsere Hub-Seiten und st\u00f6bern Sie in Artikeln, um mehr \u00fcber NETGEAR Produkte und Technologien zu erfahren.\",\"publisher\":{\"@id\":\"https:\\\/\\\/dehub.netgear.com\\\/de\\\/hub\\\/#organization\"},\"potentialAction\":[{\"@type\":\"SearchAction\",\"target\":{\"@type\":\"EntryPoint\",\"urlTemplate\":\"https:\\\/\\\/dehub.netgear.com\\\/de\\\/hub\\\/?s={search_term_string}\"},\"query-input\":{\"@type\":\"PropertyValueSpecification\",\"valueRequired\":true,\"valueName\":\"search_term_string\"}}],\"inLanguage\":\"de\"},{\"@type\":\"Organization\",\"@id\":\"https:\\\/\\\/dehub.netgear.com\\\/de\\\/hub\\\/#organization\",\"name\":\"NETGEAR\",\"url\":\"https:\\\/\\\/dehub.netgear.com\\\/de\\\/hub\\\/\",\"logo\":{\"@type\":\"ImageObject\",\"inLanguage\":\"de\",\"@id\":\"https:\\\/\\\/dehub.netgear.com\\\/de\\\/hub\\\/#\\\/schema\\\/logo\\\/image\\\/\",\"url\":\"https:\\\/\\\/www.dehub.netgear.com\\\/de\\\/hub\\\/wp-content\\\/uploads\\\/2019\\\/07\\\/NETGEAR_logo.jpg\",\"contentUrl\":\"https:\\\/\\\/www.dehub.netgear.com\\\/de\\\/hub\\\/wp-content\\\/uploads\\\/2019\\\/07\\\/NETGEAR_logo.jpg\",\"width\":1500,\"height\":501,\"caption\":\"NETGEAR\"},\"image\":{\"@id\":\"https:\\\/\\\/dehub.netgear.com\\\/de\\\/hub\\\/#\\\/schema\\\/logo\\\/image\\\/\"},\"sameAs\":[\"https:\\\/\\\/www.facebook.com\\\/NetgearAU\\\/\",\"https:\\\/\\\/x.com\\\/NETGEAR\",\"https:\\\/\\\/www.linkedin.com\\\/company\\\/netgear\"]}]}<\/script>\n<!-- \/ Yoast SEO plugin. -->","yoast_head_json":{"title":"Verbesserung der Netzwerkstabilit\u00e4t - NETGEAR Hub","description":"Verbesserung der Netzwerkstabilit\u00e4t","robots":{"index":"index","follow":"follow","max-snippet":"max-snippet:-1","max-image-preview":"max-image-preview:large","max-video-preview":"max-video-preview:-1"},"canonical":"https:\/\/dehub.netgear.com\/de\/hub\/business\/case-studies\/it-case-studies\/netgear-solutions-beijing-honghe\/","og_locale":"de_DE","og_type":"article","og_title":"Verbesserung der Netzwerkstabilit\u00e4t - NETGEAR Hub","og_description":"Verbesserung der Netzwerkstabilit\u00e4t","og_url":"https:\/\/dehub.netgear.com\/de\/hub\/business\/case-studies\/it-case-studies\/netgear-solutions-beijing-honghe\/","og_site_name":"NETGEAR Hub","article_publisher":"https:\/\/www.facebook.com\/NetgearAU\/","article_modified_time":"2025-11-25T15:57:29+00:00","og_image":[{"width":383,"height":288,"url":"https:\/\/dehub.netgear.com\/de\/hub\/wp-content\/uploads\/2025\/09\/vignette-Hitevision-featured-new-383x288-1.jpg","type":"image\/jpeg"}],"twitter_card":"summary_large_image","twitter_site":"@NETGEAR","schema":{"@context":"https:\/\/schema.org","@graph":[{"@type":"WebPage","@id":"https:\/\/dehub.netgear.com\/de\/hub\/business\/case-studies\/it-case-studies\/netgear-solutions-beijing-honghe\/","url":"https:\/\/dehub.netgear.com\/de\/hub\/business\/case-studies\/it-case-studies\/netgear-solutions-beijing-honghe\/","name":"Verbesserung der Netzwerkstabilit\u00e4t - NETGEAR Hub","isPartOf":{"@id":"https:\/\/dehub.netgear.com\/de\/hub\/#website"},"primaryImageOfPage":{"@id":"https:\/\/dehub.netgear.com\/de\/hub\/business\/case-studies\/it-case-studies\/netgear-solutions-beijing-honghe\/#primaryimage"},"image":{"@id":"https:\/\/dehub.netgear.com\/de\/hub\/business\/case-studies\/it-case-studies\/netgear-solutions-beijing-honghe\/#primaryimage"},"thumbnailUrl":"https:\/\/dehub.netgear.com\/de\/hub\/wp-content\/uploads\/2025\/09\/vignette-Hitevision-featured-new-383x288-1.jpg","datePublished":"2025-09-09T05:15:39+00:00","dateModified":"2025-11-25T15:57:29+00:00","description":"Verbesserung der Netzwerkstabilit\u00e4t","breadcrumb":{"@id":"https:\/\/dehub.netgear.com\/de\/hub\/business\/case-studies\/it-case-studies\/netgear-solutions-beijing-honghe\/#breadcrumb"},"inLanguage":"de","potentialAction":[{"@type":"ReadAction","target":["https:\/\/dehub.netgear.com\/de\/hub\/business\/case-studies\/it-case-studies\/netgear-solutions-beijing-honghe\/"]}]},{"@type":"ImageObject","inLanguage":"de","@id":"https:\/\/dehub.netgear.com\/de\/hub\/business\/case-studies\/it-case-studies\/netgear-solutions-beijing-honghe\/#primaryimage","url":"https:\/\/dehub.netgear.com\/de\/hub\/wp-content\/uploads\/2025\/09\/vignette-Hitevision-featured-new-383x288-1.jpg","contentUrl":"https:\/\/dehub.netgear.com\/de\/hub\/wp-content\/uploads\/2025\/09\/vignette-Hitevision-featured-new-383x288-1.jpg","width":383,"height":288},{"@type":"BreadcrumbList","@id":"https:\/\/dehub.netgear.com\/de\/hub\/business\/case-studies\/it-case-studies\/netgear-solutions-beijing-honghe\/#breadcrumb","itemListElement":[{"@type":"ListItem","position":1,"name":"Home","item":"https:\/\/dehub.netgear.com\/de\/hub\/"},{"@type":"ListItem","position":2,"name":"Business Articles Hub","item":"https:\/\/dehub.netgear.com\/de\/hub\/business\/"},{"@type":"ListItem","position":3,"name":"All Case Studies &#8211; DE","item":"https:\/\/dehub.netgear.com\/de\/hub\/business\/case-studies\/"},{"@type":"ListItem","position":4,"name":"IT-Fallstudien","item":"https:\/\/dehub.netgear.com\/de\/hub\/business\/case-studies\/it-case-studies\/"},{"@type":"ListItem","position":5,"name":"Verbesserung der Netzwerkstabilit\u00e4t"}]},{"@type":"WebSite","@id":"https:\/\/dehub.netgear.com\/de\/hub\/#website","url":"https:\/\/dehub.netgear.com\/de\/hub\/","name":"NETGEAR","description":"Erkunden Sie unsere Hub-Seiten und st\u00f6bern Sie in Artikeln, um mehr \u00fcber NETGEAR Produkte und Technologien zu erfahren.","publisher":{"@id":"https:\/\/dehub.netgear.com\/de\/hub\/#organization"},"potentialAction":[{"@type":"SearchAction","target":{"@type":"EntryPoint","urlTemplate":"https:\/\/dehub.netgear.com\/de\/hub\/?s={search_term_string}"},"query-input":{"@type":"PropertyValueSpecification","valueRequired":true,"valueName":"search_term_string"}}],"inLanguage":"de"},{"@type":"Organization","@id":"https:\/\/dehub.netgear.com\/de\/hub\/#organization","name":"NETGEAR","url":"https:\/\/dehub.netgear.com\/de\/hub\/","logo":{"@type":"ImageObject","inLanguage":"de","@id":"https:\/\/dehub.netgear.com\/de\/hub\/#\/schema\/logo\/image\/","url":"https:\/\/www.dehub.netgear.com\/de\/hub\/wp-content\/uploads\/2019\/07\/NETGEAR_logo.jpg","contentUrl":"https:\/\/www.dehub.netgear.com\/de\/hub\/wp-content\/uploads\/2019\/07\/NETGEAR_logo.jpg","width":1500,"height":501,"caption":"NETGEAR"},"image":{"@id":"https:\/\/dehub.netgear.com\/de\/hub\/#\/schema\/logo\/image\/"},"sameAs":["https:\/\/www.facebook.com\/NetgearAU\/","https:\/\/x.com\/NETGEAR","https:\/\/www.linkedin.com\/company\/netgear"]}]}},"_links":{"self":[{"href":"https:\/\/dehub.netgear.com\/de\/hub\/wp-json\/wp\/v2\/pages\/10568","targetHints":{"allow":["GET"]}}],"collection":[{"href":"https:\/\/dehub.netgear.com\/de\/hub\/wp-json\/wp\/v2\/pages"}],"about":[{"href":"https:\/\/dehub.netgear.com\/de\/hub\/wp-json\/wp\/v2\/types\/page"}],"author":[{"embeddable":true,"href":"https:\/\/dehub.netgear.com\/de\/hub\/wp-json\/wp\/v2\/users\/94"}],"replies":[{"embeddable":true,"href":"https:\/\/dehub.netgear.com\/de\/hub\/wp-json\/wp\/v2\/comments?post=10568"}],"version-history":[{"count":2,"href":"https:\/\/dehub.netgear.com\/de\/hub\/wp-json\/wp\/v2\/pages\/10568\/revisions"}],"predecessor-version":[{"id":10572,"href":"https:\/\/dehub.netgear.com\/de\/hub\/wp-json\/wp\/v2\/pages\/10568\/revisions\/10572"}],"up":[{"embeddable":true,"href":"https:\/\/dehub.netgear.com\/de\/hub\/wp-json\/wp\/v2\/pages\/10318"}],"wp:featuredmedia":[{"embeddable":true,"href":"https:\/\/dehub.netgear.com\/de\/hub\/wp-json\/wp\/v2\/media\/10571"}],"wp:attachment":[{"href":"https:\/\/dehub.netgear.com\/de\/hub\/wp-json\/wp\/v2\/media?parent=10568"}],"curies":[{"name":"wp","href":"https:\/\/api.w.org\/{rel}","templated":true}]}}