{"id":10180,"date":"2025-04-09T11:51:53","date_gmt":"2025-04-09T09:51:53","guid":{"rendered":"https:\/\/dehub.netgear.com\/de\/hub\/business\/av\/battlebots-destruct-a-thon-2\/"},"modified":"2025-09-05T19:05:14","modified_gmt":"2025-09-05T17:05:14","slug":"american-dream-audiovisuelle-effekte","status":"publish","type":"page","link":"https:\/\/dehub.netgear.com\/de\/hub\/business\/case-studies\/av-case-studies\/american-dream-audiovisuelle-effekte\/","title":{"rendered":"American Dream \u2013 Audiovisuelle Effekte mit Wow-Effekt f\u00fcr Besucher"},"content":{"rendered":"    <div class=\"table-of-content bg-gray\">\n        <p><strong>IN THIS ARTICLE<\/strong><\/p>\n        <ul>\n                        <li><a href=\"#topic2\">EINF\u00dcHRUNG<\/a><\/li>\n                        <li><a href=\"#topic3\">HINTERGRUND<\/a><\/li>\n                        <li><a href=\"#topic4\">DIE HERAUSFORDERUNG<\/a><\/li>\n                        <li><a href=\"#topic5\">DIE L\u00d6SUNG<\/a><\/li>\n                        <li><a href=\"#topic6\">INSTALLATION<\/a><\/li>\n                        <li><a href=\"#topic7\">ERGEBNISSE<\/a><\/li>\n                    <\/ul>\n    <\/div>\n        <div id=\"topic1\" class=\"skip-item\">\n                        <p>American Dream \u2013 Audiovisuelle Effekte mit Wow-Effekt f\u00fcr Besucher<\/p>\n<div style=\"background-color: #eeeeee;padding: 20px;width: 33%;float: right\">\n<p><strong>Firmenname: <\/strong><br \/>\nSNA Displays<\/p>\n<p><strong>Branche:<\/strong><br \/>\nHerstellung von LED-Displays<\/p>\n<p><strong>Website des Unternehmens:<\/strong><br \/>\n<a href=\"https:\/\/www.snadisplays.com\">snadisplays.com<\/a><\/p>\n<p><strong>Geographische Region:<\/strong><br \/>\nTimes Square, New York, USA<\/p>\n<\/div>\n    <\/div>\n        <div id=\"topic2\" class=\"skip-item\">\n                        <h2>EINF\u00dcHRUNG<\/h2>\n                <p>Das Einkaufszentrum \u201eAmerican Dream\u201c im US-Bundesstaat New Jersey definiert Unterhaltung, Gastronomie und Einzelhandel neu. Interaktive und immersive audiovisuelle Technologie (AV) entf\u00fchrt die Besucher in eine andere Welt. Beeindruckende LED-W\u00e4nde und Hunderte von digitalen Unterhaltungs- und Informationstafeln werden American Dream zu einem der modernsten und gr\u00f6\u00dften Erlebnisorte f\u00fcr US-amerikanische Verbraucher machen.<\/p>\n<p>Eine wesentliche Grundlage f\u00fcr die umfassenden, hochwertigen AV-Erlebnisse \u00fcberall auf dem Gel\u00e4nde ist das leistungsstarke und flexible Ethernet-Netzwerk mit NETGEAR Switches f\u00fcr die AV. All das ist Teil einer integrierten und ausgefeilten L\u00f6sung, bei der auch die hochentwickelte AVover-IP-Technologie von Aurora Multimedia zum Einsatz kommt.<\/p>\n<p>Der prim\u00e4re Anbieter von digitalen Informations- und Unterhaltungstafeln f\u00fcr American Dream ist SNA Displays, ein Hersteller von LED-Displays mit Sitz in New York, der mehr als 3.716 Quadratmeter an digitalen Displays f\u00fcr das Projekt bereitstellt.<\/p>\n    <\/div>\n        <div id=\"topic3\" class=\"skip-item\">\n                        <h2>HINTERGRUND<\/h2>\n                <p><img loading=\"lazy\" decoding=\"async\" class=\"size-medium wp-image-10179 alignleft\" src=\"https:\/\/dehub.netgear.com\/de\/hub\/wp-content\/uploads\/2025\/04\/visuel-American-Dream-300x225.jpg\" alt=\"\" width=\"300\" height=\"225\" srcset=\"https:\/\/dehub.netgear.com\/de\/hub\/wp-content\/uploads\/2025\/04\/visuel-American-Dream-300x225.jpg 300w, https:\/\/dehub.netgear.com\/de\/hub\/wp-content\/uploads\/2025\/04\/visuel-American-Dream-768x576.jpg 768w, https:\/\/dehub.netgear.com\/de\/hub\/wp-content\/uploads\/2025\/04\/visuel-American-Dream-383x288.jpg 383w, https:\/\/dehub.netgear.com\/de\/hub\/wp-content\/uploads\/2025\/04\/visuel-American-Dream.jpg 1024w\" sizes=\"auto, (max-width: 300px) 100vw, 300px\" \/>Das Betriebsgel\u00e4nde von American Dream auf einer Fl\u00e4che von mehreren hunderttausend Quadratmetern im Meadowlands-Gel\u00e4nde in East Rutherford besteht zu 70 Prozent aus Unterhaltungsangeboten wie Wasserparks, Indoor-G\u00e4rten, einer Skipiste, einer Eisbahn, Achterbahnen, Golfbahnen und vielem mehr. Wer zur Abwechslung etwas shoppen m\u00f6chte oder eine St\u00e4rkung braucht, findet in der Einkaufsmeile bekannte Namen wie H&amp;M, Primark, Zara, Taco Bell und Five Guys. Zus\u00e4tzlich zu mehreren LED-Videodisplays lassen dort \u00fcber 200 digitale Anzeigetafeln mit Informationen, Wegweisern und interaktiver Unterhaltung ein fantastisches Erlebnis f\u00fcr Besucher entstehen.<\/p>\n<p>F\u00fcr ihren Betrieb im Innen- und Au\u00dfenbereich ist die Sansi Development Group (SDG) verantwortlich. Sie hat das Know-how von SNA Displays hinzugezogen, um ein umfassendes Netzwerk f\u00fcr die Verwaltung und Anzeige des AV-Content f\u00fcr American Dream aufzubauen und zu betreiben. SNA Displays ist ein globaler Anbieter von hochwertigen digitalen Displays und hat einige der gr\u00f6\u00dften und bekanntesten digitalen Spektakel weltweit entwickelt und aufgebaut.<\/p>\n    <\/div>\n        <div id=\"topic4\" class=\"skip-item\">\n                        <h2>DIE HERAUSFORDERUNG<\/h2>\n                <p>AV in dieser Gr\u00f6\u00dfenordnung w\u00e4re mit herk\u00f6mmlichen Ger\u00e4ten nicht gelungen. Vernetztes AV-over-IP war die einzige M\u00f6glichkeit. Dabei handelt es sich um ein Hochleistungs- Backbone aus Switches, die effizient miteinander kommunizieren k\u00f6nnen und gen\u00fcgend Bandbreite haben, um eine riesige Matrix aus 360 Quellen und 300 Zielen zu unterst\u00fctzen. Die vor Ort vorhandenen Switches h\u00e4tten auf Dauer f\u00fcr eine Installation dieser Gr\u00f6\u00dfe (und m\u00f6gliche zuk\u00fcnftige Erweiterungen) nicht ausgereicht.<\/p>\n<p>Stew Ives, Senior Director of Systems bei SNA Displays, war der Projektleiter und erkl\u00e4rt, wonach er gesucht hat: \u201eDas AVNetzwerk hat in der Einkaufsmeile entscheidende Bedeutung. Ausfallzeiten oder Latenzen sind nicht akzeptabel. Wir wollten auch eine SDVoE-konforme, sofort einsatzbereite Switching-L\u00f6sung ohne Outsourcing der Konfiguration oder Wartung an Dritte. Wir waren auch auf der Suche nach einem Hersteller f\u00fcr die Zeit w\u00e4hrend der Einrichtung und danach.\u201c<\/p>\n<p>Aurora Multimedia spielte damals schon eine wichtige Rolle in diesem Projekt, zum Beispiel durch das bahnbrechende IPXTC3 IP\/AV-Streaming und den branchenweit ersten Transceiver und Receiver mit 4K2K und v\u00f6llig ohne Komprimierung und Latenz, der verschiedene IP\/AV-Standards miteinander verbindet und auf IPBaseT\u00ae von Aurora beruht. Aurora hat gro\u00dfe Expertise in AV-over-IP und kennt die Switching-Anforderungen von SNA Displays. Stew erhielt die Empfehlung, sich das Angebot von NETGEAR anzusehen. Paul Harris, CEO von Aurora sagte: \u201eAls NETGEAR Platinum-Partner wussten wir, dass das breite Angebot an AV-over-IP-Switches von NETGEAR die richtige Wahl f\u00fcr American Dream war.\u201c<\/p>\n    <\/div>\n        <div id=\"topic5\" class=\"skip-item\">\n                        <h2>DIE L\u00d6SUNG<\/h2>\n                <p>Nach Abschluss der Beratungen wurden auf Empfehlung von Aurora die NETGEAR Switches der M4500-Serie ausgew\u00e4hlt. Die NETGEAR M4500-Serie erf\u00fcllte mehrere wichtige Voraussetzungen, zum Beispiel SDVoE-Konformit\u00e4t f\u00fcr eine einfache Integration mit kompatiblen Ger\u00e4ten. Die einfache und schnelle Konfiguration der Switches durch NETGEAR IGMP Plus\u2122 war ein weiterer gro\u00dfer Faktor. Dadurch k\u00f6nnen sich die M4500-Ger\u00e4te problemlos vernetzen und miteinander kommunizieren. Die komplexen Aspekte von herk\u00f6mmlichem Layer-3-Switching entfallen.<\/p>\n<p>Ives erg\u00e4nzt: \u201eDas Netzwerk muss bei Umbauten flexibel sein. Die M4500 erm\u00f6glichen ein vollst\u00e4ndiges, nicht blockierendes Design. Mit dem IPX-TC3-Pro von Aurora passt jedes Ger\u00e4t in jeden beliebigen Anschluss eines Switches und ist \u00fcberall verf\u00fcgbar.\u201c<\/p>\n<p>An jedem digitalen Kiosk und jeder LED-Videowand werden vollst\u00e4ndige 4K\/60 4:4:4 10 GB-Daten bereitgestellt, die eine konsistente, latenzfreie Bildqualit\u00e4t erm\u00f6glichen. Alle Signale werden von der Software IPBaseT Manager gesteuert und weitergeleitet. Dadurch entsteht ein leistungsstarkes und sehr flexibles AV-Netzwerk, das mit allen \u00c4nderungen Schritt halten kann, die dort m\u00f6glicherweise noch geplant sind. Auch die Kapitalrendite ist hoch. Die Ger\u00e4te der Serie M4500 kosten einen Bruchteil vergleichbarer Switches. \u201eEs ist ein kosteng\u00fcnstiges 10G-Paradies: Wenn Sie den Preis \u00e4hnlicher Switches mit dem NETGEAR One vergleichen, klappt Ihnen die Kinnlade herunter\u201c, erkl\u00e4rt Ives.<\/p>\n    <\/div>\n        <div id=\"topic6\" class=\"skip-item\">\n                        <h2>INSTALLATION<\/h2>\n                <p>Urspr\u00fcnglich war geplant, \u00fcber Nacht von den alten zu den neuen Switches zu wechseln, um Beeintr\u00e4chtigungen f\u00fcr Besucher zu vermeiden. Aufgrund von Covid-19 musste American Dream aber vor\u00fcbergehend die T\u00fcren schlie\u00dfen und die Installation ohne vor-Ort-Support von NETGEAR stattfinden. Stew Ives: \u201eZum Gl\u00fcck konnten wir durch die werkseitige Einrichtung und die Remote-Netzwerkverwaltung von NETGEAR die gesamte Arbeit selbst erledigen. Wir hatten f\u00fcr den Umbau eine Ausfallzeit von 12 Stunden veranschlagt, aber es hat nur vier Stunden gedauert, und das war gr\u00f6\u00dftenteils k\u00f6rperliche Arbeit.\u201c<\/p>\n<p>Ives f\u00e4hrt fort: \u201eWenn wir Hilfe ben\u00f6tigten, war das Serviceteam von NETGEAR Pro AV Engineering sehr hilfsbereit. Unser Team und ihr Team haben einen gemeinsamen Slack-Kanal, und das ist entscheidend, um bei einem so anspruchsvollen Projekt alle auf dem aktuellen Stand zu halten. Es wird immer unvorhergesehene Probleme geben, aber was wir verlangen ist nur, dass sofort jemand reagiert.\u201c<\/p>\n    <\/div>\n        <div id=\"topic7\" class=\"skip-item\">\n                        <h2>ERGEBNISSE<\/h2>\n                <p>Die fertige Installation umfasst 16 M4500-48XF8C-Edge-Switches und vier M4500-32C-Core-Switches, die AVDatenverkehr \u00fcbertragen. Im Herbst 2020 lag die Gesamtzahl der digitalen Kioske bei 220, wobei au\u00dferdem etwa 140 LED-Bildschirme und Videow\u00e4nde mit Prozessoren von Analog Way bedient wurden.<\/p>\n<p>SNA Displays haben au\u00dferdem das vorhandene Datennetzwerk durch einen M4300-96X-Core-Switch ersetzt, der von mehreren kleineren NETGEAR S3300-Switches unterst\u00fctzt wird. Ives sagt: \u201eDer M4300 wurde zwar speziell<br \/>\nf\u00fcr AV entwickelt, eignet sich aber auch hervorragend f\u00fcr die \u00dcbertragung von anderem Netzwerk-Traffic.\u201c<\/p>\n<p>Abschlie\u00dfend f\u00fcgt er hinzu: \u201eUnabh\u00e4ngig von der Gr\u00f6\u00dfe setze ich in Zukunft bei der Netzwerkbereitstellung auf NETGEAR. Das hat mehrere Gr\u00fcnde: Sie arbeiten direkt mit den Experten zusammen, die Switches erf\u00fcllen die Anforderungen unserer Kunden, und es wird keine Zeit verschwendet. Schon jetzt haben wir mit dem American Dream-Projekt zur Grundsteinlegung f\u00fcr ein ph\u00e4nomenales Projekt beigetragen.\u201c<\/p>\n    <\/div>\n        <div id=\"topic8\" class=\"skip-item\">\n                        <div style=\"background-color: #eeeeee;padding: 20px;width: 100%\">\n<p><strong>Dieses Projekt inspiriert Sie?<\/strong><br \/>\nKontaktieren Sie unser ProAV-Team und besprechen Sie Ihr Projekt mit unseren AV-Experten:<br \/>\n<button style=\"font-size: 18px\"><a href=\"mailto:ProAVDesign@netgear.com\"><strong>ProAVDesign@netgear.com<\/strong><\/a><\/button><\/p>\n<p>Oder w\u00fcnschen Sie einen R\u00fcckruf?<br \/>\n<button style=\"font-size: 18px\"><a href=\"https:\/\/www.netgear.com\/de\/business\/av\/services\/proav-designsupport\/#contactformsupport\"><strong>Kontaktieren Sie mich<\/strong><\/a><\/button><\/p>\n<p>Mehr erfahren:<br \/>\n<button style=\"font-size: 18px\"><a href=\"https:\/\/www.downloads.netgear.com\/files\/GDC\/M4500\/M4500_Datasheet.pdf\"><strong>Datenblatt M4500<\/strong><\/a><\/button><\/p>\n<\/div>\n    <\/div>\n        <div id=\"topic9\" class=\"skip-item\">\n                            <\/div>\n    \n","protected":false},"excerpt":{"rendered":"","protected":false},"author":90,"featured_media":10178,"parent":10321,"menu_order":20,"comment_status":"closed","ping_status":"closed","template":"templates\/blog-wifi.php","meta":{"_acf_changed":false,"footnotes":""},"class_list":["post-10180","page","type-page","status-publish","has-post-thumbnail","hentry"],"acf":[],"yoast_head":"<!-- This site is optimized with the Yoast SEO plugin v27.4 - https:\/\/yoast.com\/product\/yoast-seo-wordpress\/ -->\n<title>American Dream \u2013 Audiovisuelle Effekte mit Wow-Effekt f\u00fcr Besucher - NETGEAR Hub<\/title>\n<meta name=\"description\" content=\"American Dream \u2013 Audiovisuelle Effekte mit Wow-Effekt f\u00fcr Besucher\" \/>\n<meta name=\"robots\" content=\"index, follow, max-snippet:-1, max-image-preview:large, max-video-preview:-1\" \/>\n<link rel=\"canonical\" href=\"https:\/\/dehub.netgear.com\/de\/hub\/business\/case-studies\/av-case-studies\/american-dream-audiovisuelle-effekte\/\" \/>\n<meta property=\"og:locale\" content=\"de_DE\" \/>\n<meta property=\"og:type\" content=\"article\" \/>\n<meta property=\"og:title\" content=\"American Dream \u2013 Audiovisuelle Effekte mit Wow-Effekt f\u00fcr Besucher - NETGEAR Hub\" \/>\n<meta property=\"og:description\" content=\"American Dream \u2013 Audiovisuelle Effekte mit Wow-Effekt f\u00fcr Besucher\" \/>\n<meta property=\"og:url\" content=\"https:\/\/dehub.netgear.com\/de\/hub\/business\/case-studies\/av-case-studies\/american-dream-audiovisuelle-effekte\/\" \/>\n<meta property=\"og:site_name\" content=\"NETGEAR Hub\" \/>\n<meta property=\"article:publisher\" content=\"https:\/\/www.facebook.com\/NetgearAU\/\" \/>\n<meta property=\"article:modified_time\" content=\"2025-09-05T17:05:14+00:00\" \/>\n<meta property=\"og:image\" content=\"https:\/\/dehub.netgear.com\/de\/hub\/wp-content\/uploads\/2025\/04\/Vignette-american-Dream.png\" \/>\n\t<meta property=\"og:image:width\" content=\"350\" \/>\n\t<meta property=\"og:image:height\" content=\"320\" \/>\n\t<meta property=\"og:image:type\" content=\"image\/png\" \/>\n<meta name=\"twitter:card\" content=\"summary_large_image\" \/>\n<meta name=\"twitter:site\" content=\"@NETGEAR\" \/>\n<script type=\"application\/ld+json\" class=\"yoast-schema-graph\">{\"@context\":\"https:\\\/\\\/schema.org\",\"@graph\":[{\"@type\":\"WebPage\",\"@id\":\"https:\\\/\\\/dehub.netgear.com\\\/de\\\/hub\\\/business\\\/case-studies\\\/av-case-studies\\\/american-dream-audiovisuelle-effekte\\\/\",\"url\":\"https:\\\/\\\/dehub.netgear.com\\\/de\\\/hub\\\/business\\\/case-studies\\\/av-case-studies\\\/american-dream-audiovisuelle-effekte\\\/\",\"name\":\"American Dream \u2013 Audiovisuelle Effekte mit Wow-Effekt f\u00fcr Besucher - NETGEAR Hub\",\"isPartOf\":{\"@id\":\"https:\\\/\\\/dehub.netgear.com\\\/de\\\/hub\\\/#website\"},\"primaryImageOfPage\":{\"@id\":\"https:\\\/\\\/dehub.netgear.com\\\/de\\\/hub\\\/business\\\/case-studies\\\/av-case-studies\\\/american-dream-audiovisuelle-effekte\\\/#primaryimage\"},\"image\":{\"@id\":\"https:\\\/\\\/dehub.netgear.com\\\/de\\\/hub\\\/business\\\/case-studies\\\/av-case-studies\\\/american-dream-audiovisuelle-effekte\\\/#primaryimage\"},\"thumbnailUrl\":\"https:\\\/\\\/dehub.netgear.com\\\/de\\\/hub\\\/wp-content\\\/uploads\\\/2025\\\/04\\\/Vignette-american-Dream.png\",\"datePublished\":\"2025-04-09T09:51:53+00:00\",\"dateModified\":\"2025-09-05T17:05:14+00:00\",\"description\":\"American Dream \u2013 Audiovisuelle Effekte mit Wow-Effekt f\u00fcr Besucher\",\"breadcrumb\":{\"@id\":\"https:\\\/\\\/dehub.netgear.com\\\/de\\\/hub\\\/business\\\/case-studies\\\/av-case-studies\\\/american-dream-audiovisuelle-effekte\\\/#breadcrumb\"},\"inLanguage\":\"de\",\"potentialAction\":[{\"@type\":\"ReadAction\",\"target\":[\"https:\\\/\\\/dehub.netgear.com\\\/de\\\/hub\\\/business\\\/case-studies\\\/av-case-studies\\\/american-dream-audiovisuelle-effekte\\\/\"]}]},{\"@type\":\"ImageObject\",\"inLanguage\":\"de\",\"@id\":\"https:\\\/\\\/dehub.netgear.com\\\/de\\\/hub\\\/business\\\/case-studies\\\/av-case-studies\\\/american-dream-audiovisuelle-effekte\\\/#primaryimage\",\"url\":\"https:\\\/\\\/dehub.netgear.com\\\/de\\\/hub\\\/wp-content\\\/uploads\\\/2025\\\/04\\\/Vignette-american-Dream.png\",\"contentUrl\":\"https:\\\/\\\/dehub.netgear.com\\\/de\\\/hub\\\/wp-content\\\/uploads\\\/2025\\\/04\\\/Vignette-american-Dream.png\",\"width\":350,\"height\":320},{\"@type\":\"BreadcrumbList\",\"@id\":\"https:\\\/\\\/dehub.netgear.com\\\/de\\\/hub\\\/business\\\/case-studies\\\/av-case-studies\\\/american-dream-audiovisuelle-effekte\\\/#breadcrumb\",\"itemListElement\":[{\"@type\":\"ListItem\",\"position\":1,\"name\":\"Home\",\"item\":\"https:\\\/\\\/dehub.netgear.com\\\/de\\\/hub\\\/\"},{\"@type\":\"ListItem\",\"position\":2,\"name\":\"Business Articles Hub\",\"item\":\"https:\\\/\\\/dehub.netgear.com\\\/de\\\/hub\\\/business\\\/\"},{\"@type\":\"ListItem\",\"position\":3,\"name\":\"All Case Studies &#8211; DE\",\"item\":\"https:\\\/\\\/dehub.netgear.com\\\/de\\\/hub\\\/business\\\/case-studies\\\/\"},{\"@type\":\"ListItem\",\"position\":4,\"name\":\"AV Case Studies &#8211; DE\",\"item\":\"https:\\\/\\\/dehub.netgear.com\\\/de\\\/hub\\\/business\\\/case-studies\\\/av-case-studies\\\/\"},{\"@type\":\"ListItem\",\"position\":5,\"name\":\"American Dream \u2013 Audiovisuelle Effekte mit Wow-Effekt f\u00fcr Besucher\"}]},{\"@type\":\"WebSite\",\"@id\":\"https:\\\/\\\/dehub.netgear.com\\\/de\\\/hub\\\/#website\",\"url\":\"https:\\\/\\\/dehub.netgear.com\\\/de\\\/hub\\\/\",\"name\":\"NETGEAR\",\"description\":\"Erkunden Sie unsere Hub-Seiten und st\u00f6bern Sie in Artikeln, um mehr \u00fcber NETGEAR Produkte und Technologien zu erfahren.\",\"publisher\":{\"@id\":\"https:\\\/\\\/dehub.netgear.com\\\/de\\\/hub\\\/#organization\"},\"potentialAction\":[{\"@type\":\"SearchAction\",\"target\":{\"@type\":\"EntryPoint\",\"urlTemplate\":\"https:\\\/\\\/dehub.netgear.com\\\/de\\\/hub\\\/?s={search_term_string}\"},\"query-input\":{\"@type\":\"PropertyValueSpecification\",\"valueRequired\":true,\"valueName\":\"search_term_string\"}}],\"inLanguage\":\"de\"},{\"@type\":\"Organization\",\"@id\":\"https:\\\/\\\/dehub.netgear.com\\\/de\\\/hub\\\/#organization\",\"name\":\"NETGEAR\",\"url\":\"https:\\\/\\\/dehub.netgear.com\\\/de\\\/hub\\\/\",\"logo\":{\"@type\":\"ImageObject\",\"inLanguage\":\"de\",\"@id\":\"https:\\\/\\\/dehub.netgear.com\\\/de\\\/hub\\\/#\\\/schema\\\/logo\\\/image\\\/\",\"url\":\"https:\\\/\\\/www.dehub.netgear.com\\\/de\\\/hub\\\/wp-content\\\/uploads\\\/2019\\\/07\\\/NETGEAR_logo.jpg\",\"contentUrl\":\"https:\\\/\\\/www.dehub.netgear.com\\\/de\\\/hub\\\/wp-content\\\/uploads\\\/2019\\\/07\\\/NETGEAR_logo.jpg\",\"width\":1500,\"height\":501,\"caption\":\"NETGEAR\"},\"image\":{\"@id\":\"https:\\\/\\\/dehub.netgear.com\\\/de\\\/hub\\\/#\\\/schema\\\/logo\\\/image\\\/\"},\"sameAs\":[\"https:\\\/\\\/www.facebook.com\\\/NetgearAU\\\/\",\"https:\\\/\\\/x.com\\\/NETGEAR\",\"https:\\\/\\\/www.linkedin.com\\\/company\\\/netgear\"]}]}<\/script>\n<!-- \/ Yoast SEO plugin. -->","yoast_head_json":{"title":"American Dream \u2013 Audiovisuelle Effekte mit Wow-Effekt f\u00fcr Besucher - NETGEAR Hub","description":"American Dream \u2013 Audiovisuelle Effekte mit Wow-Effekt f\u00fcr Besucher","robots":{"index":"index","follow":"follow","max-snippet":"max-snippet:-1","max-image-preview":"max-image-preview:large","max-video-preview":"max-video-preview:-1"},"canonical":"https:\/\/dehub.netgear.com\/de\/hub\/business\/case-studies\/av-case-studies\/american-dream-audiovisuelle-effekte\/","og_locale":"de_DE","og_type":"article","og_title":"American Dream \u2013 Audiovisuelle Effekte mit Wow-Effekt f\u00fcr Besucher - NETGEAR Hub","og_description":"American Dream \u2013 Audiovisuelle Effekte mit Wow-Effekt f\u00fcr Besucher","og_url":"https:\/\/dehub.netgear.com\/de\/hub\/business\/case-studies\/av-case-studies\/american-dream-audiovisuelle-effekte\/","og_site_name":"NETGEAR Hub","article_publisher":"https:\/\/www.facebook.com\/NetgearAU\/","article_modified_time":"2025-09-05T17:05:14+00:00","og_image":[{"width":350,"height":320,"url":"https:\/\/dehub.netgear.com\/de\/hub\/wp-content\/uploads\/2025\/04\/Vignette-american-Dream.png","type":"image\/png"}],"twitter_card":"summary_large_image","twitter_site":"@NETGEAR","schema":{"@context":"https:\/\/schema.org","@graph":[{"@type":"WebPage","@id":"https:\/\/dehub.netgear.com\/de\/hub\/business\/case-studies\/av-case-studies\/american-dream-audiovisuelle-effekte\/","url":"https:\/\/dehub.netgear.com\/de\/hub\/business\/case-studies\/av-case-studies\/american-dream-audiovisuelle-effekte\/","name":"American Dream \u2013 Audiovisuelle Effekte mit Wow-Effekt f\u00fcr Besucher - NETGEAR Hub","isPartOf":{"@id":"https:\/\/dehub.netgear.com\/de\/hub\/#website"},"primaryImageOfPage":{"@id":"https:\/\/dehub.netgear.com\/de\/hub\/business\/case-studies\/av-case-studies\/american-dream-audiovisuelle-effekte\/#primaryimage"},"image":{"@id":"https:\/\/dehub.netgear.com\/de\/hub\/business\/case-studies\/av-case-studies\/american-dream-audiovisuelle-effekte\/#primaryimage"},"thumbnailUrl":"https:\/\/dehub.netgear.com\/de\/hub\/wp-content\/uploads\/2025\/04\/Vignette-american-Dream.png","datePublished":"2025-04-09T09:51:53+00:00","dateModified":"2025-09-05T17:05:14+00:00","description":"American Dream \u2013 Audiovisuelle Effekte mit Wow-Effekt f\u00fcr Besucher","breadcrumb":{"@id":"https:\/\/dehub.netgear.com\/de\/hub\/business\/case-studies\/av-case-studies\/american-dream-audiovisuelle-effekte\/#breadcrumb"},"inLanguage":"de","potentialAction":[{"@type":"ReadAction","target":["https:\/\/dehub.netgear.com\/de\/hub\/business\/case-studies\/av-case-studies\/american-dream-audiovisuelle-effekte\/"]}]},{"@type":"ImageObject","inLanguage":"de","@id":"https:\/\/dehub.netgear.com\/de\/hub\/business\/case-studies\/av-case-studies\/american-dream-audiovisuelle-effekte\/#primaryimage","url":"https:\/\/dehub.netgear.com\/de\/hub\/wp-content\/uploads\/2025\/04\/Vignette-american-Dream.png","contentUrl":"https:\/\/dehub.netgear.com\/de\/hub\/wp-content\/uploads\/2025\/04\/Vignette-american-Dream.png","width":350,"height":320},{"@type":"BreadcrumbList","@id":"https:\/\/dehub.netgear.com\/de\/hub\/business\/case-studies\/av-case-studies\/american-dream-audiovisuelle-effekte\/#breadcrumb","itemListElement":[{"@type":"ListItem","position":1,"name":"Home","item":"https:\/\/dehub.netgear.com\/de\/hub\/"},{"@type":"ListItem","position":2,"name":"Business Articles Hub","item":"https:\/\/dehub.netgear.com\/de\/hub\/business\/"},{"@type":"ListItem","position":3,"name":"All Case Studies &#8211; DE","item":"https:\/\/dehub.netgear.com\/de\/hub\/business\/case-studies\/"},{"@type":"ListItem","position":4,"name":"AV Case Studies &#8211; DE","item":"https:\/\/dehub.netgear.com\/de\/hub\/business\/case-studies\/av-case-studies\/"},{"@type":"ListItem","position":5,"name":"American Dream \u2013 Audiovisuelle Effekte mit Wow-Effekt f\u00fcr Besucher"}]},{"@type":"WebSite","@id":"https:\/\/dehub.netgear.com\/de\/hub\/#website","url":"https:\/\/dehub.netgear.com\/de\/hub\/","name":"NETGEAR","description":"Erkunden Sie unsere Hub-Seiten und st\u00f6bern Sie in Artikeln, um mehr \u00fcber NETGEAR Produkte und Technologien zu erfahren.","publisher":{"@id":"https:\/\/dehub.netgear.com\/de\/hub\/#organization"},"potentialAction":[{"@type":"SearchAction","target":{"@type":"EntryPoint","urlTemplate":"https:\/\/dehub.netgear.com\/de\/hub\/?s={search_term_string}"},"query-input":{"@type":"PropertyValueSpecification","valueRequired":true,"valueName":"search_term_string"}}],"inLanguage":"de"},{"@type":"Organization","@id":"https:\/\/dehub.netgear.com\/de\/hub\/#organization","name":"NETGEAR","url":"https:\/\/dehub.netgear.com\/de\/hub\/","logo":{"@type":"ImageObject","inLanguage":"de","@id":"https:\/\/dehub.netgear.com\/de\/hub\/#\/schema\/logo\/image\/","url":"https:\/\/www.dehub.netgear.com\/de\/hub\/wp-content\/uploads\/2019\/07\/NETGEAR_logo.jpg","contentUrl":"https:\/\/www.dehub.netgear.com\/de\/hub\/wp-content\/uploads\/2019\/07\/NETGEAR_logo.jpg","width":1500,"height":501,"caption":"NETGEAR"},"image":{"@id":"https:\/\/dehub.netgear.com\/de\/hub\/#\/schema\/logo\/image\/"},"sameAs":["https:\/\/www.facebook.com\/NetgearAU\/","https:\/\/x.com\/NETGEAR","https:\/\/www.linkedin.com\/company\/netgear"]}]}},"_links":{"self":[{"href":"https:\/\/dehub.netgear.com\/de\/hub\/wp-json\/wp\/v2\/pages\/10180","targetHints":{"allow":["GET"]}}],"collection":[{"href":"https:\/\/dehub.netgear.com\/de\/hub\/wp-json\/wp\/v2\/pages"}],"about":[{"href":"https:\/\/dehub.netgear.com\/de\/hub\/wp-json\/wp\/v2\/types\/page"}],"author":[{"embeddable":true,"href":"https:\/\/dehub.netgear.com\/de\/hub\/wp-json\/wp\/v2\/users\/90"}],"replies":[{"embeddable":true,"href":"https:\/\/dehub.netgear.com\/de\/hub\/wp-json\/wp\/v2\/comments?post=10180"}],"version-history":[{"count":2,"href":"https:\/\/dehub.netgear.com\/de\/hub\/wp-json\/wp\/v2\/pages\/10180\/revisions"}],"predecessor-version":[{"id":10182,"href":"https:\/\/dehub.netgear.com\/de\/hub\/wp-json\/wp\/v2\/pages\/10180\/revisions\/10182"}],"up":[{"embeddable":true,"href":"https:\/\/dehub.netgear.com\/de\/hub\/wp-json\/wp\/v2\/pages\/10321"}],"wp:featuredmedia":[{"embeddable":true,"href":"https:\/\/dehub.netgear.com\/de\/hub\/wp-json\/wp\/v2\/media\/10178"}],"wp:attachment":[{"href":"https:\/\/dehub.netgear.com\/de\/hub\/wp-json\/wp\/v2\/media?parent=10180"}],"curies":[{"name":"wp","href":"https:\/\/api.w.org\/{rel}","templated":true}]}}