{"id":10065,"date":"2025-01-03T15:23:41","date_gmt":"2025-01-03T14:23:41","guid":{"rendered":"https:\/\/dehub.netgear.com\/de\/hub\/?page_id=10065"},"modified":"2025-10-17T12:01:43","modified_gmt":"2025-10-17T10:01:43","slug":"netgear-av-loesungen-eishockey-arenen","status":"publish","type":"page","link":"https:\/\/dehub.netgear.com\/de\/hub\/business\/case-studies\/av-case-studies\/netgear-av-loesungen-eishockey-arenen\/","title":{"rendered":"NETGEAR Hardware bringt Eishockey in neue AV-Erlebnis-Liga"},"content":{"rendered":"    <div class=\"table-of-content bg-gray\">\n        <p><strong>IN THIS ARTICLE<\/strong><\/p>\n        <ul>\n                        <li><a href=\"#topic3\">WESHALB IST EIN IT-NETZWERK F\u00dcR EINE EISHOCKEY-HALLE NOTWENDIG?<\/a><\/li>\n                        <li><a href=\"#topic4\">INWIEFERN IST DIES AUCH EIN BUSINESS CASE F\u00dcR DIE EISHALLE?<\/a><\/li>\n                        <li><a href=\"#topic5\">WELCHE TECHNIK WURDE NEU VERBAUT UND WIE WIRD DIE HALLE NUN VERNETZT?<\/a><\/li>\n                        <li><a href=\"#topic6\">WO BEFINDET SICH DIE NETGEAR HARDWARE?<\/a><\/li>\n                        <li><a href=\"#topic7\">WAS WURDE ZUM NEUEN SAISONAUFTAKT ERZIELT UND WIE MACHT SICH DIES BEMERKBAR?<\/a><\/li>\n                        <li><a href=\"#topic8\">WELCHEN STELLENWERT HAT DAS AV-UPGRADE F\u00dcR DIE GCK LIONS AUF DER KEK?<\/a><\/li>\n                        <li><a href=\"#topic9\">WIE PROFITIEREN DIE GCK LIONS UND GEMEINDE K\u00dcSNACHT ALS EIGENT\u00dcMER UND BETREIBER DER KEK AUCH WIRTSCHAFTLICH?<\/a><\/li>\n                    <\/ul>\n    <\/div>\n        <div id=\"topic1\" class=\"skip-item\">\n                        <div style=\"background-color: #eeeeee;padding: 20px;width: 33%;float: right;margin-left: 10px\">\n<p><strong>Unternehmen:<\/strong><br \/>\nContcept Communication GmbH<\/p>\n<p><strong>Branche:<\/strong><br \/>\nMedia<\/p>\n<p><strong>Company website:<\/strong><br \/>\n<a href=\"https:\/\/www.contcept.ch\">contcept.ch<\/a><\/p>\n<p><strong>Location:<\/strong><br \/>\nZu\u0308rich, Switzerland<\/p>\n<p><button style=\"font-size: 18px\"><a href=\"https:\/\/www.downloads.netgear.com\/files\/business\/case-study\/de\/Contcept_CS_22Oct24_A4.pdf\"><strong>Fallstudie<\/strong><\/a><\/button><\/p>\n<\/div>\n<p>&nbsp;<br \/>\n<img loading=\"lazy\" decoding=\"async\" class=\"alignleft wp-image-10083\" src=\"https:\/\/dehub.netgear.com\/de\/hub\/wp-content\/uploads\/2025\/01\/GCK-Lyons-300x190.jpeg\" alt=\"\" width=\"600\" height=\"380\" srcset=\"https:\/\/dehub.netgear.com\/de\/hub\/wp-content\/uploads\/2025\/01\/GCK-Lyons-300x190.jpeg 300w, https:\/\/dehub.netgear.com\/de\/hub\/wp-content\/uploads\/2025\/01\/GCK-Lyons-768x487.jpeg 768w, https:\/\/dehub.netgear.com\/de\/hub\/wp-content\/uploads\/2025\/01\/GCK-Lyons.jpeg 800w\" sizes=\"auto, (max-width: 600px) 100vw, 600px\" \/><br \/>\n&nbsp;<br \/>\n&nbsp;<br \/>\n&nbsp;<br \/>\n&nbsp;<br \/>\n&nbsp;<br \/>\n&nbsp;<br \/>\n&nbsp;<br \/>\n&nbsp;<br \/>\n&nbsp;<br \/>\n&nbsp;<br \/>\n&nbsp;<\/p>\n    <\/div>\n        <div id=\"topic2\" class=\"skip-item\">\n                        <p class=\"p2\">In dieser Saison wird den Eishockey-Fans in GCK Lions, auf der KEK in Ku\u0308snacht (ZH) ein v\u00f6llig neues Erlebnis geboten. Die Eishalle wurde durch die GCK Lions technisch aufgeru\u0308stet und nutzt neu NETGEAR Hardware. Ein Blick hinter die Kulissen zeigt, wie ein NETGEAR Netzwerk das Schweizer Eishockey revolutioniert.<\/p>\n<p class=\"p2\">\u00abDie Nachfrage an Business-Switches steigt. Wir haben den Umsatz mit Fully Managed Switches in der Schweiz in den letzten drei Jahre mehr als verdoppelt \u2013 insbesondere bei System Integratoren im Audio-Video-Bereich, wo wir den Umsatz sogar vervierfacht haben\u00bb, sagt Michael Sch\u00e4fer, Country Manager bei NETGEAR Switzerland. \u00abDies spiegelt sich auch auf Marktebene wider: Im IT-Netzwerkmarkt und somit ohne AV Anteil war das Wachstum mit 20% auch deutlich st\u00e4rker als der gesamte Markt. Wir konnten somit weiter Marktanteile gewinnen und auch die Anzahl der Systemintegratoren in den letzten drei Jahren mehr als verdoppeln.\u00bb<\/p>\n<p class=\"p2\">In der Schweiz setzen aktuell 348 Systemintegratoren NETGEAR Produkte f\u00fcr ihr Netzwerkl\u00f6sungsgesch\u00e4ft ein. Das sind zumeist Anbieter multimediale Gesamtl\u00f6sungen wie Kilchenmann AG, AUVISO Audio Visual Solutions AG, B + T BILD + TON AG, Ganz Supravision AG, Lemanvisio SA. Hierbei ist der Anteil am Projektgesch\u00e4ft deutlich gestiegen und unterdessen etwas gr\u00f6sser als der Run-Rate-Umsatz bzw. die j\u00e4hrliche Umsatzlaufrate. Eine technische Aufr\u00fcstung gewinnt an Relevanz im Rahmen gr\u00f6sserer AV-Projekte in verschiedenen Marktverticals wie Education, Broadcast, Digital Signage, Veranstaltungen, medizinische Operationss\u00e4le sowie Befehls- und Kontrollzentren.<\/p>\n<p class=\"p2\">Ein neuer Trend macht sich im Sportbereich erkennbar. Zuletzt hat das Eishockey Stadion Ambri in der Gottardo Arena ein technisches NETGEAR Upgrade erhalten. Auch in der Deutschschweiz kommen Sportereignisse dank technischer AV-Aufr\u00fcstung auf ein neues Erlebnis- und Business- Level. Ein Beispiel hierf\u00fcr ist die Eishockey-Halle KEK in K\u00fcsnacht, die zur neuen Saison mit einer NETGEAR Hardware \u2013 und damit mit einer vollumf\u00e4nglichen Netzwerk-Management-L\u00f6sung \u2013 gestartet ist.<\/p>\n<p class=\"p2\">Kurt Schumacher, TV Produzent der GCK Lions in der KEK K\u00fcsnacht, hat zum Saisonauftakt erstmals einen Rundgang durch die Kunsteisbahn K\u00fcsnach (KEK) geboten und erz\u00e4hlt im Interview, was hinter der technischen Aufr\u00fcstung steckt und welche Erwartungen mit dem neuen IT-Netzwerk verbunden werden.<\/p>\n    <\/div>\n        <div id=\"topic3\" class=\"skip-item\">\n                        <h2>WESHALB IST EIN IT-NETZWERK F\u00dcR EINE EISHOCKEY-HALLE NOTWENDIG?<\/h2>\n                <p class=\"p1\">Die Sportart gewinnt an Beliebtheit &#8211; auch abseits der Halle. Einerseits gibt es noch die eingefleischten Eishockey-Fans, die regelm\u00e4ssig in der Eishalle zum Spiel vorbeischauen. Andererseits m\u00f6chte die j\u00fcngere Generation zunehmend auch online ein Match verfolgen und bei gewissen Spielterminen flexibel live reinschauen. Dieses Feedback haben wir von den Fans erhalten und m\u00f6chten dieser Zielgruppe auch gerecht werden. Via Swiss League TV sind die Fans von \u00fcberall nah dabei \u2013 ob in den Ferien oder daheim auf dem Sofa.<\/p>\n    <\/div>\n        <div id=\"topic4\" class=\"skip-item\">\n                <div class=\"skip-ftr-img\">\n            <img decoding=\"async\" src=\"https:\/\/dehub.netgear.com\/de\/hub\/wp-content\/uploads\/2025\/01\/feature-image-contcept.jpg\" alt=\"\">\n        <\/div>\n                        <h2>INWIEFERN IST DIES AUCH EIN BUSINESS CASE F\u00dcR DIE EISHALLE?<\/h2>\n                <p class=\"p1\">Der SIHF mit der Swiss League hat zus\u00e4tzlich zum SwissLague.tv neu auch Sky Sport als Signalempf\u00e4nger und Werbepartner gewonnen. Dies hilft uns dabei, die neue Zielgruppe zu erschliessen. Wichtig ist dabei aber auch, eine hervorragende Bildqualit\u00e4t zu liefern. Dahingehend sind die Anspr\u00fcche heutzutage aufgrund der gewohnten Online-Nutzung nat\u00fcrlich \u00fcberaus hoch \u2013 und da muss man auch den Fans bildtechnisch die beste Experience mit vielen Kameraeinstellungen liefern. Sonst lohnt sich all die M\u00fche nicht.<\/p>\n    <\/div>\n        <div id=\"topic5\" class=\"skip-item\">\n                        <h2>WELCHE TECHNIK WURDE NEU VERBAUT UND WIE WIRD DIE HALLE NUN VERNETZT?<\/h2>\n                <p class=\"p1\">Wir nutzen mit dem Fully Managed Switch M4350-8X8F als Core Switch. Das ist in der Tat ein Herzst\u00fcck. Ohne geht technisch n\u00e4mlich \u00fcberhaupt nichts mehr: Live-Streams, Mikrofone, Kameras und Bildschirme laufen seither ohne Wackler oder Verz\u00f6gerungen. All das wird durch ein Zusammenspiel aus weiteren Switches erm\u00f6glicht: Es braucht beispielsweise auch ein M4350-12X12F als Studio- und Labor-Switch, ein MS108EUP f\u00fcr unsere Arbeitspl\u00e4tze und ein WAX615 Wireless AP, das hohe Geschwindigkeit und Kapazit\u00e4t mit WiFi 6, Sicherheit auf Unternehmensniveau bietet. Insgesamt sind acht NETGEAR Produkte in der Eishalle im Einsatz, die wie Zahnr\u00e4der in einer Schweizer Uhr ineinandergreifen. Daher war auch der technische NETGEAR Support zu Beginn hilfreich. Denn wenn ein Ger\u00e4t nicht performt, dann funktioniert das ganze Netzwerk nicht. Die Switches sind zuverl\u00e4ssig und das ist in Sport-Momenten erfolgsentscheidend.<\/p>\n    <\/div>\n        <div id=\"topic6\" class=\"skip-item\">\n                        <h2>WO BEFINDET SICH DIE NETGEAR HARDWARE?<\/h2>\n                <p class=\"p1\">Der Core Switch befindet sich im Keller &#8211; sicher verstaut hinter soliden Bunkert\u00fcren. In der Halle haben wir den Access Point WAX615 Wireless sowie die anderen Switches beim Kamerabereich und bei unserem Regiepult angeschlossen. Genutzt wird als AV-Benutzeroberfl\u00e4che NETGEAR Engage. Dies erm\u00f6glicht eine automatische Erkennung von M4250, M4300, und M4350 Switchen zur einfachen und zentralisierten Verwaltung.<\/p>\n    <\/div>\n        <div id=\"topic7\" class=\"skip-item\">\n                <div class=\"skip-ftr-img\">\n            <img decoding=\"async\" src=\"https:\/\/dehub.netgear.com\/de\/hub\/wp-content\/uploads\/2025\/01\/Feature-image-II-Contcept.jpg\" alt=\"\">\n        <\/div>\n                        <h2>WAS WURDE ZUM NEUEN SAISONAUFTAKT ERZIELT UND WIE MACHT SICH DIES BEMERKBAR?<\/h2>\n                <p class=\"p1\">Was sich seither ver\u00e4ndert hat, ist das Erlebnis. Manche Besucher*innen schauen sogar parallel auf dem Handy, w\u00e4hrend sie in der Halle sitzen. Einfach, weil die Aufl\u00f6sung und Bildqualit\u00e4t jedes Detail festhalten, und weitere Ansichten und Replay zur Verf\u00fcgung stehen &#8211; in diesem Sport z\u00e4hlt jede Sekunde. Das geht nur, wenn die \u00dcbertragungsgeschwindigkeit stimmt. Daf\u00fcr sorgt die NETGEAR Hardware. Das Feedback der Besucher*innen ist \u00fcberaus positiv.<\/p>\n    <\/div>\n        <div id=\"topic8\" class=\"skip-item\">\n                        <h2>WELCHEN STELLENWERT HAT DAS AV-UPGRADE F\u00dcR DIE GCK LIONS AUF DER KEK?<\/h2>\n                <p class=\"p1\">Die Bild- und Audioqualit\u00e4t ist f\u00fcr unsere Zuschauer entscheidend. Wir haben aufgrund unseres Standortes nur begrenzte Parkplatzm\u00f6glichkeiten. Ausserdem haben in der Halle maximal 1\u2019500 Besucher*innen Platz. Das technische Upgrade hilft uns dabei, die Zahl der Zuschauer*innen zu erh\u00f6hen und f\u00fcr die Eishalle zu begeistern &#8211; auch wenn sie nicht vor Ort sind. Das erh\u00f6ht die Chancen, dass die Fans zu f\u00fcr sie relevanten Spielen oder im Rahmen einer Familienaktivit\u00e4t in der Eishalle erscheinen.<\/p>\n    <\/div>\n        <div id=\"topic9\" class=\"skip-item\">\n                <div class=\"skip-ftr-img\">\n            <img decoding=\"async\" src=\"https:\/\/dehub.netgear.com\/de\/hub\/wp-content\/uploads\/2025\/01\/image3.jpg\" alt=\"\">\n        <\/div>\n                        <h2>WIE PROFITIEREN DIE GCK LIONS UND GEMEINDE K\u00dcSNACHT ALS EIGENT\u00dcMER UND BETREIBER DER KEK AUCH WIRTSCHAFTLICH?<\/h2>\n                <p class=\"p1\">Werbepartnerschaften erm\u00f6glichen weitere Investitionen. Wir investieren damit auch in die Zukunft des Eishockey. Ausserdem haben wir intern eine enorme Effizienzsteigerung erzielt, da die Kommunikationswege einfacher sind und wir Ressourcen zielgerichteter nutzen k\u00f6nnen. Das ist wichtig, weil hier viele Menschen nebenberuflich aus Begeisterung f\u00fcr den Sport aktiv sind und solche Sportereignisse erm\u00f6glichen. Das muss unbedingt auch in Zukunft finanzierbar sein. Da sind zukunftsweisende Modelle gefragt. Wir sind \u00fcberzeugt: Digitale Ans\u00e4tze geh\u00f6ren auch zum Sport-Business. Das hat sich auch schon in anderen Sportbereichen wie beim Fussball gezeigt, wo Public Viewing und Livestreams schon normal sind. Wir sehen hier auch Chancen f\u00fcr das Eishockey \u2013 ganz besonders in der Schweiz, wo das ein Nationalsport ist.<\/p>\n<p class=\"p1\">\u00ab\u00dcber 300 AV-Hersteller geh\u00f6ren der unabh\u00e4ngigen *SDVoE Alliance an und stellen in einer gemeinsamen Taskforce sicher, dass die Produkte zu 100% kompatibel sind und als gesamte L\u00f6sung einwandfrei funktionieren. Die Netgear Switche sind beispielsweise mit einem Profile Templates von AV Standarts und Herstellern ausgestattet, bei dem man ganz einfach per Klick die Ports konfigurieren kann. Ein Switch kann somit ohne grosses technisches Wissen innert Minuten voll konfiguriert werden\u00bb, erkl\u00e4rt Sch\u00e4fer.<\/p>\n    <\/div>\n        <div id=\"topic10\" class=\"skip-item\">\n                        <div style=\"background-color: #eeeeee;padding: 20px;width: 100%\">\n<p><strong> NETGEAR AV WIR MACHEN AVoIP EINFACH<\/strong><br \/>\n<button style=\"font-size: 18px\"><a href=\"https:\/\/www.netgear.com\/de\/business\/solutions\/av-over-ip\/\"><strong>Weitere Informationen<\/strong><\/a><\/button><\/p>\n<\/div>\n    <\/div>\n    \n","protected":false},"excerpt":{"rendered":"","protected":false},"author":84,"featured_media":10069,"parent":10321,"menu_order":2,"comment_status":"closed","ping_status":"closed","template":"templates\/blog-wifi.php","meta":{"_acf_changed":false,"footnotes":""},"class_list":["post-10065","page","type-page","status-publish","has-post-thumbnail","hentry"],"acf":[],"yoast_head":"<!-- This site is optimized with the Yoast SEO plugin v27.4 - https:\/\/yoast.com\/product\/yoast-seo-wordpress\/ -->\n<title>NETGEAR Hardware bringt Eishockey in neue AV-Erlebnis-Liga - NETGEAR Hub %<\/title>\n<meta name=\"description\" content=\"Die AV-L\u00f6sungen von NETGEAR revolutionieren Schweizer Eishockey-Arenen und verbessern das Live- und Online-Erlebnis f\u00fcr Fans.\" \/>\n<meta name=\"robots\" content=\"index, follow, max-snippet:-1, max-image-preview:large, max-video-preview:-1\" \/>\n<link rel=\"canonical\" href=\"https:\/\/dehub.netgear.com\/de\/hub\/business\/case-studies\/av-case-studies\/netgear-av-loesungen-eishockey-arenen\/\" \/>\n<meta property=\"og:locale\" content=\"de_DE\" \/>\n<meta property=\"og:type\" content=\"article\" \/>\n<meta property=\"og:title\" content=\"NETGEAR Hardware bringt Eishockey in neue AV-Erlebnis-Liga - NETGEAR Hub %\" \/>\n<meta property=\"og:description\" content=\"Die AV-L\u00f6sungen von NETGEAR revolutionieren Schweizer Eishockey-Arenen und verbessern das Live- und Online-Erlebnis f\u00fcr Fans.\" \/>\n<meta property=\"og:url\" content=\"https:\/\/dehub.netgear.com\/de\/hub\/business\/case-studies\/av-case-studies\/netgear-av-loesungen-eishockey-arenen\/\" \/>\n<meta property=\"og:site_name\" content=\"NETGEAR Hub\" \/>\n<meta property=\"article:publisher\" content=\"https:\/\/www.facebook.com\/NetgearAU\/\" \/>\n<meta property=\"article:modified_time\" content=\"2025-10-17T10:01:43+00:00\" \/>\n<meta property=\"og:image\" content=\"https:\/\/dehub.netgear.com\/de\/hub\/wp-content\/uploads\/2025\/01\/Featured-image-Contcept-e1760695290290.jpg\" \/>\n\t<meta property=\"og:image:width\" content=\"383\" \/>\n\t<meta property=\"og:image:height\" content=\"288\" \/>\n\t<meta property=\"og:image:type\" content=\"image\/jpeg\" \/>\n<meta name=\"twitter:card\" content=\"summary_large_image\" \/>\n<meta name=\"twitter:site\" content=\"@NETGEAR\" \/>\n<script type=\"application\/ld+json\" class=\"yoast-schema-graph\">{\"@context\":\"https:\\\/\\\/schema.org\",\"@graph\":[{\"@type\":\"WebPage\",\"@id\":\"https:\\\/\\\/dehub.netgear.com\\\/de\\\/hub\\\/business\\\/case-studies\\\/av-case-studies\\\/netgear-av-loesungen-eishockey-arenen\\\/\",\"url\":\"https:\\\/\\\/dehub.netgear.com\\\/de\\\/hub\\\/business\\\/case-studies\\\/av-case-studies\\\/netgear-av-loesungen-eishockey-arenen\\\/\",\"name\":\"NETGEAR Hardware bringt Eishockey in neue AV-Erlebnis-Liga - NETGEAR Hub %\",\"isPartOf\":{\"@id\":\"https:\\\/\\\/dehub.netgear.com\\\/de\\\/hub\\\/#website\"},\"primaryImageOfPage\":{\"@id\":\"https:\\\/\\\/dehub.netgear.com\\\/de\\\/hub\\\/business\\\/case-studies\\\/av-case-studies\\\/netgear-av-loesungen-eishockey-arenen\\\/#primaryimage\"},\"image\":{\"@id\":\"https:\\\/\\\/dehub.netgear.com\\\/de\\\/hub\\\/business\\\/case-studies\\\/av-case-studies\\\/netgear-av-loesungen-eishockey-arenen\\\/#primaryimage\"},\"thumbnailUrl\":\"https:\\\/\\\/dehub.netgear.com\\\/de\\\/hub\\\/wp-content\\\/uploads\\\/2025\\\/01\\\/Featured-image-Contcept-e1760695290290.jpg\",\"datePublished\":\"2025-01-03T14:23:41+00:00\",\"dateModified\":\"2025-10-17T10:01:43+00:00\",\"description\":\"Die AV-L\u00f6sungen von NETGEAR revolutionieren Schweizer Eishockey-Arenen und verbessern das Live- und Online-Erlebnis f\u00fcr Fans.\",\"breadcrumb\":{\"@id\":\"https:\\\/\\\/dehub.netgear.com\\\/de\\\/hub\\\/business\\\/case-studies\\\/av-case-studies\\\/netgear-av-loesungen-eishockey-arenen\\\/#breadcrumb\"},\"inLanguage\":\"de\",\"potentialAction\":[{\"@type\":\"ReadAction\",\"target\":[\"https:\\\/\\\/dehub.netgear.com\\\/de\\\/hub\\\/business\\\/case-studies\\\/av-case-studies\\\/netgear-av-loesungen-eishockey-arenen\\\/\"]}]},{\"@type\":\"ImageObject\",\"inLanguage\":\"de\",\"@id\":\"https:\\\/\\\/dehub.netgear.com\\\/de\\\/hub\\\/business\\\/case-studies\\\/av-case-studies\\\/netgear-av-loesungen-eishockey-arenen\\\/#primaryimage\",\"url\":\"https:\\\/\\\/dehub.netgear.com\\\/de\\\/hub\\\/wp-content\\\/uploads\\\/2025\\\/01\\\/Featured-image-Contcept-e1760695290290.jpg\",\"contentUrl\":\"https:\\\/\\\/dehub.netgear.com\\\/de\\\/hub\\\/wp-content\\\/uploads\\\/2025\\\/01\\\/Featured-image-Contcept-e1760695290290.jpg\",\"width\":383,\"height\":288},{\"@type\":\"BreadcrumbList\",\"@id\":\"https:\\\/\\\/dehub.netgear.com\\\/de\\\/hub\\\/business\\\/case-studies\\\/av-case-studies\\\/netgear-av-loesungen-eishockey-arenen\\\/#breadcrumb\",\"itemListElement\":[{\"@type\":\"ListItem\",\"position\":1,\"name\":\"Home\",\"item\":\"https:\\\/\\\/dehub.netgear.com\\\/de\\\/hub\\\/\"},{\"@type\":\"ListItem\",\"position\":2,\"name\":\"Business Articles Hub\",\"item\":\"https:\\\/\\\/dehub.netgear.com\\\/de\\\/hub\\\/business\\\/\"},{\"@type\":\"ListItem\",\"position\":3,\"name\":\"All Case Studies &#8211; DE\",\"item\":\"https:\\\/\\\/dehub.netgear.com\\\/de\\\/hub\\\/business\\\/case-studies\\\/\"},{\"@type\":\"ListItem\",\"position\":4,\"name\":\"AV Case Studies &#8211; DE\",\"item\":\"https:\\\/\\\/dehub.netgear.com\\\/de\\\/hub\\\/business\\\/case-studies\\\/av-case-studies\\\/\"},{\"@type\":\"ListItem\",\"position\":5,\"name\":\"NETGEAR Hardware bringt Eishockey in neue AV-Erlebnis-Liga\"}]},{\"@type\":\"WebSite\",\"@id\":\"https:\\\/\\\/dehub.netgear.com\\\/de\\\/hub\\\/#website\",\"url\":\"https:\\\/\\\/dehub.netgear.com\\\/de\\\/hub\\\/\",\"name\":\"NETGEAR\",\"description\":\"Erkunden Sie unsere Hub-Seiten und st\u00f6bern Sie in Artikeln, um mehr \u00fcber NETGEAR Produkte und Technologien zu erfahren.\",\"publisher\":{\"@id\":\"https:\\\/\\\/dehub.netgear.com\\\/de\\\/hub\\\/#organization\"},\"potentialAction\":[{\"@type\":\"SearchAction\",\"target\":{\"@type\":\"EntryPoint\",\"urlTemplate\":\"https:\\\/\\\/dehub.netgear.com\\\/de\\\/hub\\\/?s={search_term_string}\"},\"query-input\":{\"@type\":\"PropertyValueSpecification\",\"valueRequired\":true,\"valueName\":\"search_term_string\"}}],\"inLanguage\":\"de\"},{\"@type\":\"Organization\",\"@id\":\"https:\\\/\\\/dehub.netgear.com\\\/de\\\/hub\\\/#organization\",\"name\":\"NETGEAR\",\"url\":\"https:\\\/\\\/dehub.netgear.com\\\/de\\\/hub\\\/\",\"logo\":{\"@type\":\"ImageObject\",\"inLanguage\":\"de\",\"@id\":\"https:\\\/\\\/dehub.netgear.com\\\/de\\\/hub\\\/#\\\/schema\\\/logo\\\/image\\\/\",\"url\":\"https:\\\/\\\/www.dehub.netgear.com\\\/de\\\/hub\\\/wp-content\\\/uploads\\\/2019\\\/07\\\/NETGEAR_logo.jpg\",\"contentUrl\":\"https:\\\/\\\/www.dehub.netgear.com\\\/de\\\/hub\\\/wp-content\\\/uploads\\\/2019\\\/07\\\/NETGEAR_logo.jpg\",\"width\":1500,\"height\":501,\"caption\":\"NETGEAR\"},\"image\":{\"@id\":\"https:\\\/\\\/dehub.netgear.com\\\/de\\\/hub\\\/#\\\/schema\\\/logo\\\/image\\\/\"},\"sameAs\":[\"https:\\\/\\\/www.facebook.com\\\/NetgearAU\\\/\",\"https:\\\/\\\/x.com\\\/NETGEAR\",\"https:\\\/\\\/www.linkedin.com\\\/company\\\/netgear\"]}]}<\/script>\n<!-- \/ Yoast SEO plugin. -->","yoast_head_json":{"title":"NETGEAR Hardware bringt Eishockey in neue AV-Erlebnis-Liga - NETGEAR Hub %","description":"Die AV-L\u00f6sungen von NETGEAR revolutionieren Schweizer Eishockey-Arenen und verbessern das Live- und Online-Erlebnis f\u00fcr Fans.","robots":{"index":"index","follow":"follow","max-snippet":"max-snippet:-1","max-image-preview":"max-image-preview:large","max-video-preview":"max-video-preview:-1"},"canonical":"https:\/\/dehub.netgear.com\/de\/hub\/business\/case-studies\/av-case-studies\/netgear-av-loesungen-eishockey-arenen\/","og_locale":"de_DE","og_type":"article","og_title":"NETGEAR Hardware bringt Eishockey in neue AV-Erlebnis-Liga - NETGEAR Hub %","og_description":"Die AV-L\u00f6sungen von NETGEAR revolutionieren Schweizer Eishockey-Arenen und verbessern das Live- und Online-Erlebnis f\u00fcr Fans.","og_url":"https:\/\/dehub.netgear.com\/de\/hub\/business\/case-studies\/av-case-studies\/netgear-av-loesungen-eishockey-arenen\/","og_site_name":"NETGEAR Hub","article_publisher":"https:\/\/www.facebook.com\/NetgearAU\/","article_modified_time":"2025-10-17T10:01:43+00:00","og_image":[{"width":383,"height":288,"url":"https:\/\/dehub.netgear.com\/de\/hub\/wp-content\/uploads\/2025\/01\/Featured-image-Contcept-e1760695290290.jpg","type":"image\/jpeg"}],"twitter_card":"summary_large_image","twitter_site":"@NETGEAR","schema":{"@context":"https:\/\/schema.org","@graph":[{"@type":"WebPage","@id":"https:\/\/dehub.netgear.com\/de\/hub\/business\/case-studies\/av-case-studies\/netgear-av-loesungen-eishockey-arenen\/","url":"https:\/\/dehub.netgear.com\/de\/hub\/business\/case-studies\/av-case-studies\/netgear-av-loesungen-eishockey-arenen\/","name":"NETGEAR Hardware bringt Eishockey in neue AV-Erlebnis-Liga - NETGEAR Hub %","isPartOf":{"@id":"https:\/\/dehub.netgear.com\/de\/hub\/#website"},"primaryImageOfPage":{"@id":"https:\/\/dehub.netgear.com\/de\/hub\/business\/case-studies\/av-case-studies\/netgear-av-loesungen-eishockey-arenen\/#primaryimage"},"image":{"@id":"https:\/\/dehub.netgear.com\/de\/hub\/business\/case-studies\/av-case-studies\/netgear-av-loesungen-eishockey-arenen\/#primaryimage"},"thumbnailUrl":"https:\/\/dehub.netgear.com\/de\/hub\/wp-content\/uploads\/2025\/01\/Featured-image-Contcept-e1760695290290.jpg","datePublished":"2025-01-03T14:23:41+00:00","dateModified":"2025-10-17T10:01:43+00:00","description":"Die AV-L\u00f6sungen von NETGEAR revolutionieren Schweizer Eishockey-Arenen und verbessern das Live- und Online-Erlebnis f\u00fcr Fans.","breadcrumb":{"@id":"https:\/\/dehub.netgear.com\/de\/hub\/business\/case-studies\/av-case-studies\/netgear-av-loesungen-eishockey-arenen\/#breadcrumb"},"inLanguage":"de","potentialAction":[{"@type":"ReadAction","target":["https:\/\/dehub.netgear.com\/de\/hub\/business\/case-studies\/av-case-studies\/netgear-av-loesungen-eishockey-arenen\/"]}]},{"@type":"ImageObject","inLanguage":"de","@id":"https:\/\/dehub.netgear.com\/de\/hub\/business\/case-studies\/av-case-studies\/netgear-av-loesungen-eishockey-arenen\/#primaryimage","url":"https:\/\/dehub.netgear.com\/de\/hub\/wp-content\/uploads\/2025\/01\/Featured-image-Contcept-e1760695290290.jpg","contentUrl":"https:\/\/dehub.netgear.com\/de\/hub\/wp-content\/uploads\/2025\/01\/Featured-image-Contcept-e1760695290290.jpg","width":383,"height":288},{"@type":"BreadcrumbList","@id":"https:\/\/dehub.netgear.com\/de\/hub\/business\/case-studies\/av-case-studies\/netgear-av-loesungen-eishockey-arenen\/#breadcrumb","itemListElement":[{"@type":"ListItem","position":1,"name":"Home","item":"https:\/\/dehub.netgear.com\/de\/hub\/"},{"@type":"ListItem","position":2,"name":"Business Articles Hub","item":"https:\/\/dehub.netgear.com\/de\/hub\/business\/"},{"@type":"ListItem","position":3,"name":"All Case Studies &#8211; DE","item":"https:\/\/dehub.netgear.com\/de\/hub\/business\/case-studies\/"},{"@type":"ListItem","position":4,"name":"AV Case Studies &#8211; DE","item":"https:\/\/dehub.netgear.com\/de\/hub\/business\/case-studies\/av-case-studies\/"},{"@type":"ListItem","position":5,"name":"NETGEAR Hardware bringt Eishockey in neue AV-Erlebnis-Liga"}]},{"@type":"WebSite","@id":"https:\/\/dehub.netgear.com\/de\/hub\/#website","url":"https:\/\/dehub.netgear.com\/de\/hub\/","name":"NETGEAR","description":"Erkunden Sie unsere Hub-Seiten und st\u00f6bern Sie in Artikeln, um mehr \u00fcber NETGEAR Produkte und Technologien zu erfahren.","publisher":{"@id":"https:\/\/dehub.netgear.com\/de\/hub\/#organization"},"potentialAction":[{"@type":"SearchAction","target":{"@type":"EntryPoint","urlTemplate":"https:\/\/dehub.netgear.com\/de\/hub\/?s={search_term_string}"},"query-input":{"@type":"PropertyValueSpecification","valueRequired":true,"valueName":"search_term_string"}}],"inLanguage":"de"},{"@type":"Organization","@id":"https:\/\/dehub.netgear.com\/de\/hub\/#organization","name":"NETGEAR","url":"https:\/\/dehub.netgear.com\/de\/hub\/","logo":{"@type":"ImageObject","inLanguage":"de","@id":"https:\/\/dehub.netgear.com\/de\/hub\/#\/schema\/logo\/image\/","url":"https:\/\/www.dehub.netgear.com\/de\/hub\/wp-content\/uploads\/2019\/07\/NETGEAR_logo.jpg","contentUrl":"https:\/\/www.dehub.netgear.com\/de\/hub\/wp-content\/uploads\/2019\/07\/NETGEAR_logo.jpg","width":1500,"height":501,"caption":"NETGEAR"},"image":{"@id":"https:\/\/dehub.netgear.com\/de\/hub\/#\/schema\/logo\/image\/"},"sameAs":["https:\/\/www.facebook.com\/NetgearAU\/","https:\/\/x.com\/NETGEAR","https:\/\/www.linkedin.com\/company\/netgear"]}]}},"_links":{"self":[{"href":"https:\/\/dehub.netgear.com\/de\/hub\/wp-json\/wp\/v2\/pages\/10065","targetHints":{"allow":["GET"]}}],"collection":[{"href":"https:\/\/dehub.netgear.com\/de\/hub\/wp-json\/wp\/v2\/pages"}],"about":[{"href":"https:\/\/dehub.netgear.com\/de\/hub\/wp-json\/wp\/v2\/types\/page"}],"author":[{"embeddable":true,"href":"https:\/\/dehub.netgear.com\/de\/hub\/wp-json\/wp\/v2\/users\/84"}],"replies":[{"embeddable":true,"href":"https:\/\/dehub.netgear.com\/de\/hub\/wp-json\/wp\/v2\/comments?post=10065"}],"version-history":[{"count":25,"href":"https:\/\/dehub.netgear.com\/de\/hub\/wp-json\/wp\/v2\/pages\/10065\/revisions"}],"predecessor-version":[{"id":10102,"href":"https:\/\/dehub.netgear.com\/de\/hub\/wp-json\/wp\/v2\/pages\/10065\/revisions\/10102"}],"up":[{"embeddable":true,"href":"https:\/\/dehub.netgear.com\/de\/hub\/wp-json\/wp\/v2\/pages\/10321"}],"wp:featuredmedia":[{"embeddable":true,"href":"https:\/\/dehub.netgear.com\/de\/hub\/wp-json\/wp\/v2\/media\/10069"}],"wp:attachment":[{"href":"https:\/\/dehub.netgear.com\/de\/hub\/wp-json\/wp\/v2\/media?parent=10065"}],"curies":[{"name":"wp","href":"https:\/\/api.w.org\/{rel}","templated":true}]}}